000
CDUS45 KLKN 250929
CLITPH


CLIMATE REPORT
NATIONAL WEATHER SERVICE ELKO NV
229 AM PDT MON MAR 25 2019


...................................

...THE TONOPAH AIRPORT NV CLIMATE SUMMARY FOR MARCH 24 2019...

CLIMATE NORMAL PERIOD 1981 TO 2010
CLIMATE RECORD PERIOD 1954 TO 2019


WEATHER ITEM   OBSERVED TIME   RECORD YEAR NORMAL DEPARTURE LAST
                VALUE   (LST)  VALUE       VALUE  FROM      YEAR
                                                  NORMAL
..................................................................
TEMPERATURE (F)
 YESTERDAY
  MAXIMUM         54    334 PM  75    1960  59     -5       57
  MINIMUM         31    622 AM  10    2011  30      1       25
  AVERAGE         43                        44     -1       41

PRECIPITATION (IN)
  YESTERDAY        0.00          0.14 1994   0.02  -0.02     0.00
  MONTH TO DATE    1.43                      0.47   0.96     0.22
  SINCE OCT 1      3.01                      2.57   0.44     0.73
  SINCE JAN 1      2.21                      1.48   0.73     0.72

DEGREE DAYS
 HEATING
  YESTERDAY       22                        21      1       24
  MONTH TO DATE  549                       546      3      593
  SINCE MAR 1    549                       546      3      593
  SINCE JUL 1   4401                      4588   -187     4173

 COOLING
  YESTERDAY        0                         0      0        0
  MONTH TO DATE    0                         0      0        0
  SINCE MAR 1      0                         0      0        0
  SINCE JAN 1      0                         0      0        0
..................................................................


WIND (MPH)
  HIGHEST WIND SPEED    16   HIGHEST WIND DIRECTION    NW (320)
  HIGHEST GUST SPEED    20   HIGHEST GUST DIRECTION    NW (330)
  AVERAGE WIND SPEED     7.2



WEATHER CONDITIONS
 THE FOLLOWING WEATHER WAS RECORDED YESTERDAY.
  NO SIGNIFICANT WEATHER WAS OBSERVED.


RELATIVE HUMIDITY (PERCENT)
 HIGHEST    82          1100 PM
 LOWEST     18           500 PM
 AVERAGE    50

..........................................................


THE TONOPAH AIRPORT NV CLIMATE NORMALS FOR TODAY
                         NORMAL    RECORD    YEAR
 MAXIMUM TEMPERATURE (F)   59        77      1960
 MINIMUM TEMPERATURE (F)   30        16      1964


SUNRISE AND SUNSET
MARCH 25 2019.........SUNRISE   644 AM PDT   SUNSET   705 PM PDT
MARCH 26 2019.........SUNRISE   643 AM PDT   SUNSET   706 PM PDT


-  INDICATES NEGATIVE NUMBERS.
R  INDICATES RECORD WAS SET OR TIED.
MM INDICATES DATA IS MISSING.
T  INDICATES TRACE AMOUNT.




$$
