000
CDUS45 KLKN 230037
CLITPH


CLIMATE REPORT
NATIONAL WEATHER SERVICE ELKO NV
536 PM PDT WED MAY 22 2019


...................................

...THE TONOPAH AIRPORT NV CLIMATE SUMMARY FOR MAY 22 2019...
VALID TODAY AS OF 0500 PM LOCAL TIME.

CLIMATE NORMAL PERIOD 1981 TO 2010
CLIMATE RECORD PERIOD 1954 TO 2019


WEATHER ITEM   OBSERVED TIME   RECORD YEAR NORMAL DEPARTURE LAST
                VALUE   (LST)  VALUE       VALUE  FROM      YEAR
                                                  NORMAL
..................................................................
TEMPERATURE (F)
 TODAY
  MAXIMUM         52    359 PM  92    2000  76    -24       71
                                      1967
  MINIMUM         33    520 AM  31    2002  45    -12       46
                                      1960
  AVERAGE         43                        61    -18       59

PRECIPITATION (IN)
  TODAY            T             0.45 1957   0.02  -0.02     0.03
  MONTH TO DATE    0.74                      0.36   0.38     0.42
  SINCE OCT 1      3.88                      3.45   0.43     1.15
  SINCE JAN 1      3.08                      2.36   0.72     1.14

DEGREE DAYS
 HEATING
  TODAY           22                         6     16        6
  MONTH TO DATE  236                       179     57      143
  SINCE MAR 1   1262                      1330    -68     1203
  SINCE JUL 1   5114                      5372   -258     4783

 COOLING
  TODAY            0                         1     -1        0
  MONTH TO DATE    0                         9     -9       20
  SINCE MAR 1      1                        10     -9       22
  SINCE JAN 1      1                        10     -9       22
..................................................................


WIND (MPH)
  HIGHEST WIND SPEED    28   HIGHEST WIND DIRECTION     N (360)
  HIGHEST GUST SPEED    33   HIGHEST GUST DIRECTION     N (360)



WEATHER CONDITIONS
 THE FOLLOWING WEATHER WAS RECORDED TODAY.
  LIGHT RAIN


RELATIVE HUMIDITY (PERCENT)
 HIGHEST    75           400 AM
 LOWEST     38          1000 AM
 AVERAGE    57

..........................................................


THE TONOPAH AIRPORT NV CLIMATE NORMALS FOR TOMORROW
                         NORMAL    RECORD    YEAR
 MAXIMUM TEMPERATURE (F)   77        93      1984
 MINIMUM TEMPERATURE (F)   45        31      2010


SUNRISE AND SUNSET
MAY 22 2019...........SUNRISE   533 AM PDT   SUNSET   758 PM PDT
MAY 23 2019...........SUNRISE   532 AM PDT   SUNSET   759 PM PDT


-  INDICATES NEGATIVE NUMBERS.
R  INDICATES RECORD WAS SET OR TIED.
MM INDICATES DATA IS MISSING.
T  INDICATES TRACE AMOUNT.




$$
