396
CDUS44 KMRX 200819
CLITRI


CLIMATE REPORT
NATIONAL WEATHER SERVICE MORRISTOWN TN
419 AM EDT WED MAR 20 2019


...................................

...THE TRI-CITIES      ASOS CLIMATE SUMMARY FOR MARCH 19 2019...

CLIMATE NORMAL PERIOD 1981 TO 2010
CLIMATE RECORD PERIOD 1937 TO 2019


WEATHER ITEM   OBSERVED TIME   RECORD YEAR NORMAL DEPARTURE LAST
                VALUE   (LST)  VALUE       VALUE  FROM      YEAR
                                                  NORMAL
..................................................................
TEMPERATURE (F)
 YESTERDAY
  MAXIMUM         54    527 PM  81    1945  60     -6       69
  MINIMUM         23    657 AM  20    1985  35    -12       40
                                      1967
                                      1939
  AVERAGE         39                        48     -9       55

PRECIPITATION (IN)
  YESTERDAY        0.00          1.19 1944   0.11  -0.11     0.54
  MONTH TO DATE    2.81                      2.08   0.73     2.27
  SINCE MAR 1      2.81                      2.08   0.73     2.27
  SINCE JAN 1     16.97                      8.90   8.07    11.39

SNOWFALL (IN)
  YESTERDAY        0.0                       0.1   -0.1      0.0
  MONTH TO DATE    0.0                       1.0   -1.0      1.5
  SINCE MAR 1      0.0                       1.0   -1.0      1.5
  SINCE JUL 1     13.7                      11.8    1.9      6.2
  SNOW DEPTH       0

DEGREE DAYS
 HEATING
  YESTERDAY       26                        18      8       10
  MONTH TO DATE  401                       379     22      403
  SINCE MAR 1    401                       379     22      403
  SINCE JUL 1   3340                      3761   -421     3457

 COOLING
  YESTERDAY        0                         0      0        0
  MONTH TO DATE    0                         0      0        0
  SINCE MAR 1      0                         0      0        0
  SINCE JAN 1      2                         0      2        9
..................................................................


WIND (MPH)
  HIGHEST WIND SPEED    10   HIGHEST WIND DIRECTION     E (70)
  HIGHEST GUST SPEED    16   HIGHEST GUST DIRECTION    NE (60)
  AVERAGE WIND SPEED     1.2


SKY COVER
  POSSIBLE SUNSHINE  MM
  AVERAGE SKY COVER 0.2


WEATHER CONDITIONS
 THE FOLLOWING WEATHER WAS RECORDED YESTERDAY.
  NO SIGNIFICANT WEATHER WAS OBSERVED.


RELATIVE HUMIDITY (PERCENT)
 HIGHEST    81           500 AM
 LOWEST     19           500 PM
 AVERAGE    50

..........................................................


THE TRI-CITIES      ASOS CLIMATE NORMALS FOR TODAY
                         NORMAL    RECORD    YEAR
 MAXIMUM TEMPERATURE (F)   60        85      2012
 MINIMUM TEMPERATURE (F)   35        19      1965


SUNRISE AND SUNSET
MARCH 20 2019.........SUNRISE   734 AM EDT   SUNSET   741 PM EDT
MARCH 21 2019.........SUNRISE   732 AM EDT   SUNSET   742 PM EDT


-  INDICATES NEGATIVE NUMBERS.
R  INDICATES RECORD WAS SET OR TIED.
MM INDICATES DATA IS MISSING.
T  INDICATES TRACE AMOUNT.




$$
