000
CDUS44 KMRX 230821
CLITRI


CLIMATE REPORT
NATIONAL WEATHER SERVICE MORRISTOWN TN
421 AM EDT THU MAY 23 2019


...................................

...THE TRI-CITIES      ASOS CLIMATE SUMMARY FOR MAY 22 2019...

CLIMATE NORMAL PERIOD 1981 TO 2010
CLIMATE RECORD PERIOD 1937 TO 2019


WEATHER ITEM   OBSERVED TIME   RECORD YEAR NORMAL DEPARTURE LAST
                VALUE   (LST)  VALUE       VALUE  FROM      YEAR
                                                  NORMAL
..................................................................
TEMPERATURE (F)
 YESTERDAY
  MAXIMUM         89    408 PM  94    1941  77     12       83
  MINIMUM         58    259 AM  31    2002  53      5       61
  AVERAGE         74                        65      9       72

PRECIPITATION (IN)
  YESTERDAY        0.00          1.14 1972   0.13  -0.13      T
  MONTH TO DATE    2.64                      2.67  -0.03     4.52
  SINCE MAR 1     11.49                      9.44   2.05    11.90
  SINCE JAN 1     25.65                     16.26   9.39    21.02

SNOWFALL (IN)
  YESTERDAY        0.0                       0.0    0.0      0.0
  MONTH TO DATE    0.0                       0.0    0.0      0.0
  SINCE MAR 1      0.0                       2.5   -2.5      2.4
  SINCE JUL 1     13.7                      13.3    0.4      7.1
  SNOW DEPTH       0

DEGREE DAYS
 HEATING
  YESTERDAY        0                         3     -3        0
  MONTH TO DATE   29                        93    -64       17
  SINCE MAR 1    820                       965   -145      994
  SINCE JUL 1   3759                      4347   -588     4048

 COOLING
  YESTERDAY        9                         3      6        7
  MONTH TO DATE   80                        34     46       92
  SINCE MAR 1     95                        45     50       95
  SINCE JAN 1     97                        45     52      104
..................................................................


WIND (MPH)
  HIGHEST WIND SPEED    14   HIGHEST WIND DIRECTION    SW (220)
  HIGHEST GUST SPEED    17   HIGHEST GUST DIRECTION    SW (230)
  AVERAGE WIND SPEED     3.8


SKY COVER
  POSSIBLE SUNSHINE  MM
  AVERAGE SKY COVER 0.4


WEATHER CONDITIONS
 THE FOLLOWING WEATHER WAS RECORDED YESTERDAY.
  NO SIGNIFICANT WEATHER WAS OBSERVED.


RELATIVE HUMIDITY (PERCENT)
 HIGHEST    93           300 AM
 LOWEST     40           300 PM
 AVERAGE    67

..........................................................


THE TRI-CITIES      ASOS CLIMATE NORMALS FOR TODAY
                         NORMAL    RECORD    YEAR
 MAXIMUM TEMPERATURE (F)   78        91      1953
 MINIMUM TEMPERATURE (F)   53        37      2002


SUNRISE AND SUNSET
MAY 23 2019...........SUNRISE   617 AM EDT   SUNSET   836 PM EDT
MAY 24 2019...........SUNRISE   617 AM EDT   SUNSET   837 PM EDT


-  INDICATES NEGATIVE NUMBERS.
R  INDICATES RECORD WAS SET OR TIED.
MM INDICATES DATA IS MISSING.
T  INDICATES TRACE AMOUNT.




$$
