261
CDUS46 KSGX 270021
CLITRM


CLIMATE REPORT
NATIONAL WEATHER SERVICE SAN DIEGO, CA
521 PM PDT SUN MAY 26 2019


...................................

...THE THERMAL AIRPORT CA CLIMATE SUMMARY FOR MAY 26 2019...
VALID TODAY AS OF 0500 PM LOCAL TIME.

CLIMATE NORMAL PERIOD 1981 TO 2010
CLIMATE RECORD PERIOD 1950 TO 2019


WEATHER ITEM   OBSERVED TIME   RECORD YEAR NORMAL DEPARTURE LAST
                VALUE   (LST)  VALUE       VALUE  FROM      YEAR
                                                  NORMAL
..................................................................
TEMPERATURE (F)
 TODAY
  MAXIMUM         84   1149 AM 115    1951  98    -14       89
  MINIMUM         67    435 AM  51    1987  64      3       68
  AVERAGE         76                        81     -5       79

PRECIPITATION (IN)
  TODAY            0.00          0.00 2002   0.00   0.00     0.00
                                      2000
  MONTH TO DATE    0.01                      0.02  -0.01      T
  SINCE OCT 1      3.28                      2.60   0.68     0.41
  SINCE JAN 1      2.04                      1.79   0.25     0.41

DEGREE DAYS
 HEATING
  TODAY            0                         0      0        0
  MONTH TO DATE    0                         0      0        0
  SINCE MAR 1     29                       115    -86       48
  SINCE JUL 1    931                      1180   -249      611

 COOLING
  TODAY           11                        16     -5       14
  MONTH TO DATE  331                       335     -4      426
  SINCE MAR 1    836                       579    257      929
  SINCE JAN 1    842                       591    251      960
..................................................................


WIND (MPH)
  RESULTANT WIND SPEED  17   RESULTANT WIND DIRECTION   N (340)
  HIGHEST WIND SPEED    25   HIGHEST WIND DIRECTION     N (340)
  HIGHEST GUST SPEED    34   HIGHEST GUST DIRECTION     N (360)
  AVERAGE WIND SPEED    17.4


SKY COVER
  POSSIBLE SUNSHINE  MM
  AVERAGE SKY COVER 0.0


WEATHER CONDITIONS
 THE FOLLOWING WEATHER WAS RECORDED TODAY.
  NO SIGNIFICANT WEATHER WAS OBSERVED.


RELATIVE HUMIDITY (PERCENT)
 HIGHEST    44           100 AM
 LOWEST     23           100 PM
 AVERAGE    34

..........................................................


THE THERMAL AIRPORT CA CLIMATE NORMALS FOR TOMORROW
                         NORMAL    RECORD    YEAR
 MAXIMUM TEMPERATURE (F)   98       113      1951
 MINIMUM TEMPERATURE (F)   64        57      1998


SUNRISE AND SUNSET
MAY 26 2019...........SUNRISE   538 AM PDT   SUNSET   746 PM PDT
MAY 27 2019...........SUNRISE   537 AM PDT   SUNSET   747 PM PDT


-  INDICATES NEGATIVE NUMBERS.
R  INDICATES RECORD WAS SET OR TIED.
MM INDICATES DATA IS MISSING.
T  INDICATES TRACE AMOUNT.




$$
