564
CDUS46 KSGX 231126
CLITRM


CLIMATE REPORT
NATIONAL WEATHER SERVICE SAN DIEGO, CA
425 AM PDT MON APR 23 2018


...................................

...THE THERMAL AIRPORT CA CLIMATE SUMMARY FOR APRIL 22 2018...

CLIMATE NORMAL PERIOD 1981 TO 2010
CLIMATE RECORD PERIOD 1950 TO 2018


WEATHER ITEM   OBSERVED TIME   RECORD YEAR NORMAL DEPARTURE LAST
                VALUE   (LST)  VALUE       VALUE  FROM      YEAR
                                                  NORMAL
..................................................................
TEMPERATURE (F)
 YESTERDAY
  MAXIMUM        103    133 PM 104    2012  89     14      100
  MINIMUM         58    550 AM  44    1970  55      3       54
  AVERAGE         81                        72      9       77

PRECIPITATION (IN)
  YESTERDAY        0.00          T    2005   0.00   0.00     0.00
                                      2005
                                      2010
  MONTH TO DATE    0.00                      0.05  -0.05     0.00
  SINCE OCT 1      0.41                      2.57  -2.16     3.69
  SINCE JAN 1      0.41                      1.76  -1.35     2.01

DEGREE DAYS
 HEATING
  YESTERDAY        0                         0      0        0
  MONTH TO DATE    0                        19    -19        0
  SINCE MAR 1     48                       111    -63       34
  SINCE JUL 1    611                      1176   -565      899

 COOLING
  YESTERDAY       16                         7      9       12
  MONTH TO DATE  244                       115    129      196
  SINCE MAR 1    360                       177    183      386
  SINCE JAN 1    391                       189    202      418
..................................................................


WIND (MPH)
  RESULTANT WIND SPEED   1   RESULTANT WIND DIRECTION  NE (50)
  HIGHEST WIND SPEED    18   HIGHEST WIND DIRECTION     N (350)
  HIGHEST GUST SPEED    23   HIGHEST GUST DIRECTION     N (360)
  AVERAGE WIND SPEED     6.5


SKY COVER
  POSSIBLE SUNSHINE  MM
  AVERAGE SKY COVER 0.0


WEATHER CONDITIONS
 THE FOLLOWING WEATHER WAS RECORDED YESTERDAY.
  NO SIGNIFICANT WEATHER WAS OBSERVED.


RELATIVE HUMIDITY (PERCENT)
 HIGHEST    46           200 AM
 LOWEST      6          1200 PM
 AVERAGE    26

..........................................................


THE THERMAL AIRPORT CA CLIMATE NORMALS FOR TODAY
                         NORMAL    RECORD    YEAR
 MAXIMUM TEMPERATURE (F)   89       100      2017
                                             1987
 MINIMUM TEMPERATURE (F)   55        43      2010


SUNRISE AND SUNSET
APRIL 23 2018.........SUNRISE   605 AM PDT   SUNSET   722 PM PDT
APRIL 24 2018.........SUNRISE   603 AM PDT   SUNSET   723 PM PDT


-  INDICATES NEGATIVE NUMBERS.
R  INDICATES RECORD WAS SET OR TIED.
MM INDICATES DATA IS MISSING.
T  INDICATES TRACE AMOUNT.




$$
