813
CDUS46 KSGX 221236
CLITRM


CLIMATE REPORT
NATIONAL WEATHER SERVICE SAN DIEGO, CA
536 AM PDT FRI MAR 22 2019


...................................

...THE THERMAL AIRPORT CA CLIMATE SUMMARY FOR MARCH 21 2019...

CLIMATE NORMAL PERIOD 1981 TO 2010
CLIMATE RECORD PERIOD 1950 TO 2019


WEATHER ITEM   OBSERVED TIME   RECORD YEAR NORMAL DEPARTURE LAST
                VALUE   (LST)  VALUE       VALUE  FROM      YEAR
                                                  NORMAL
..................................................................
TEMPERATURE (F)
 YESTERDAY
  MAXIMUM         75   1148 AM 103    2004  82     -7       91
  MINIMUM         54    558 AM  34    1955  48      6       50
  AVERAGE         65                        65      0       71

PRECIPITATION (IN)
  YESTERDAY        T             0.04 1954   0.01  -0.01     0.00
  MONTH TO DATE    0.17                      0.32  -0.15      T
  SINCE OCT 1      3.27                      2.46   0.81     0.41
  SINCE JAN 1      2.03                      1.65   0.38     0.41

DEGREE DAYS
 HEATING
  YESTERDAY        0                         2     -2        0
  MONTH TO DATE   28                        75    -47       48
  SINCE MAR 1     28                        75    -47       48
  SINCE JUL 1    930                      1140   -210      611

 COOLING
  YESTERDAY        0                         2     -2        6
  MONTH TO DATE   64                        33     31       49
  SINCE MAR 1     64                        33     31       49
  SINCE JAN 1     70                        45     25       80
..................................................................


WIND (MPH)
  RESULTANT WIND SPEED   5   RESULTANT WIND DIRECTION   N (340)
  HIGHEST WIND SPEED    23   HIGHEST WIND DIRECTION     W (290)
  HIGHEST GUST SPEED    30   HIGHEST GUST DIRECTION     W (280)
  AVERAGE WIND SPEED     8.3


SKY COVER
  POSSIBLE SUNSHINE  MM
  AVERAGE SKY COVER 0.1


WEATHER CONDITIONS
 THE FOLLOWING WEATHER WAS RECORDED YESTERDAY.
  LIGHT RAIN


RELATIVE HUMIDITY (PERCENT)
 HIGHEST    59           600 AM
 LOWEST     25           900 AM
 AVERAGE    42

..........................................................


THE THERMAL AIRPORT CA CLIMATE NORMALS FOR TODAY
                         NORMAL    RECORD    YEAR
 MAXIMUM TEMPERATURE (F)   82        97      2004
 MINIMUM TEMPERATURE (F)   48        36      1975


SUNRISE AND SUNSET
MARCH 22 2019.........SUNRISE   646 AM PDT   SUNSET   658 PM PDT
MARCH 23 2019.........SUNRISE   645 AM PDT   SUNSET   658 PM PDT


-  INDICATES NEGATIVE NUMBERS.
R  INDICATES RECORD WAS SET OR TIED.
MM INDICATES DATA IS MISSING.
T  INDICATES TRACE AMOUNT.




$$
