000
CDUS46 KPQR 271149
CLITTD


CLIMATE REPORT
NATIONAL WEATHER SERVICE PORTLAND OREGON
448 AM PDT MON MAY 27 2019


...................................

...THE TROUTDALE OR CLIMATE SUMMARY FOR MAY 26 2019...

CLIMATE NORMAL PERIOD 1981 TO 2010
CLIMATE RECORD PERIOD 1948 TO 2019


WEATHER ITEM   OBSERVED TIME   RECORD YEAR NORMAL DEPARTURE LAST
                VALUE   (LST)  VALUE       VALUE  FROM      YEAR
                                                  NORMAL
..................................................................
TEMPERATURE (F)
 YESTERDAY
  MAXIMUM         75    524 PM  88    2005  71      4       67
  MINIMUM         50    507 AM  36    1998  48      2       51
  AVERAGE         63                        60      3       59

PRECIPITATION (IN)
  YESTERDAY        0.00                      0.09  -0.09      T
  MONTH TO DATE    1.87                      2.45  -0.58     0.25
  SINCE OCT 1     26.56                     40.61 -14.05    28.52
  SINCE JAN 1     14.51                     22.21  -7.70    14.18

DEGREE DAYS
 HEATING
  YESTERDAY        2                         6     -4        6
  MONTH TO DATE  135                       223    -88       70

 COOLING
  YESTERDAY        0                         1     -1        0
  MONTH TO DATE   10                         9      1       27
..................................................................


WIND (MPH)
  HIGHEST WIND SPEED     9   HIGHEST WIND DIRECTION     W (260)
  HIGHEST GUST SPEED    12   HIGHEST GUST DIRECTION    NW (330)
  AVERAGE WIND SPEED     1.9


SKY COVER
  POSSIBLE SUNSHINE  MM
  AVERAGE SKY COVER 0.6


WEATHER CONDITIONS
 THE FOLLOWING WEATHER WAS RECORDED YESTERDAY.
  NO SIGNIFICANT WEATHER WAS OBSERVED.


RELATIVE HUMIDITY (PERCENT)
 HIGHEST    93           300 AM
 LOWEST     49           300 PM
 AVERAGE    71

..........................................................


THE TROUTDALE OR CLIMATE NORMALS FOR TODAY
                         NORMAL    RECORD    YEAR
 MAXIMUM TEMPERATURE (F)   71        98      1983
 MINIMUM TEMPERATURE (F)   49        37      1998


SUNRISE AND SUNSET
MAY 27 2019...........SUNRISE   528 AM PDT   SUNSET   847 PM PDT
MAY 28 2019...........SUNRISE   527 AM PDT   SUNSET   848 PM PDT


-  INDICATES NEGATIVE NUMBERS.
R  INDICATES RECORD WAS SET OR TIED.
MM INDICATES DATA IS MISSING.
T  INDICATES TRACE AMOUNT.




$$
