000
CDUS46 KPQR 230222
CLITTD


CLIMATE REPORT
NATIONAL WEATHER SERVICE PORTLAND OREGON
721 PM PDT FRI MAR 22 2019


...................................

...THE TROUTDALE OR CLIMATE SUMMARY FOR MARCH 22 2019...
VALID TODAY AS OF 0700 PM LOCAL TIME.

CLIMATE NORMAL PERIOD 1981 TO 2010
CLIMATE RECORD PERIOD 1948 TO 2019


WEATHER ITEM   OBSERVED TIME   RECORD YEAR NORMAL DEPARTURE LAST
                VALUE   (LST)  VALUE       VALUE  FROM      YEAR
                                                  NORMAL
..................................................................
TEMPERATURE (F)
 TODAY
  MAXIMUM         55   1056 AM  73    1998  58     -3       50
  MINIMUM         36    640 AM  30    1982  39     -3       39
  AVERAGE         46                        48     -2       45

PRECIPITATION (IN)
  TODAY            0.05                      0.15  -0.10     0.47
  MONTH TO DATE    1.02                      3.34  -2.32     1.94
  SINCE OCT 1     20.02                     33.01 -12.99    23.39
  SINCE JAN 1      7.97                     14.61  -6.64     9.05

DEGREE DAYS
 HEATING
  TODAY           19                        16      3       20
  MONTH TO DATE  463                       403     60      387

 COOLING
  TODAY            0                         0      0        0
  MONTH TO DATE    0                         0      0        0
..................................................................


WIND (MPH)
  HIGHEST WIND SPEED    20   HIGHEST WIND DIRECTION     W (250)
  HIGHEST GUST SPEED    23   HIGHEST GUST DIRECTION     W (250)
  AVERAGE WIND SPEED     3.9


SKY COVER
  POSSIBLE SUNSHINE  MM
  AVERAGE SKY COVER 0.5


WEATHER CONDITIONS
 THE FOLLOWING WEATHER WAS RECORDED TODAY.
  LIGHT RAIN


RELATIVE HUMIDITY (PERCENT)
 HIGHEST   100           600 AM
 LOWEST     61          1100 AM
 AVERAGE    81

..........................................................


THE TROUTDALE OR CLIMATE NORMALS FOR TOMORROW
                         NORMAL    RECORD    YEAR
 MAXIMUM TEMPERATURE (F)   58        74      1979
 MINIMUM TEMPERATURE (F)   39        30      2012
                                             1951


SUNRISE AND SUNSET
MARCH 22 2019.........SUNRISE   709 AM PDT   SUNSET   725 PM PDT
MARCH 23 2019.........SUNRISE   707 AM PDT   SUNSET   726 PM PDT


-  INDICATES NEGATIVE NUMBERS.
R  INDICATES RECORD WAS SET OR TIED.
MM INDICATES DATA IS MISSING.
T  INDICATES TRACE AMOUNT.




$$
