000
CDUS41 KPHI 192145
CLITTN


CLIMATE REPORT
NATIONAL WEATHER SERVICE MOUNT HOLLY NJ
543 PM EDT THU APR 19 2018


...................................

...THE TRENTON NJ CLIMATE SUMMARY FOR APRIL 19 2018...
VALID TODAY AS OF 0500 PM LOCAL TIME.

CLIMATE NORMAL PERIOD 1981 TO 2010
CLIMATE RECORD PERIOD 1865 TO 2018


WEATHER ITEM   OBSERVED TIME   RECORD YEAR NORMAL DEPARTURE LAST
                VALUE   (LST)  VALUE       VALUE  FROM      YEAR
                                                  NORMAL
..................................................................
TEMPERATURE (F)
 TODAY
  MAXIMUM         49    117 AM  90    1976  63    -14       60
  MINIMUM         43    145 PM  25    1875  42      1       42
  AVERAGE         46                        52     -6       51

PRECIPITATION (IN)
  TODAY            0.05          0.99 1943   0.11  -0.06     0.00
  MONTH TO DATE    2.76                      2.42   0.34     1.79
  SINCE MAR 1      6.17                      6.56  -0.39     6.40
  SINCE JAN 1     14.49                     12.03   2.46    11.14

DEGREE DAYS
 HEATING
  TODAY           19                        13      6       14
  MONTH TO DATE  352                       298     54      186
  SINCE MAR 1   1146                      1030    116      974
  SINCE JUL 1   4633                      4844   -211     4193

 COOLING
  TODAY            0                         0      0        0
  MONTH TO DATE    6                         0      6       10
  SINCE MAR 1      6                         0      6       10
  SINCE JAN 1      9                         0      9       10
..................................................................


WIND (MPH)
  HIGHEST WIND SPEED    17   HIGHEST WIND DIRECTION    NW (300)
  HIGHEST GUST SPEED    24   HIGHEST GUST DIRECTION    NW (300)
  AVERAGE WIND SPEED     8.5


SKY COVER
  POSSIBLE SUNSHINE  MM
  AVERAGE SKY COVER 0.9


WEATHER CONDITIONS
 THE FOLLOWING WEATHER WAS RECORDED TODAY.
  LIGHT RAIN
  FOG


RELATIVE HUMIDITY (PERCENT)
 HIGHEST    83           800 AM
 LOWEST     61          1200 AM
 AVERAGE    72

..........................................................


THE TRENTON NJ CLIMATE NORMALS FOR TOMORROW
                         NORMAL    RECORD    YEAR
 MAXIMUM TEMPERATURE (F)   63        91      1941
 MINIMUM TEMPERATURE (F)   42        27      1926


SUNRISE AND SUNSET
APRIL 19 2018.........SUNRISE   615 AM EDT   SUNSET   742 PM EDT
APRIL 20 2018.........SUNRISE   614 AM EDT   SUNSET   743 PM EDT


-  INDICATES NEGATIVE NUMBERS.
R  INDICATES RECORD WAS SET OR TIED.
MM INDICATES DATA IS MISSING.
T  INDICATES TRACE AMOUNT.




$$
