000
CDUS41 KPHI 262133
CLITTN


CLIMATE REPORT
NATIONAL WEATHER SERVICE MOUNT HOLLY NJ
532 PM EDT SUN MAY 26 2019


...................................

...THE TRENTON NJ CLIMATE SUMMARY FOR MAY 26 2019...
VALID TODAY AS OF 0500 PM LOCAL TIME.

CLIMATE NORMAL PERIOD 1981 TO 2010
CLIMATE RECORD PERIOD 1865 TO 2019


WEATHER ITEM   OBSERVED TIME   RECORD YEAR NORMAL DEPARTURE LAST
                VALUE   (LST)  VALUE       VALUE  FROM      YEAR
                                                  NORMAL
..................................................................
TEMPERATURE (F)
 TODAY
  MAXIMUM         86    144 PM  94    1880  75     11       91
  MINIMUM         59    201 AM  43    1961  54      5       68
  AVERAGE         73                        64      9       80

PRECIPITATION (IN)
  TODAY            0.21          1.89 2001   0.18   0.03     0.00
  MONTH TO DATE    4.82                      3.46   1.36     4.37
  SINCE MAR 1     12.13                     11.14   0.99    12.71
  SINCE JAN 1     18.11                     16.61   1.50    21.26

DEGREE DAYS
 HEATING
  TODAY            0                         3     -3        0
  MONTH TO DATE  120                       154    -34       55
  SINCE MAR 1   1160                      1308   -148     1333
  SINCE JUL 1   4733                      5122   -389     4820

 COOLING
  TODAY            8                         2      6       15
  MONTH TO DATE   36                        35      1       85
  SINCE MAR 1     46                        43      3       91
  SINCE JAN 1     46                        43      3       94
..................................................................


WIND (MPH)
  HIGHEST WIND SPEED    23   HIGHEST WIND DIRECTION     W (290)
  HIGHEST GUST SPEED    32   HIGHEST GUST DIRECTION     W (280)
  AVERAGE WIND SPEED     6.0


SKY COVER
  POSSIBLE SUNSHINE  MM
  AVERAGE SKY COVER 0.4


WEATHER CONDITIONS
 THE FOLLOWING WEATHER WAS RECORDED TODAY.
  THUNDERSTORM
  HEAVY RAIN
  LIGHT RAIN
  FOG


RELATIVE HUMIDITY (PERCENT)
 HIGHEST    93           600 AM
 LOWEST     44           200 PM
 AVERAGE    69

..........................................................


THE TRENTON NJ CLIMATE NORMALS FOR TOMORROW
                         NORMAL    RECORD    YEAR
 MAXIMUM TEMPERATURE (F)   75        94      1914
                                             1880
 MINIMUM TEMPERATURE (F)   54        41      1961


SUNRISE AND SUNSET
MAY 26 2019...........SUNRISE   535 AM EDT   SUNSET   818 PM EDT
MAY 27 2019...........SUNRISE   534 AM EDT   SUNSET   819 PM EDT


-  INDICATES NEGATIVE NUMBERS.
R  INDICATES RECORD WAS SET OR TIED.
MM INDICATES DATA IS MISSING.
T  INDICATES TRACE AMOUNT.




$$
