000
CDUS44 KTSA 222140
CLITUL

CLIMATE REPORT
NATIONAL WEATHER SERVICE TULSA OK
417 PM CDT SUN APR 22 2018


...................................

...THE TULSA OKLAHOMA CLIMATE SUMMARY FOR APRIL 22 2018...
VALID TODAY AS OF 0400 PM LOCAL TIME.

CLIMATE NORMAL PERIOD 1981 TO 2010
CLIMATE RECORD PERIOD 1882 TO 2018


WEATHER ITEM   OBSERVED TIME   RECORD YEAR NORMAL DEPARTURE LAST
                VALUE   (LST)  VALUE       VALUE  FROM      YEAR
                                                  NORMAL
..................................................................
TEMPERATURE (F)
 TODAY
  MAXIMUM         54   1116 AM  91    2009  74    -20       55
                                      1965
                                      1955
  MINIMUM         48    634 AM  32    1931  51     -3       47
  AVERAGE         51                        63    -12       51

PRECIPITATION (IN)
  TODAY            0.07          2.40 1899   0.14  -0.07      T
  MONTH TO DATE    1.36                      2.55  -1.19     6.15
  SINCE MAR 1      4.67                      5.84  -1.17     7.92
  SINCE JAN 1      9.75                      9.35   0.40    12.52

SNOWFALL (IN)
  TODAY           MM                                         0.0
  MONTH TO DATE    0.1                                        T
  SINCE MAR 1      0.1                                        T
  SINCE JUL 1      2.1                                       0.7

DEGREE DAYS
 HEATING
  TODAY           14                         5      9       14
  MONTH TO DATE  317                       158    159       68
  SINCE MAR 1    686                       596     90      362
  SINCE JUL 1   3394                      3507   -113     2583

 COOLING
  TODAY            0                         2     -2        0
  MONTH TO DATE   15                        33    -18       56
  SINCE MAR 1     18                        44    -26       96
  SINCE JAN 1     23                        45    -22      112
..................................................................


WIND (MPH)
  HIGHEST WIND SPEED    21   HIGHEST WIND DIRECTION     N (340)
  HIGHEST GUST SPEED    24   HIGHEST GUST DIRECTION     N (340)
  AVERAGE WIND SPEED    11.7


SKY COVER
  POSSIBLE SUNSHINE  MM
  AVERAGE SKY COVER 1.0


WEATHER CONDITIONS
 THE FOLLOWING WEATHER WAS RECORDED TODAY.
  LIGHT RAIN
  FOG


RELATIVE HUMIDITY (PERCENT)
 HIGHEST    93          1200 AM
 LOWEST     80           800 AM
 AVERAGE    87

..........................................................


THE TULSA OKLAHOMA CLIMATE NORMALS FOR TOMORROW
                         NORMAL    RECORD    YEAR
 MAXIMUM TEMPERATURE (F)   74        93      1958
 MINIMUM TEMPERATURE (F)   52        36      1909


SUNRISE AND SUNSET
APRIL 22 2018.........SUNRISE   641 AM CDT   SUNSET   803 PM CDT
APRIL 23 2018.........SUNRISE   640 AM CDT   SUNSET   804 PM CDT


-  INDICATES NEGATIVE NUMBERS.
R  INDICATES RECORD WAS SET OR TIED.
MM INDICATES DATA IS MISSING.
T  INDICATES TRACE AMOUNT.




$$

&&
...........................................................

TULSA RECORD LOW MAX AND HIGH MIN TEMPERATURES FOR TOMORROW
                      RECORD        YEAR
  LOW MAXIMUM           56          1995
  HIGH MINIMUM          70          1925
...........................................................
ALL DATA MEASURED AT THE TULSA INTERNATIONAL AIRPORT...
EXCEPT SNOWFALL...WHICH IS MEASURED AT THE NWS OFFICE.
