000
CDUS44 KTSA 231412
CLITUL

CLIMATE REPORT
NATIONAL WEATHER SERVICE TULSA OK
911 AM CDT SAT MAR 23 2019


...................................

...THE TULSA OKLAHOMA CLIMATE SUMMARY FOR MARCH 23 2019...
VALID AS OF 0900 AM LOCAL TIME.

CLIMATE NORMAL PERIOD 1981 TO 2010
CLIMATE RECORD PERIOD 1882 TO 2019


WEATHER ITEM   OBSERVED TIME   RECORD YEAR NORMAL DEPARTURE LAST
                VALUE   (LST)  VALUE       VALUE  FROM      YEAR
                                                  NORMAL
..................................................................
TEMPERATURE (F)
 TODAY
  MAXIMUM         56    423 AM  91    1907  65     -9       73
  MINIMUM         50    608 AM  21    1968  42      8       61
  AVERAGE         53                        53      0       67

PRECIPITATION (IN)
  TODAY            0.03          2.50 1969   0.10  -0.07     0.00
  MONTH TO DATE    2.33                      2.38  -0.05     0.09
  SINCE MAR 1      2.33                      2.38  -0.05     0.09
  SINCE JAN 1      7.40                      5.89   1.51     5.17

SNOWFALL (IN)
  TODAY            0.0                                       0.0
  MONTH TO DATE    1.0                                       0.0
  SINCE MAR 1      1.0                                       0.0
  SINCE JUL 1      2.9                                       2.0

DEGREE DAYS
 HEATING
  TODAY           12                        12      0        0
  MONTH TO DATE  447                       350     97      292
  SINCE MAR 1    447                       350     97      292
  SINCE JUL 1   3497                      3261    236     3000

 COOLING
  TODAY            0                         1     -1        2
  MONTH TO DATE    0                         2     -2        3
  SINCE MAR 1      0                         2     -2        3
  SINCE JAN 1      0                         3     -3        8
..................................................................


WIND (MPH)
  HIGHEST WIND SPEED    15   HIGHEST WIND DIRECTION    NW (300)
  HIGHEST GUST SPEED    19   HIGHEST GUST DIRECTION    NW (300)
  AVERAGE WIND SPEED     6.9


SKY COVER
  POSSIBLE SUNSHINE  MM
  AVERAGE SKY COVER 0.9


WEATHER CONDITIONS
 THE FOLLOWING WEATHER WAS RECORDED TODAY.
  LIGHT RAIN


RELATIVE HUMIDITY (PERCENT)
 HIGHEST    77           700 AM
 LOWEST     43           400 AM
 AVERAGE    60

..........................................................


THE TULSA OKLAHOMA CLIMATE NORMALS FOR TOMORROW
                         NORMAL    RECORD    YEAR
 MAXIMUM TEMPERATURE (F)   65        91      1929
 MINIMUM TEMPERATURE (F)   42        19      1966


SUNRISE AND SUNSET
MARCH 23 2019.........SUNRISE   723 AM CDT   SUNSET   738 PM CDT
MARCH 24 2019.........SUNRISE   722 AM CDT   SUNSET   739 PM CDT


-  INDICATES NEGATIVE NUMBERS.
R  INDICATES RECORD WAS SET OR TIED.
MM INDICATES DATA IS MISSING.
T  INDICATES TRACE AMOUNT.




$$

&&
ALL DATA MEASURED AT THE TULSA INTERNATIONAL AIRPORT...
EXCEPT SNOWFALL...WHICH IS MEASURED AT THE NWS OFFICE.
