463
CDUS44 KTSA 260646
CLITUL

CLIMATE REPORT
NATIONAL WEATHER SERVICE TULSA OK
146 AM CDT SUN MAY 26 2019


...................................

...THE TULSA OKLAHOMA CLIMATE SUMMARY FOR MAY 25 2019...

CLIMATE NORMAL PERIOD 1981 TO 2010
CLIMATE RECORD PERIOD 1882 TO 2019


WEATHER ITEM   OBSERVED TIME   RECORD YEAR NORMAL DEPARTURE LAST
                VALUE   (LST)  VALUE       VALUE  FROM      YEAR
                                                  NORMAL
..................................................................
TEMPERATURE (F)
 YESTERDAY
  MAXIMUM         85    453 PM  97    2006  82      3       87
  MINIMUM         66   1159 PM  45    1925  62      4       70
  AVERAGE         76                        72      4       79

PRECIPITATION (IN)
  YESTERDAY        0.93          1.80 1974   0.19   0.74      T
  MONTH TO DATE   11.01                      4.78   6.23     2.33
  SINCE MAR 1     20.15                     11.86   8.29     7.40
  SINCE JAN 1     25.22                     15.37   9.85    12.48

DEGREE DAYS
 COOLING
  YESTERDAY       11                         7      4       14
  MONTH TO DATE  120                       121     -1      278
  SINCE MAR 1    188                       185      3      302
  SINCE JAN 1    188                       186      2      307
..................................................................


WIND (MPH)
  HIGHEST WIND SPEED    31   HIGHEST WIND DIRECTION     W (260)
  HIGHEST GUST SPEED    37   HIGHEST GUST DIRECTION     W (270)
  AVERAGE WIND SPEED    11.9


SKY COVER
  POSSIBLE SUNSHINE  MM
  AVERAGE SKY COVER 0.9


WEATHER CONDITIONS
 THE FOLLOWING WEATHER WAS RECORDED YESTERDAY.
  THUNDERSTORM
  HEAVY RAIN
  RAIN
  LIGHT RAIN
  FOG
  TORNADO


RELATIVE HUMIDITY (PERCENT)
 HIGHEST   100           400 AM
 LOWEST     59           500 PM
 AVERAGE    80

..........................................................


THE TULSA OKLAHOMA CLIMATE NORMALS FOR TODAY
                         NORMAL    RECORD    YEAR
 MAXIMUM TEMPERATURE (F)   82        94      1926
                                             1920
 MINIMUM TEMPERATURE (F)   62        44      1925


SUNRISE AND SUNSET
MAY 26 2019...........SUNRISE   610 AM CDT   SUNSET   831 PM CDT
MAY 27 2019...........SUNRISE   610 AM CDT   SUNSET   832 PM CDT


-  INDICATES NEGATIVE NUMBERS.
R  INDICATES RECORD WAS SET OR TIED.
MM INDICATES DATA IS MISSING.
T  INDICATES TRACE AMOUNT.




$$

&&
...........................................................

THE TULSA PRECIPITATION NORMALS FOR TODAY
                       NORMAL    RECORD      YEAR
  TODAY                 0.19      2.40       1984
  MONTH TO DATE         4.97
  YEAR TO DATE         15.56
...........................................................
ALL DATA MEASURED AT THE TULSA INTERNATIONAL AIRPORT...
EXCEPT SNOWFALL...WHICH IS MEASURED AT THE NWS OFFICE.
