000
CDUS44 KMEG 200633
CLITUP


CLIMATE REPORT
NATIONAL WEATHER SERVICE MEMPHIS TN
133 AM CDT WED MAR 20 2019


...................................

...THE TUPELO CLIMATE SUMMARY FOR MARCH 19 2019...

CLIMATE NORMAL PERIOD 1981 TO 2010
CLIMATE RECORD PERIOD 1930 TO 2019


WEATHER ITEM   OBSERVED TIME   RECORD YEAR NORMAL DEPARTURE LAST
                VALUE   (LST)  VALUE       VALUE  FROM      YEAR
                                                  NORMAL
..................................................................
TEMPERATURE (F)
 YESTERDAY
  MAXIMUM         61    403 PM  83    2012  67     -6       79
                                      2002
                                      1963
  MINIMUM         30    631 AM  22    1965  43    -13       55
  AVERAGE         46                        55     -9       67

PRECIPITATION (IN)
  YESTERDAY        0.00          2.56 1933   0.15  -0.15     0.12
  MONTH TO DATE    2.04                      3.05  -1.01     1.53
  SINCE MAR 1      2.04                      3.05  -1.01     1.53
  SINCE JAN 1     23.06                     12.49  10.57    17.88

SNOWFALL (IN)
  YESTERDAY        0.0           0.2  1934   0.0    0.0      0.0
  MONTH TO DATE    0.0                       0.2   -0.2      0.0
  SINCE MAR 1      0.0                       0.2   -0.2      0.0
  SINCE JUL 1      T                         2.0   -2.0      0.8
  SNOW DEPTH       0

DEGREE DAYS
 HEATING
  YESTERDAY       19                        11      8        0
  MONTH TO DATE  301                       246     55      248
  SINCE MAR 1    301                       246     55      248
  SINCE JUL 1   2520                      2677   -157     2572

 COOLING
  YESTERDAY        0                         0      0        2
  MONTH TO DATE    5                         0      5        7
  SINCE MAR 1      5                         0      5        7
  SINCE JAN 1     15                         2     13       27
..................................................................


WIND (MPH)
  HIGHEST WIND SPEED    15   HIGHEST WIND DIRECTION    NE (30)
  HIGHEST GUST SPEED    19   HIGHEST GUST DIRECTION    NE (40)
  AVERAGE WIND SPEED     4.2


SKY COVER
  POSSIBLE SUNSHINE  MM
  AVERAGE SKY COVER 0.0


WEATHER CONDITIONS
 THE FOLLOWING WEATHER WAS RECORDED YESTERDAY.
  NO SIGNIFICANT WEATHER WAS OBSERVED.


RELATIVE HUMIDITY (PERCENT)
 HIGHEST    85           600 AM
 LOWEST     16           300 PM
 AVERAGE    51

..........................................................


THE TUPELO CLIMATE NORMALS FOR TODAY
                         NORMAL    RECORD    YEAR
 MAXIMUM TEMPERATURE (F)   67        85      2017
                                             2012
                                             1948
 MINIMUM TEMPERATURE (F)   43        17      1965


SUNRISE AND SUNSET
MARCH 20 2019.........SUNRISE   659 AM CDT   SUNSET   707 PM CDT
MARCH 21 2019.........SUNRISE   658 AM CDT   SUNSET   707 PM CDT


-  INDICATES NEGATIVE NUMBERS.
R  INDICATES RECORD WAS SET OR TIED.
MM INDICATES DATA IS MISSING.
T  INDICATES TRACE AMOUNT.




$$
