000
CDUS44 KMEG 202147
CLITUP


CLIMATE REPORT
NATIONAL WEATHER SERVICE MEMPHIS TN
446 PM CDT MON MAY 20 2019


...................................

...THE TUPELO CLIMATE SUMMARY FOR MAY 20 2019...
VALID TODAY AS OF 0400 PM LOCAL TIME.

CLIMATE NORMAL PERIOD 1981 TO 2010
CLIMATE RECORD PERIOD 1930 TO 2019


WEATHER ITEM   OBSERVED TIME   RECORD YEAR NORMAL DEPARTURE LAST
                VALUE   (LST)  VALUE       VALUE  FROM      YEAR
                                                  NORMAL
..................................................................
TEMPERATURE (F)
 TODAY
  MAXIMUM         87    259 PM  96    1962  83      4       89
                                      1941
  MINIMUM         64    443 AM  38    1976  61      3       66
  AVERAGE         76                        72      4       78

PRECIPITATION (IN)
  TODAY            0.00          2.09 2010   0.17  -0.17     0.60
  MONTH TO DATE    5.44                      3.73   1.71     3.47
  SINCE MAR 1     16.96                     13.33   3.63    14.85
  SINCE JAN 1     37.98                     22.77  15.21    31.20

SNOWFALL (IN)
  TODAY            0.0

DEGREE DAYS
 HEATING
  TODAY            0                         0      0        0
  MONTH TO DATE    3                        23    -20        0
  SINCE MAR 1    515                       524     -9      567
  SINCE JUL 1   2734                      2955   -221     2891

 COOLING
  TODAY           11                         7      4       13
  MONTH TO DATE  123                       105     18      195
  SINCE MAR 1    179                       179      0      215
  SINCE JAN 1    189                       181      8      235
..................................................................


WIND (MPH)
  HIGHEST WIND SPEED     9   HIGHEST WIND DIRECTION     S (190)
  HIGHEST GUST SPEED    13   HIGHEST GUST DIRECTION     S (170)
  AVERAGE WIND SPEED     2.2


SKY COVER
  POSSIBLE SUNSHINE  MM
  AVERAGE SKY COVER 0.3


WEATHER CONDITIONS
 THE FOLLOWING WEATHER WAS RECORDED TODAY.
  FOG


RELATIVE HUMIDITY (PERCENT)
 HIGHEST    93           300 AM
 LOWEST     51           300 PM
 AVERAGE    72

..........................................................


THE TUPELO CLIMATE NORMALS FOR TOMORROW
                         NORMAL    RECORD    YEAR
 MAXIMUM TEMPERATURE (F)   83        97      1941
 MINIMUM TEMPERATURE (F)   61        39      1981


SUNRISE AND SUNSET
MAY 20 2019...........SUNRISE   550 AM CDT   SUNSET   754 PM CDT
MAY 21 2019...........SUNRISE   549 AM CDT   SUNSET   754 PM CDT


-  INDICATES NEGATIVE NUMBERS.
R  INDICATES RECORD WAS SET OR TIED.
MM INDICATES DATA IS MISSING.
T  INDICATES TRACE AMOUNT.




$$
