000
CDUS44 KMEG 250639
CLITUP


CLIMATE REPORT
NATIONAL WEATHER SERVICE MEMPHIS TN
138 AM CDT FRI MAY 25 2018


...................................

...THE TUPELO CLIMATE SUMMARY FOR MAY 24 2018...

CLIMATE NORMAL PERIOD 1981 TO 2010
CLIMATE RECORD PERIOD 1930 TO 2018


WEATHER ITEM   OBSERVED TIME   RECORD YEAR NORMAL DEPARTURE LAST
                VALUE   (LST)  VALUE       VALUE  FROM      YEAR
                                                  NORMAL
..................................................................
TEMPERATURE (F)
 YESTERDAY
  MAXIMUM         91        MM  94    1958  84      7       69
  MINIMUM         68        MM  44    1931  62      6       54
  AVERAGE         80                        73      7       62

PRECIPITATION (IN)
  YESTERDAY        0.00          1.78 1997   0.17  -0.17     0.99
  MONTH TO DATE    3.58                      4.42  -0.84     2.61
  SINCE MAR 1     14.96                     14.02   0.94    12.21
  SINCE JAN 1     31.31                     23.46   7.85    20.68

SNOWFALL (IN)
  YESTERDAY        0.0          MM      MM   0.0    0.0      0.0
  MONTH TO DATE    0.0                       0.0    0.0      0.0
  SINCE MAR 1      0.0                       0.3   -0.3       T
  SINCE JUL 1      0.8                       2.1   -1.3       T
  SNOW DEPTH       0

DEGREE DAYS
 HEATING
  YESTERDAY        0                         0      0        3
  MONTH TO DATE    0                        23    -23       26
  SINCE MAR 1    567                       524     43      367
  SINCE JUL 1   2891                      2955    -64     1985

 COOLING
  YESTERDAY       15                         8      7        0
  MONTH TO DATE  250                       137    113      118
  SINCE MAR 1    270                       211     59      263
  SINCE JAN 1    290                       213     77      275
..................................................................


WIND (MPH)
  HIGHEST WIND SPEED     8   HIGHEST WIND DIRECTION     N (360)
  HIGHEST GUST SPEED    MM   HIGHEST GUST DIRECTION    MM
  AVERAGE WIND SPEED     2.6


SKY COVER
  POSSIBLE SUNSHINE  MM
  AVERAGE SKY COVER 0.2


WEATHER CONDITIONS
 THE FOLLOWING WEATHER WAS RECORDED YESTERDAY.
  THUNDERSTORM


RELATIVE HUMIDITY (PERCENT)
 HIGHEST    73           800 PM
 LOWEST     46           300 PM
 AVERAGE    60

..........................................................


THE TUPELO CLIMATE NORMALS FOR TODAY
                         NORMAL    RECORD    YEAR
 MAXIMUM TEMPERATURE (F)   84        95      1941
 MINIMUM TEMPERATURE (F)   62        37      1979


SUNRISE AND SUNSET
MAY 25 2018...........SUNRISE   547 AM CDT   SUNSET   757 PM CDT
MAY 26 2018...........SUNRISE   546 AM CDT   SUNSET   758 PM CDT


-  INDICATES NEGATIVE NUMBERS.
R  INDICATES RECORD WAS SET OR TIED.
MM INDICATES DATA IS MISSING.
T  INDICATES TRACE AMOUNT.




$$
