394
CDUS45 KTWC 270729
CLITUS


CLIMATE REPORT
NATIONAL WEATHER SERVICE TUCSON AZ
1229 AM MST MON MAY 27 2019


...................................

...THE TUCSON AZ CLIMATE SUMMARY FOR MAY 26 2019...

CLIMATE NORMAL PERIOD 1981 TO 2010
CLIMATE RECORD PERIOD 1895 TO 2019


WEATHER ITEM   OBSERVED TIME   RECORD YEAR NORMAL DEPARTURE LAST
                VALUE   (LST)  VALUE       VALUE  FROM      YEAR
                                                  NORMAL
..................................................................
TEMPERATURE (F)
 YESTERDAY
  MAXIMUM         83    355 PM 107    1951  95    -12       92
  MINIMUM         61    534 AM  44    1916  63     -2       70
  AVERAGE         72                        79     -7       81

PRECIPITATION (IN)
  YESTERDAY        0.00          0.44 1926   0.01  -0.01     0.00
  MONTH TO DATE    1.22                      0.19   1.03      T
  SINCE OCT 1      9.47                      5.42   4.05     2.57
  SINCE JAN 1      5.03                      3.03   2.00     1.98

SNOWFALL (IN)
  YESTERDAY        0.0           0.0
  MONTH TO DATE    0.0
  SINCE JUL 1      2.3

DEGREE DAYS
 HEATING
  YESTERDAY        0                         0      0        0
  MONTH TO DATE    1                         3     -2        3
  SINCE MAR 1    140                       242   -102      118
  SINCE JUL 1   1409                      1509   -100      747

 COOLING
  YESTERDAY        7                        14     -7       16
  MONTH TO DATE  155                       273   -118      349
  SINCE MAR 1    335                       423    -88      640
  SINCE JAN 1    335                       427    -92      644
..................................................................


WIND (MPH)
  HIGHEST WIND SPEED    28   HIGHEST WIND DIRECTION    SW (210)
  HIGHEST GUST SPEED    40   HIGHEST GUST DIRECTION    SW (210)
  AVERAGE WIND SPEED    11.7


SKY COVER
  POSSIBLE SUNSHINE  MM
  AVERAGE SKY COVER  MM


WEATHER CONDITIONS
 THE FOLLOWING WEATHER WAS RECORDED YESTERDAY.
  NO SIGNIFICANT WEATHER WAS OBSERVED.


RELATIVE HUMIDITY (PERCENT)
 HIGHEST    MM
 LOWEST     MM
 AVERAGE    MM

..........................................................


THE TUCSON AZ CLIMATE NORMALS FOR TODAY
                         NORMAL    RECORD    YEAR
 MAXIMUM TEMPERATURE (F)   95       107      1951
 MINIMUM TEMPERATURE (F)   64        44      1917


SUNRISE AND SUNSET
MAY 27 2019...........SUNRISE   520 AM MST   SUNSET   722 PM MST
MAY 28 2019...........SUNRISE   519 AM MST   SUNSET   723 PM MST


-  INDICATES NEGATIVE NUMBERS.
R  INDICATES RECORD WAS SET OR TIED.
MM INDICATES DATA IS MISSING.
T  INDICATES TRACE AMOUNT.




$$
