000
CDUS45 KTWC 230741
CLITUS


CLIMATE REPORT
NATIONAL WEATHER SERVICE TUCSON AZ
1239 AM MST SAT MAR 23 2019


...................................

...THE TUCSON AZ CLIMATE SUMMARY FOR MARCH 22 2019...

CLIMATE NORMAL PERIOD 1981 TO 2010
CLIMATE RECORD PERIOD 1895 TO 2019


WEATHER ITEM   OBSERVED TIME   RECORD YEAR NORMAL DEPARTURE LAST
                VALUE   (LST)  VALUE       VALUE  FROM      YEAR
                                                  NORMAL
..................................................................
TEMPERATURE (F)
 YESTERDAY
  MAXIMUM         70    319 PM  91    2018  76     -6       91
  MINIMUM         42    639 AM  26    1955  47     -5       56
  AVERAGE         56                        61     -5       74

PRECIPITATION (IN)
  YESTERDAY        0.00          0.41 1954   0.02  -0.02     0.00
  MONTH TO DATE    0.62                      0.55   0.07      T
  SINCE OCT 1      8.18                      4.74   3.44     2.57
  SINCE JAN 1      3.74                      2.35   1.39     1.98

SNOWFALL (IN)
  YESTERDAY        0.0           0.0
  MONTH TO DATE    0.0
  SINCE JUL 1      2.3

DEGREE DAYS
 HEATING
  YESTERDAY        9                         5      4        0
  MONTH TO DATE  111                       140    -29       86
  SINCE MAR 1    111                       140    -29       86
  SINCE JUL 1   1380                      1407    -27      715

 COOLING
  YESTERDAY        0                         1     -1        9
  MONTH TO DATE   14                        14      0       25
  SINCE MAR 1     14                        14      0       25
  SINCE JAN 1     14                        18     -4       29
..................................................................


WIND (MPH)
  HIGHEST WIND SPEED    21   HIGHEST WIND DIRECTION     N (340)
  HIGHEST GUST SPEED    33   HIGHEST GUST DIRECTION     N (350)
  AVERAGE WIND SPEED     5.3


SKY COVER
  POSSIBLE SUNSHINE  MM
  AVERAGE SKY COVER  MM


WEATHER CONDITIONS
 THE FOLLOWING WEATHER WAS RECORDED YESTERDAY.
  NO SIGNIFICANT WEATHER WAS OBSERVED.


RELATIVE HUMIDITY (PERCENT)
 HIGHEST    MM
 LOWEST     MM
 AVERAGE    MM

..........................................................


THE TUCSON AZ CLIMATE NORMALS FOR TODAY
                         NORMAL    RECORD    YEAR
 MAXIMUM TEMPERATURE (F)   76        92      1896
 MINIMUM TEMPERATURE (F)   47        25      1898


SUNRISE AND SUNSET
MARCH 23 2019.........SUNRISE   624 AM MST   SUNSET   637 PM MST
MARCH 24 2019.........SUNRISE   623 AM MST   SUNSET   638 PM MST


-  INDICATES NEGATIVE NUMBERS.
R  INDICATES RECORD WAS SET OR TIED.
MM INDICATES DATA IS MISSING.
T  INDICATES TRACE AMOUNT.




$$
