000
CDUS43 KAPX 230531
CLITVC


CLIMATE REPORT
NATIONAL WEATHER SERVICE GAYLORD MI
131 AM EDT SAT MAR 23 2019


...................................

...THE TRAVERSE CITY MI CLIMATE SUMMARY FOR MARCH 22 2019...

CLIMATE NORMAL PERIOD 1981 TO 2010
CLIMATE RECORD PERIOD 1896 TO 2019


WEATHER ITEM   OBSERVED TIME   RECORD YEAR NORMAL DEPARTURE LAST
                VALUE   (LST)  VALUE       VALUE  FROM      YEAR
                                                  NORMAL
..................................................................
TEMPERATURE (F)
 YESTERDAY
  MAXIMUM         38    232 AM  76    2012  42     -4       38
  MINIMUM         27   1159 PM  -2    1989  24      3       19
  AVERAGE         33                        33      0       29

PRECIPITATION (IN)
  YESTERDAY        T             1.35 1975   0.06  -0.06     0.00
  MONTH TO DATE    1.29                      1.26   0.03     0.32
  SINCE MAR 1      1.29                      1.26   0.03     0.32
  SINCE JAN 1      3.95                      5.58  -1.63     2.73

DEGREE DAYS
 HEATING
  YESTERDAY       32                        32      0       36
  MONTH TO DATE  851                       792     59      781
  SINCE MAR 1    851                       792     59      781
  SINCE JUL 1   6023                      6132   -109     5684

 COOLING
  YESTERDAY        0                         0      0        0
  MONTH TO DATE    0                         0      0        0
  SINCE MAR 1      0                         0      0        0
  SINCE JAN 1      0                         0      0        0
..................................................................


WIND (MPH)
  HIGHEST WIND SPEED    23   HIGHEST WIND DIRECTION    NW (330)
  HIGHEST GUST SPEED    36   HIGHEST GUST DIRECTION     N (340)
  AVERAGE WIND SPEED    13.2




RELATIVE HUMIDITY (PERCENT)
 HIGHEST    82
 LOWEST     59
 AVERAGE    71

..........................................................


THE TRAVERSE CITY MI CLIMATE NORMALS FOR TODAY
                         NORMAL    RECORD    YEAR
 MAXIMUM TEMPERATURE (F)   43        70      1938
 MINIMUM TEMPERATURE (F)   24        -4      1916


SUNRISE AND SUNSET
MARCH 23 2019.........SUNRISE   740 AM EDT   SUNSET   758 PM EDT
MARCH 24 2019.........SUNRISE   738 AM EDT   SUNSET   800 PM EDT


-  INDICATES NEGATIVE NUMBERS.
R  INDICATES RECORD WAS SET OR TIED.
MM INDICATES DATA IS MISSING.
T  INDICATES TRACE AMOUNT.




$$
