000
CDUS43 KAPX 270530
CLITVC


CLIMATE REPORT
NATIONAL WEATHER SERVICE GAYLORD MI
129 AM EDT MON MAY 27 2019


...................................

...THE TRAVERSE CITY MI CLIMATE SUMMARY FOR MAY 26 2019...

CLIMATE NORMAL PERIOD 1981 TO 2010
CLIMATE RECORD PERIOD 1896 TO 2019


WEATHER ITEM   OBSERVED TIME   RECORD YEAR NORMAL DEPARTURE LAST
                VALUE   (LST)  VALUE       VALUE  FROM      YEAR
                                                  NORMAL
..................................................................
TEMPERATURE (F)
 YESTERDAY
  MAXIMUM         69    404 PM  89    1978  69      0       83
  MINIMUM         49   1159 PM  27    1969  45      4       65
  AVERAGE         59                        57      2       74

PRECIPITATION (IN)
  YESTERDAY        0.00          0.96 1985   0.08  -0.08      T
  MONTH TO DATE    2.72                      2.16   0.56     2.25
  SINCE MAR 1      6.87                      6.80   0.07     6.26
  SINCE JAN 1      9.53                     11.12  -1.59     8.67

DEGREE DAYS
 HEATING
  YESTERDAY        6                         9     -3        0
  MONTH TO DATE  353                       330     23      207
  SINCE MAR 1   2115                      2057     58     2163
  SINCE JUL 1   7287                      7397   -110     7066

 COOLING
  YESTERDAY        0                         1     -1        9
  MONTH TO DATE    3                         9     -6       39
  SINCE MAR 1      3                        12     -9       39
  SINCE JAN 1      3                        12     -9       39
..................................................................


WIND (MPH)
  HIGHEST WIND SPEED    12   HIGHEST WIND DIRECTION     N (20)
  HIGHEST GUST SPEED    15   HIGHEST GUST DIRECTION     N (10)
  AVERAGE WIND SPEED     4.0




RELATIVE HUMIDITY (PERCENT)
 HIGHEST    93
 LOWEST     49
 AVERAGE    71

..........................................................


THE TRAVERSE CITY MI CLIMATE NORMALS FOR TODAY
                         NORMAL    RECORD    YEAR
 MAXIMUM TEMPERATURE (F)   69        93      1978
 MINIMUM TEMPERATURE (F)   45        28      1961


SUNRISE AND SUNSET
MAY 27 2019...........SUNRISE   603 AM EDT   SUNSET   916 PM EDT
MAY 28 2019...........SUNRISE   602 AM EDT   SUNSET   917 PM EDT


-  INDICATES NEGATIVE NUMBERS.
R  INDICATES RECORD WAS SET OR TIED.
MM INDICATES DATA IS MISSING.
T  INDICATES TRACE AMOUNT.




$$
