000
CDUS44 KJAN 230632
CLITVR


CLIMATE REPORT
NATIONAL WEATHER SERVICE JACKSON MS
130 AM CDT SAT MAR 23 2019


...................................

...THE VICKSBURG CLIMATE SUMMARY FOR MARCH 22 2019...

CLIMATE NORMAL PERIOD 1981 TO 2010
CLIMATE RECORD PERIOD 1948 TO 2019


WEATHER ITEM   OBSERVED TIME   RECORD YEAR NORMAL DEPARTURE LAST
                VALUE   (LST)  VALUE       VALUE  FROM      YEAR
                                                  NORMAL
..................................................................
TEMPERATURE (F)
 YESTERDAY
  MAXIMUM         69    357 PM  84    2011  70     -1       69
                                      1966
  MINIMUM         42    521 AM  26    1986  47     -5       39
  AVERAGE         56                        59     -3       54

PRECIPITATION (IN)
  YESTERDAY        0.00          1.82 1968   0.13  -0.13     0.00
  MONTH TO DATE    1.72                      3.59  -1.87     3.02
  SINCE MAR 1      1.72                      3.59  -1.87     3.02
  SINCE JAN 1     14.53                     13.93   0.60    16.43

SNOWFALL (IN)
  YESTERDAY        0.0

DEGREE DAYS
 HEATING
  YESTERDAY        9                         7      2       11
  MONTH TO DATE  249                       208     41      181
  SINCE MAR 1    249                       208     41      181
  SINCE JUL 1   2000                      2184   -184     2067

 COOLING
  YESTERDAY        0                         1     -1        0
  MONTH TO DATE   17                        19     -2       16
  SINCE MAR 1     17                        19     -2       16
  SINCE JAN 1     34                        28      6       73
..................................................................


WIND (MPH)
  HIGHEST WIND SPEED    13   HIGHEST WIND DIRECTION    NE (50)
  HIGHEST GUST SPEED    16   HIGHEST GUST DIRECTION    NE (50)
  AVERAGE WIND SPEED     2.7


SKY COVER
  POSSIBLE SUNSHINE  MM
  AVERAGE SKY COVER 0.0


WEATHER CONDITIONS
 THE FOLLOWING WEATHER WAS RECORDED YESTERDAY.
  FOG


RELATIVE HUMIDITY (PERCENT)
 HIGHEST    96           600 AM
 LOWEST     36           400 PM
 AVERAGE    66

..........................................................


THE VICKSBURG CLIMATE NORMALS FOR TODAY
                         NORMAL    RECORD    YEAR
 MAXIMUM TEMPERATURE (F)   70        86      2017
 MINIMUM TEMPERATURE (F)   48        30      1955


SUNRISE AND SUNSET
MARCH 23 2019.........SUNRISE   704 AM CDT   SUNSET   718 PM CDT
MARCH 24 2019.........SUNRISE   703 AM CDT   SUNSET   718 PM CDT


-  INDICATES NEGATIVE NUMBERS.
R  INDICATES RECORD WAS SET OR TIED.
MM INDICATES DATA IS MISSING.
T  INDICATES TRACE AMOUNT.




$$
