000
CDUS44 KJAN 260751
CLITVR


CLIMATE REPORT
NATIONAL WEATHER SERVICE JACKSON MS
240 AM CDT SUN MAY 26 2019


...................................

...THE VICKSBURG CLIMATE SUMMARY FOR MAY 25 2019...

CLIMATE NORMAL PERIOD 1981 TO 2010
CLIMATE RECORD PERIOD 1948 TO 2019


WEATHER ITEM   OBSERVED TIME   RECORD YEAR NORMAL DEPARTURE LAST
                VALUE   (LST)  VALUE       VALUE  FROM      YEAR
                                                  NORMAL
..................................................................
TEMPERATURE (F)
 YESTERDAY
  MAXIMUM         89    402 PM  94    1972  86      3       89
                                      1970
  MINIMUM         71    523 AM  49    1979  64      7       69
  AVERAGE         80                        75      5       79

PRECIPITATION (IN)
  YESTERDAY        0.00          2.98 1986   0.15  -0.15     0.04
  MONTH TO DATE    5.67                      4.17   1.50     1.33
  SINCE MAR 1     18.53                     14.17   4.36    13.17
  SINCE JAN 1     31.34                     24.51   6.83    26.58

SNOWFALL (IN)
  YESTERDAY        0.0

DEGREE DAYS
 HEATING
  YESTERDAY        0                         0      0        0
  MONTH TO DATE    0                         9     -9        0
  SINCE MAR 1    376                       374      2      319
  SINCE JUL 1   2127                      2350   -223     2205

 COOLING
  YESTERDAY       15                        10      5       14
  MONTH TO DATE  245                       187     58      304
  SINCE MAR 1    342                       296     46      383
  SINCE JAN 1    359                       305     54      440
..................................................................


WIND (MPH)
  HIGHEST WIND SPEED    14   HIGHEST WIND DIRECTION     S (160)
  HIGHEST GUST SPEED    19   HIGHEST GUST DIRECTION    SE (150)
  AVERAGE WIND SPEED     2.7


SKY COVER
  POSSIBLE SUNSHINE  MM
  AVERAGE SKY COVER 0.0


WEATHER CONDITIONS
 THE FOLLOWING WEATHER WAS RECORDED YESTERDAY.
  NO SIGNIFICANT WEATHER WAS OBSERVED.


RELATIVE HUMIDITY (PERCENT)
 HIGHEST    94          1100 PM
 LOWEST     50           300 PM
 AVERAGE    72

..........................................................


THE VICKSBURG CLIMATE NORMALS FOR TODAY
                         NORMAL    RECORD    YEAR
 MAXIMUM TEMPERATURE (F)   87        93      2000
 MINIMUM TEMPERATURE (F)   64        46      1979


SUNRISE AND SUNSET
MAY 26 2019...........SUNRISE   600 AM CDT   SUNSET   802 PM CDT
MAY 27 2019...........SUNRISE   600 AM CDT   SUNSET   803 PM CDT


-  INDICATES NEGATIVE NUMBERS.
R  INDICATES RECORD WAS SET OR TIED.
MM INDICATES DATA IS MISSING.
T  INDICATES TRACE AMOUNT.




$$
