000
CDUS44 KJAN 240655
CLITVR


CLIMATE REPORT
NATIONAL WEATHER SERVICE JACKSON MS
153 AM CDT TUE APR 24 2018


...................................

...THE VICKSBURG CLIMATE SUMMARY FOR APRIL 23 2018...

CLIMATE NORMAL PERIOD 1981 TO 2010
CLIMATE RECORD PERIOD 1948 TO 2018


WEATHER ITEM   OBSERVED TIME   RECORD YEAR NORMAL DEPARTURE LAST
                VALUE   (LST)  VALUE       VALUE  FROM      YEAR
                                                  NORMAL
..................................................................
TEMPERATURE (F)
 YESTERDAY
  MAXIMUM         65    350 PM  89    1958  78    -13       67
  MINIMUM         53    615 AM  40    1959  55     -2       52
  AVERAGE         59                        67     -8       60

PRECIPITATION (IN)
  YESTERDAY        T             3.60 1995   0.15  -0.15     0.00
  MONTH TO DATE    5.36                      3.87   1.49     8.04
  SINCE MAR 1     11.30                      8.90   2.40    10.90
  SINCE JAN 1     24.71                     19.24   5.47    17.66

SNOWFALL (IN)
  YESTERDAY        0.0

DEGREE DAYS
 HEATING
  YESTERDAY        6                         2      4        5
  MONTH TO DATE  118                        89     29       21
  SINCE MAR 1    314                       354    -40      195
  SINCE JUL 1   2200                      2330   -130     1471

 COOLING
  YESTERDAY        0                         3     -3        0
  MONTH TO DATE   26                        57    -31      110
  SINCE MAR 1     68                        80    -12      196
  SINCE JAN 1    125                        89     36      247
..................................................................


WIND (MPH)
  HIGHEST WIND SPEED     9   HIGHEST WIND DIRECTION     W (270)
  HIGHEST GUST SPEED    13   HIGHEST GUST DIRECTION     W (270)
  AVERAGE WIND SPEED     4.1


SKY COVER
  POSSIBLE SUNSHINE  MM
  AVERAGE SKY COVER 0.9


WEATHER CONDITIONS
 THE FOLLOWING WEATHER WAS RECORDED YESTERDAY.
  LIGHT RAIN


RELATIVE HUMIDITY (PERCENT)
 HIGHEST    93           500 AM
 LOWEST     73           400 PM
 AVERAGE    83

..........................................................


THE VICKSBURG CLIMATE NORMALS FOR TODAY
                         NORMAL    RECORD    YEAR
 MAXIMUM TEMPERATURE (F)   78        89      1999
                                             1958
 MINIMUM TEMPERATURE (F)   55        39      2012
                                             2005


SUNRISE AND SUNSET
APRIL 24 2018.........SUNRISE   625 AM CDT   SUNSET   740 PM CDT
APRIL 25 2018.........SUNRISE   624 AM CDT   SUNSET   741 PM CDT


-  INDICATES NEGATIVE NUMBERS.
R  INDICATES RECORD WAS SET OR TIED.
MM INDICATES DATA IS MISSING.
T  INDICATES TRACE AMOUNT.




$$
