000
CDUS45 KBOI 260933
CLITWF


CLIMATE REPORT
NATIONAL WEATHER SERVICE BOISE ID
333 AM MDT SUN MAY 26 2019


...................................

...THE TWIN FALLS ID CLIMATE SUMMARY FOR MAY 25 2019...

CLIMATE NORMAL PERIOD 1981 TO 2010
CLIMATE RECORD PERIOD 9999 TO 9999


WEATHER ITEM   OBSERVED TIME   NORMAL DEPARTURE LAST
                VALUE   (LST)  VALUE  FROM      YEAR
                                      NORMAL
......................................................
TEMPERATURE (F)
 YESTERDAY
  MAXIMUM         56    154 PM  73    -17       86
  MINIMUM         44    557 AM  45     -1       46
  AVERAGE         50

PRECIPITATION (IN)
  YESTERDAY        0.27          0.04   0.23     0.00
  MONTH TO DATE    1.86          1.11   0.75     0.88
  SINCE OCT 1      9.82          8.33   1.49     6.43
  SINCE JAN 1      6.63          5.08   1.55     3.87

DEGREE DAYS
 HEATING
  YESTERDAY       15             7      8        0
  MONTH TO DATE  277           249     28      174
  SINCE MAR 1   1568          1480     88     1454
  SINCE JUL 1   6236          6047    189     5986

 COOLING
  YESTERDAY        0             1     -1        1
  MONTH TO DATE    6            13     -7        6
  SINCE MAR 1      6            14     -8        6
  SINCE JAN 1      6            14     -8        6
......................................................


WIND (MPH)
  HIGHEST WIND SPEED    22   HIGHEST WIND DIRECTION     W (280)
  HIGHEST GUST SPEED    25   HIGHEST GUST DIRECTION     W (270)
  AVERAGE WIND SPEED     6.1


SKY COVER
  AVERAGE SKY COVER 0.8


WEATHER CONDITIONS
 THE FOLLOWING WEATHER WAS RECORDED YESTERDAY.
  THUNDERSTORM
  HEAVY RAIN
  RAIN
  LIGHT RAIN
  FOG


RELATIVE HUMIDITY (PERCENT)
 HIGHEST   100           300 AM
 LOWEST     72          1200 PM
 AVERAGE    86

..........................................................




SUNRISE AND SUNSET
MAY 26 2019...........SUNRISE   607 AM MDT   SUNSET   904 PM MDT
MAY 27 2019...........SUNRISE   606 AM MDT   SUNSET   904 PM MDT


-  INDICATES NEGATIVE NUMBERS.
R  INDICATES RECORD WAS SET OR TIED.
MM INDICATES DATA IS MISSING.
T  INDICATES TRACE AMOUNT.




$$
