000
CDUS44 KSHV 222150
CLITXK


CLIMATE REPORT
NATIONAL WEATHER SERVICE SHREVEPORT, LA
450 PM CDT WED MAY 22 2019


...................................

...THE TEXARKANA CLIMATE SUMMARY FOR MAY 22 2019...
VALID TODAY AS OF 0400 PM LOCAL TIME.

CLIMATE NORMAL PERIOD 1981 TO 2010
CLIMATE RECORD PERIOD 1896 TO 2019


WEATHER ITEM   OBSERVED TIME   RECORD YEAR NORMAL DEPARTURE LAST
                VALUE   (LST)  VALUE       VALUE  FROM      YEAR
                                                  NORMAL
..................................................................
TEMPERATURE (F)
 TODAY
  MAXIMUM         88    258 PM  96    1921  84      4       89
  MINIMUM         63   1240 AM  49    1963  63      0       66
  AVERAGE         76                        73      3       78

PRECIPITATION (IN)
  TODAY            0.00          3.13 1963   0.16  -0.16     0.41
  MONTH TO DATE    8.48                      3.76   4.72     1.72
  SINCE DEC 1     34.54                     24.34  10.20    31.53
  SINCE JAN 1     27.40                     19.29   8.11    24.94

DEGREE DAYS
 HEATING
  TODAY            0                         0      0        0
  MONTH TO DATE   10                        12     -2        0
  SINCE MAR 1    467                       421     46      411
  SINCE JUL 1   2671                      2615     56     2526

 COOLING
  TODAY           11                         8      3       13
  MONTH TO DATE  137                       136      1      248
  SINCE MAR 1    220                       229     -9      294
  SINCE JAN 1    237                       233      4      308
..................................................................


WIND (MPH)
  HIGHEST WIND SPEED    20   HIGHEST WIND DIRECTION     S (160)
  HIGHEST GUST SPEED    29   HIGHEST GUST DIRECTION    SE (150)
  AVERAGE WIND SPEED     9.2


SKY COVER
  POSSIBLE SUNSHINE  MM
  AVERAGE SKY COVER 0.8


WEATHER CONDITIONS
 THE FOLLOWING WEATHER WAS RECORDED TODAY.
  FOG


RELATIVE HUMIDITY (PERCENT)
 HIGHEST   100          1200 AM
 LOWEST     55           300 PM
 AVERAGE    78

..........................................................


THE TEXARKANA CLIMATE NORMALS FOR TOMORROW
                         NORMAL    RECORD    YEAR
 MAXIMUM TEMPERATURE (F)   84        94      1921
 MINIMUM TEMPERATURE (F)   63        47      1963


SUNRISE AND SUNSET
MAY 22 2019...........SUNRISE   611 AM CDT   SUNSET   814 PM CDT
MAY 23 2019...........SUNRISE   611 AM CDT   SUNSET   815 PM CDT


-  INDICATES NEGATIVE NUMBERS.
R  INDICATES RECORD WAS SET OR TIED.
MM INDICATES DATA IS MISSING.
T  INDICATES TRACE AMOUNT.




$$
