000
CDUS44 KSHV 260750
CLITXK


CLIMATE REPORT
NATIONAL WEATHER SERVICE SHREVEPORT, LA
250 AM CDT TUE MAR 26 2019


...................................

...THE TEXARKANA CLIMATE SUMMARY FOR MARCH 25 2019...

CLIMATE NORMAL PERIOD 1981 TO 2010
CLIMATE RECORD PERIOD 1896 TO 2019


WEATHER ITEM   OBSERVED TIME   RECORD YEAR NORMAL DEPARTURE LAST
                VALUE   (LST)  VALUE       VALUE  FROM      YEAR
                                                  NORMAL
..................................................................
TEMPERATURE (F)
 YESTERDAY
  MAXIMUM         73    259 PM  89    1928  70      3       66
  MINIMUM         53   1159 PM  27    1955  47      6       57
  AVERAGE         63                        58      5       62

PRECIPITATION (IN)
  YESTERDAY        0.02          1.43 1934   0.14  -0.12      T
  MONTH TO DATE    2.52                      3.41  -0.89     1.46
  SINCE DEC 1     18.15                     15.85   2.30    25.20
  SINCE JAN 1     11.01                     10.80   0.21    18.61

SNOWFALL (IN)
  YESTERDAY        0.0
  MONTH TO DATE    0.0
  SINCE MAR 1      0.0
  SINCE JUL 1      T
  SNOW DEPTH       0

DEGREE DAYS
 HEATING
  YESTERDAY        2                         8     -6        3
  MONTH TO DATE  307                       260     47      199
  SINCE MAR 1    307                       260     47      199
  SINCE JUL 1   2511                      2454     57     2314

 COOLING
  YESTERDAY        0                         1     -1        0
  MONTH TO DATE    8                        13     -5       17
  SINCE MAR 1      8                        13     -5       17
  SINCE JAN 1     25                        17      8       31
..................................................................


WIND (MPH)
  HIGHEST WIND SPEED    23   HIGHEST WIND DIRECTION    SW (240)
  HIGHEST GUST SPEED    31   HIGHEST GUST DIRECTION    SW (230)
  AVERAGE WIND SPEED     7.6


SKY COVER
  POSSIBLE SUNSHINE  MM
  AVERAGE SKY COVER 0.1


WEATHER CONDITIONS
 THE FOLLOWING WEATHER WAS RECORDED YESTERDAY.
  THUNDERSTORM
  LIGHT RAIN
  FOG


RELATIVE HUMIDITY (PERCENT)
 HIGHEST   100           300 AM
 LOWEST     44           300 PM
 AVERAGE    72

..........................................................


THE TEXARKANA CLIMATE NORMALS FOR TODAY
                         NORMAL    RECORD    YEAR
 MAXIMUM TEMPERATURE (F)   70        89      1902
 MINIMUM TEMPERATURE (F)   47        21      1955


SUNRISE AND SUNSET
MARCH 26 2019.........SUNRISE   712 AM CDT   SUNSET   732 PM CDT
MARCH 27 2019.........SUNRISE   711 AM CDT   SUNSET   733 PM CDT


-  INDICATES NEGATIVE NUMBERS.
R  INDICATES RECORD WAS SET OR TIED.
MM INDICATES DATA IS MISSING.
T  INDICATES TRACE AMOUNT.




$$
