075
CDUS44 KSHV 250751
CLITYR


CLIMATE REPORT
NATIONAL WEATHER SERVICE SHREVEPORT, LA
250 AM CDT MON MAR 25 2019


...................................

...THE TYLER CLIMATE SUMMARY FOR MARCH 24 2019...

CLIMATE NORMAL PERIOD 1981 TO 2010
CLIMATE RECORD PERIOD 1883 TO 2019


WEATHER ITEM   OBSERVED TIME   RECORD YEAR NORMAL DEPARTURE LAST
                VALUE   (LST)  VALUE       VALUE  FROM      YEAR
                                                  NORMAL
..................................................................
TEMPERATURE (F)
 YESTERDAY
  MAXIMUM         75    552 PM  88    1910  69      6       84
  MINIMUM         60    225 AM  28    1968  49     11       65
                                      1898
  AVERAGE         68                        58     10       75

PRECIPITATION (IN)
  YESTERDAY        0.00          1.75 1973   0.13  -0.13     0.00
  MONTH TO DATE    1.22                      3.30  -2.08     1.42
  SINCE DEC 1     15.99                     14.41   1.58    15.87
  SINCE JAN 1      8.50                     10.17  -1.67    10.58

SNOWFALL (IN)
  YESTERDAY        0.0
  MONTH TO DATE    0.0
  SINCE MAR 1      0.0
  SINCE JUL 1      T
  SNOW DEPTH       0

DEGREE DAYS
 HEATING
  YESTERDAY        0                         7     -7        0
  MONTH TO DATE  256                       226     30      134
  SINCE MAR 1    256                       226     30      134
  SINCE JUL 1   2054                      2118    -64     1936

 COOLING
  YESTERDAY        3                         1      2       10
  MONTH TO DATE   12                        12      0       41
  SINCE MAR 1     12                        12      0       41
  SINCE JAN 1     34                        24     10       68
..................................................................


WIND (MPH)
  HIGHEST WIND SPEED    17   HIGHEST WIND DIRECTION     S (190)
  HIGHEST GUST SPEED    23   HIGHEST GUST DIRECTION     S (200)
  AVERAGE WIND SPEED    10.5


SKY COVER
  POSSIBLE SUNSHINE  MM
  AVERAGE SKY COVER 0.7


WEATHER CONDITIONS
 THE FOLLOWING WEATHER WAS RECORDED YESTERDAY.
  NO SIGNIFICANT WEATHER WAS OBSERVED.


RELATIVE HUMIDITY (PERCENT)
 HIGHEST    90           300 AM
 LOWEST     60           400 PM
 AVERAGE    75

..........................................................


THE TYLER CLIMATE NORMALS FOR TODAY
                         NORMAL    RECORD    YEAR
 MAXIMUM TEMPERATURE (F)   69        88      1950
                                             1910
 MINIMUM TEMPERATURE (F)   49        28      1966


SUNRISE AND SUNSET
MARCH 25 2019.........SUNRISE   719 AM CDT   SUNSET   737 PM CDT
MARCH 26 2019.........SUNRISE   718 AM CDT   SUNSET   737 PM CDT


-  INDICATES NEGATIVE NUMBERS.
R  INDICATES RECORD WAS SET OR TIED.
MM INDICATES DATA IS MISSING.
T  INDICATES TRACE AMOUNT.




$$
