000
CDUS44 KSHV 222150
CLITYR


CLIMATE REPORT
NATIONAL WEATHER SERVICE SHREVEPORT, LA
450 PM CDT WED MAY 22 2019


...................................

...THE TYLER CLIMATE SUMMARY FOR MAY 22 2019...
VALID TODAY AS OF 0400 PM LOCAL TIME.

CLIMATE NORMAL PERIOD 1981 TO 2010
CLIMATE RECORD PERIOD 1883 TO 2019


WEATHER ITEM   OBSERVED TIME   RECORD YEAR NORMAL DEPARTURE LAST
                VALUE   (LST)  VALUE       VALUE  FROM      YEAR
                                                  NORMAL
..................................................................
TEMPERATURE (F)
 TODAY
  MAXIMUM         91    257 PM  96    2005  84      7       88
  MINIMUM         68   1213 AM  44    1892  65      3       69
  AVERAGE         80                        75      5       79

PRECIPITATION (IN)
  TODAY            0.00          4.00 1884   0.14  -0.14     0.00
  MONTH TO DATE    7.89                      3.29   4.60     0.91
  SINCE DEC 1     34.71                     21.69  13.02    21.93
  SINCE JAN 1     27.22                     17.45   9.77    16.64

DEGREE DAYS
 HEATING
  TODAY            0                         0      0        0
  MONTH TO DATE    3                         6     -3        0
  SINCE MAR 1    364                       376    -12      268
  SINCE JUL 1   2162                      2268   -106     2070

 COOLING
  TODAY           15                        10      5       14
  MONTH TO DATE  178                       160     18      270
  SINCE MAR 1    306                       260     46      380
  SINCE JAN 1    328                       272     56      407
..................................................................


WIND (MPH)
  HIGHEST WIND SPEED    24   HIGHEST WIND DIRECTION     S (160)
  HIGHEST GUST SPEED    30   HIGHEST GUST DIRECTION     S (180)
  AVERAGE WIND SPEED    11.9


SKY COVER
  POSSIBLE SUNSHINE  MM
  AVERAGE SKY COVER 0.7


WEATHER CONDITIONS
 THE FOLLOWING WEATHER WAS RECORDED TODAY.
  FOG
  HAZE


RELATIVE HUMIDITY (PERCENT)
 HIGHEST   100           300 AM
 LOWEST     44           300 PM
 AVERAGE    72

..........................................................


THE TYLER CLIMATE NORMALS FOR TOMORROW
                         NORMAL    RECORD    YEAR
 MAXIMUM TEMPERATURE (F)   84        98      1925
 MINIMUM TEMPERATURE (F)   66        47      1963


SUNRISE AND SUNSET
MAY 22 2019...........SUNRISE   619 AM CDT   SUNSET   817 PM CDT
MAY 23 2019...........SUNRISE   619 AM CDT   SUNSET   818 PM CDT


-  INDICATES NEGATIVE NUMBERS.
R  INDICATES RECORD WAS SET OR TIED.
MM INDICATES DATA IS MISSING.
T  INDICATES TRACE AMOUNT.




$$
