000
CDUS44 KMRX 222124
CLITYS


CLIMATE REPORT
NATIONAL WEATHER SERVICE MORRISTOWN TN
524 PM EDT FRI MAR 22 2019


...................................

...THE KNOXVILLE    ASOS CLIMATE SUMMARY FOR MARCH 22 2019...
VALID TODAY AS OF 0500 PM LOCAL TIME.

CLIMATE NORMAL PERIOD 1981 TO 2010
CLIMATE RECORD PERIOD 1871 TO 2019


WEATHER ITEM   OBSERVED TIME   RECORD YEAR NORMAL DEPARTURE LAST
                VALUE   (LST)  VALUE       VALUE  FROM      YEAR
                                                  NORMAL
..................................................................
TEMPERATURE (F)
 TODAY
  MAXIMUM         64    359 PM  87    1907  63      1       51
  MINIMUM         40    715 AM  13    1876  41     -1       26
  AVERAGE         52                        52      0       39

PRECIPITATION (IN)
  TODAY            0.00          1.74 1929   0.15  -0.15     0.00
  MONTH TO DATE    3.42                      3.03   0.39     3.35
  SINCE MAR 1      3.42                      3.03   0.39     3.35
  SINCE JAN 1     21.48                     11.61   9.87    13.17

SNOWFALL (IN)
  TODAY            0.0                       0.1   -0.1      0.0
  MONTH TO DATE    T                         0.7   -0.7       T
  SINCE MAR 1      T                         0.7   -0.7       T
  SINCE JUL 1      2.1                       5.8   -3.7      2.6
  SNOW DEPTH       0

DEGREE DAYS
 HEATING
  TODAY           13                        13      0       26
  MONTH TO DATE  400                       353     47      393
  SINCE MAR 1    400                       353     47      393
  SINCE JUL 1   3064                      3249   -185     3126

 COOLING
  TODAY            0                         0      0        0
  MONTH TO DATE    1                         0      1        0
  SINCE MAR 1      1                         0      1        0
  SINCE JAN 1      6                         0      6       18
..................................................................


WIND (MPH)
  HIGHEST WIND SPEED    23   HIGHEST WIND DIRECTION     W (290)
  HIGHEST GUST SPEED    34   HIGHEST GUST DIRECTION     W (270)
  AVERAGE WIND SPEED     8.5


SKY COVER
  POSSIBLE SUNSHINE  MM
  AVERAGE SKY COVER 0.5


WEATHER CONDITIONS
 THE FOLLOWING WEATHER WAS RECORDED TODAY.
  NO SIGNIFICANT WEATHER WAS OBSERVED.


RELATIVE HUMIDITY (PERCENT)
 HIGHEST    70           300 AM
 LOWEST     22           400 PM
 AVERAGE    46

..........................................................


THE KNOXVILLE    ASOS CLIMATE NORMALS FOR TOMORROW
                         NORMAL    RECORD    YEAR
 MAXIMUM TEMPERATURE (F)   64        85      1907
 MINIMUM TEMPERATURE (F)   41        17      1885


SUNRISE AND SUNSET
MARCH 22 2019.........SUNRISE   737 AM EDT   SUNSET   749 PM EDT
MARCH 23 2019.........SUNRISE   736 AM EDT   SUNSET   750 PM EDT


-  INDICATES NEGATIVE NUMBERS.
R  INDICATES RECORD WAS SET OR TIED.
MM INDICATES DATA IS MISSING.
T  INDICATES TRACE AMOUNT.




$$
