000
CDUS44 KMRX 272134
CLITYS


CLIMATE REPORT
NATIONAL WEATHER SERVICE MORRISTOWN TN
534 PM EDT SUN MAY 27 2018


...................................

...THE KNOXVILLE    ASOS CLIMATE SUMMARY FOR MAY 27 2018...
VALID TODAY AS OF 0500 PM LOCAL TIME.

CLIMATE NORMAL PERIOD 1981 TO 2010
CLIMATE RECORD PERIOD 1871 TO 2018


WEATHER ITEM   OBSERVED TIME   RECORD YEAR NORMAL DEPARTURE LAST
                VALUE   (LST)  VALUE       VALUE  FROM      YEAR
                                                  NORMAL
..................................................................
TEMPERATURE (F)
 TODAY
  MAXIMUM         84    348 PM  94    1941  81      3       80
  MINIMUM         67    240 AM  39    1961  59      8       64
  AVERAGE         76                        70      6       72

PRECIPITATION (IN)
  TODAY            0.45          1.96 1973   0.14   0.31     0.41
  MONTH TO DATE    2.48                      3.96  -1.48     4.25
  SINCE MAR 1     11.90                     12.31  -0.41    17.59
  SINCE JAN 1     21.72                     20.89   0.83    23.53

SNOWFALL (IN)
  TODAY            0.0                       0.0    0.0      0.0
  MONTH TO DATE    0.0                       0.0    0.0      0.0
  SINCE MAR 1      T                         1.4   -1.4       T
  SINCE JUL 1      2.6                       6.5   -3.9      2.3
  SNOW DEPTH      MM

DEGREE DAYS
 HEATING
  TODAY            0                         1     -1        0
  MONTH TO DATE    4                        56    -52       52
  SINCE MAR 1    797                       735     62      532
  SINCE JUL 1   3530                      3631   -101     2591

 COOLING
  TODAY           11                         6      5        7
  MONTH TO DATE  241                        99    142      126
  SINCE MAR 1    257                       136    121      222
  SINCE JAN 1    275                       136    139      222
..................................................................


WIND (MPH)
  HIGHEST WIND SPEED    21   HIGHEST WIND DIRECTION    SW (210)
  HIGHEST GUST SPEED    25   HIGHEST GUST DIRECTION    SW (220)
  AVERAGE WIND SPEED     3.8


SKY COVER
  POSSIBLE SUNSHINE  MM
  AVERAGE SKY COVER 0.9


WEATHER CONDITIONS
 THE FOLLOWING WEATHER WAS RECORDED TODAY.
  THUNDERSTORM
  HEAVY RAIN
  RAIN
  LIGHT RAIN
  FOG


RELATIVE HUMIDITY (PERCENT)
 HIGHEST   100          1200 AM
 LOWEST     58           200 PM
 AVERAGE    79

..........................................................


THE KNOXVILLE    ASOS CLIMATE NORMALS FOR TOMORROW
                         NORMAL    RECORD    YEAR
 MAXIMUM TEMPERATURE (F)   81        94      1914
 MINIMUM TEMPERATURE (F)   60        41      1961


SUNRISE AND SUNSET
MAY 27 2018...........SUNRISE   623 AM EDT   SUNSET   844 PM EDT
MAY 28 2018...........SUNRISE   623 AM EDT   SUNSET   844 PM EDT


-  INDICATES NEGATIVE NUMBERS.
R  INDICATES RECORD WAS SET OR TIED.
MM INDICATES DATA IS MISSING.
T  INDICATES TRACE AMOUNT.




$$
