282
CDUS44 KMRX 270822
CLITYS


CLIMATE REPORT
NATIONAL WEATHER SERVICE MORRISTOWN TN
422 AM EDT MON MAY 27 2019


...................................

...THE KNOXVILLE    ASOS CLIMATE SUMMARY FOR MAY 26 2019...

CLIMATE NORMAL PERIOD 1981 TO 2010
CLIMATE RECORD PERIOD 1871 TO 2019


WEATHER ITEM   OBSERVED TIME   RECORD YEAR NORMAL DEPARTURE LAST
                VALUE   (LST)  VALUE       VALUE  FROM      YEAR
                                                  NORMAL
..................................................................
TEMPERATURE (F)
 YESTERDAY
  MAXIMUM         92    344 PM  94    1926  81     11       86
  MINIMUM         68    518 AM  38    1979  59      9       69
  AVERAGE         80                        70     10       78

PRECIPITATION (IN)
  YESTERDAY        0.00          1.76 2004   0.14  -0.14     0.20
  MONTH TO DATE    5.09                      3.82   1.27     2.03
  SINCE MAR 1     13.53                     12.17   1.36    11.45
  SINCE JAN 1     31.59                     20.75  10.84    21.27

SNOWFALL (IN)
  YESTERDAY        0.0                       0.0    0.0      0.0
  MONTH TO DATE    0.0                       0.0    0.0      0.0
  SINCE MAR 1      T                         1.4   -1.4       T
  SINCE JUL 1      2.1                       6.5   -4.4      2.6
  SNOW DEPTH       0

DEGREE DAYS
 HEATING
  YESTERDAY        0                         1     -1        0
  MONTH TO DATE   21                        55    -34        4
  SINCE MAR 1    655                       734    -79      797
  SINCE JUL 1   3319                      3630   -311     3530

 COOLING
  YESTERDAY       15                         6      9       13
  MONTH TO DATE  180                        93     87      230
  SINCE MAR 1    221                       130     91      246
  SINCE JAN 1    226                       130     96      264
..................................................................


WIND (MPH)
  HIGHEST WIND SPEED    20   HIGHEST WIND DIRECTION    SW (220)
  HIGHEST GUST SPEED    25   HIGHEST GUST DIRECTION    SW (230)
  AVERAGE WIND SPEED     7.4


SKY COVER
  POSSIBLE SUNSHINE  MM
  AVERAGE SKY COVER 0.4


WEATHER CONDITIONS
 THE FOLLOWING WEATHER WAS RECORDED YESTERDAY.
  NO SIGNIFICANT WEATHER WAS OBSERVED.


RELATIVE HUMIDITY (PERCENT)
 HIGHEST    84           300 AM
 LOWEST     34           300 PM
 AVERAGE    59

..........................................................


THE KNOXVILLE    ASOS CLIMATE NORMALS FOR TODAY
                         NORMAL    RECORD    YEAR
 MAXIMUM TEMPERATURE (F)   81        94      1941
 MINIMUM TEMPERATURE (F)   59        39      1961


SUNRISE AND SUNSET
MAY 27 2019...........SUNRISE   623 AM EDT   SUNSET   843 PM EDT
MAY 28 2019...........SUNRISE   623 AM EDT   SUNSET   844 PM EDT


-  INDICATES NEGATIVE NUMBERS.
R  INDICATES RECORD WAS SET OR TIED.
MM INDICATES DATA IS MISSING.
T  INDICATES TRACE AMOUNT.




$$
