609
CDUS43 KLOT 250632
CLIUGN


CLIMATE REPORT
NATIONAL WEATHER SERVICE CHICAGO IL
132 AM CDT SAT MAY 25 2019


...................................

...THE WAUKEGAN   CLIMATE SUMMARY FOR MAY 24 2019...

CLIMATE NORMAL PERIOD 1981 TO 2010
CLIMATE RECORD PERIOD 2000 TO 2019


WEATHER ITEM   OBSERVED TIME   RECORD YEAR NORMAL DEPARTURE LAST
                VALUE   (LST)  VALUE       VALUE  FROM      YEAR
                                                  NORMAL
..................................................................
TEMPERATURE (F)
 YESTERDAY
  MAXIMUM         60    522 PM  88    2007  68     -8       77
  MINIMUM         50    156 AM  35    2013  47      3       50
  AVERAGE         55                        58     -3       64

PRECIPITATION (IN)
  YESTERDAY        0.73R         0.56 2006   0.14   0.59     0.00
  MONTH TO DATE    4.45                      3.13   1.32     7.97
  SINCE MAR 1      8.89                      8.93  -0.04    10.36
  SINCE JAN 1     14.22                     11.98   2.24    13.54

DEGREE DAYS
 HEATING
  YESTERDAY       10                         8      2        1
  MONTH TO DATE  312                       260     52      191
  SINCE MAR 1   1836                      1756     80     1992
  SINCE JUL 1   6867                      6702    165     6669

 COOLING
  YESTERDAY        0                         1     -1        0
  MONTH TO DATE    0                        11    -11       17
  SINCE MAR 1      0                        15    -15       17
  SINCE JAN 1      0                        15    -15       17
..................................................................


WIND (MPH)
  RESULTANT WIND SPEED   4   RESULTANT WIND DIRECTION   E (110)
  HIGHEST WIND SPEED    15   HIGHEST WIND DIRECTION     E (80)
  HIGHEST GUST SPEED    24   HIGHEST GUST DIRECTION    NW (320)
  AVERAGE WIND SPEED     5.1


SKY COVER
  POSSIBLE SUNSHINE  MM
  AVERAGE SKY COVER 0.4


WEATHER CONDITIONS
 THE FOLLOWING WEATHER WAS RECORDED YESTERDAY.
  THUNDERSTORM
  RAIN
  LIGHT RAIN
  FOG


RELATIVE HUMIDITY (PERCENT)
 HIGHEST    96
 LOWEST     77
 AVERAGE    87

..........................................................


THE WAUKEGAN   CLIMATE NORMALS FOR TODAY
                         NORMAL    RECORD    YEAR
 MAXIMUM TEMPERATURE (F)   68        87      2018
 MINIMUM TEMPERATURE (F)   47        38      2013


SUNRISE AND SUNSET
MAY 25 2019...........SUNRISE   521 AM CDT   SUNSET   816 PM CDT
MAY 26 2019...........SUNRISE   521 AM CDT   SUNSET   817 PM CDT


-  INDICATES NEGATIVE NUMBERS.
R  INDICATES RECORD WAS SET OR TIED.
MM INDICATES DATA IS MISSING.
T  INDICATES TRACE AMOUNT.




$$
