620
CDUS43 KLOT 230638
CLIUGN


CLIMATE REPORT
NATIONAL WEATHER SERVICE CHICAGO IL
135 AM CDT SAT MAR 23 2019


...................................

...THE WAUKEGAN   CLIMATE SUMMARY FOR MARCH 22 2019...

CLIMATE NORMAL PERIOD 1981 TO 2010
CLIMATE RECORD PERIOD 2000 TO 2019


WEATHER ITEM   OBSERVED TIME   RECORD YEAR NORMAL DEPARTURE LAST
                VALUE   (LST)  VALUE       VALUE  FROM      YEAR
                                                  NORMAL
..................................................................
TEMPERATURE (F)
 YESTERDAY
  MAXIMUM         43        MM  75    2012  46     -3       42
  MINIMUM         22        MM  13    2002  28     -6       21
  AVERAGE         33                        37     -4       32

PRECIPITATION (IN)
  YESTERDAY        0.00          0.29 2011   0.08  -0.08     0.00
  MONTH TO DATE    1.11                      1.50  -0.39     0.17
  SINCE MAR 1      1.11                      1.50  -0.39     0.17
  SINCE JAN 1      6.44                      4.55   1.89     3.35

DEGREE DAYS
 HEATING
  YESTERDAY       32                        28      4       33
  MONTH TO DATE  775                       688     87      726
  SINCE MAR 1    775                       688     87      726
  SINCE JUL 1   5806                      5634    172     5403

 COOLING
  YESTERDAY        0                         0      0        0
  MONTH TO DATE    0                         0      0        0
  SINCE MAR 1      0                         0      0        0
  SINCE JAN 1      0                         0      0        0
..................................................................


WIND (MPH)
  RESULTANT WIND SPEED   8   RESULTANT WIND DIRECTION   N (20)
  HIGHEST WIND SPEED    21   HIGHEST WIND DIRECTION    NE (30)
  HIGHEST GUST SPEED    32   HIGHEST GUST DIRECTION    NE (30)
  AVERAGE WIND SPEED     8.4


SKY COVER
  POSSIBLE SUNSHINE  MM
  AVERAGE SKY COVER 0.1


WEATHER CONDITIONS
 THE FOLLOWING WEATHER WAS RECORDED YESTERDAY.
  NO SIGNIFICANT WEATHER WAS OBSERVED.


RELATIVE HUMIDITY (PERCENT)
 HIGHEST    96
 LOWEST     57
 AVERAGE    77

..........................................................


THE WAUKEGAN   CLIMATE NORMALS FOR TODAY
                         NORMAL    RECORD    YEAR
 MAXIMUM TEMPERATURE (F)   46        61      2003
 MINIMUM TEMPERATURE (F)   28        17      2015
                                             2014


SUNRISE AND SUNSET
MARCH 23 2019.........SUNRISE   650 AM CDT   SUNSET   707 PM CDT
MARCH 24 2019.........SUNRISE   648 AM CDT   SUNSET   708 PM CDT


-  INDICATES NEGATIVE NUMBERS.
R  INDICATES RECORD WAS SET OR TIED.
MM INDICATES DATA IS MISSING.
T  INDICATES TRACE AMOUNT.




$$
