000
CDUS46 KSEW 210123
CLIUIL


CLIMATE REPORT
NATIONAL WEATHER SERVICE SEATTLE WA
623 PM PDT MON MAY 20 2019


...................................

...THE QUILLAYUTE WA AIRPORT CLIMATE SUMMARY FOR MAY 20 2019...
VALID TODAY AS OF 0500 PM LOCAL TIME.

CLIMATE NORMAL PERIOD 1981 TO 2010
CLIMATE RECORD PERIOD 1966 TO 2019


WEATHER ITEM   OBSERVED TIME   RECORD YEAR NORMAL DEPARTURE LAST
                VALUE   (LST)  VALUE       VALUE  FROM      YEAR
                                                  NORMAL
..................................................................
TEMPERATURE (F)
 TODAY
  MAXIMUM         62    146 PM  79    1972  60      2       59
  MINIMUM         47    106 AM  32    1975  44      3       42
  AVERAGE         55                        52      3       51

PRECIPITATION (IN)
  TODAY            0.00          0.95 1977   0.15  -0.15     0.00
  MONTH TO DATE    0.80                      3.45  -2.65     0.79
  SINCE OCT 1     75.57                     86.09 -10.52    87.49
  SINCE JAN 1     31.65                     47.09 -15.44    49.27

DEGREE DAYS
 HEATING
  TODAY           10                        13     -3       14
  MONTH TO DATE  220                       291    -71      224
  SINCE MAR 1   1365                      1488   -123     1435
  SINCE JUL 1   5093                      5333   -240     5080

 COOLING
  TODAY            0                         0      0        0
  MONTH TO DATE    0                         0      0        0
  SINCE MAR 1      0                         0      0        0
  SINCE JAN 1      0                         0      0        0
..................................................................


WIND (MPH)
  RESULTANT WIND SPEED   4   RESULTANT WIND DIRECTION   S (200)
  HIGHEST WIND SPEED    17   HIGHEST WIND DIRECTION     S (200)
  HIGHEST GUST SPEED    26   HIGHEST GUST DIRECTION    SW (220)
  AVERAGE WIND SPEED     5.0


SKY COVER
  AVERAGE SKY COVER 0.7


WEATHER CONDITIONS
 THE FOLLOWING WEATHER WAS RECORDED TODAY.
  FOG


RELATIVE HUMIDITY (PERCENT)
 HIGHEST   100           100 AM
 LOWEST     60           200 PM
 AVERAGE    80

..........................................................


THE QUILLAYUTE WA AIRPORT CLIMATE NORMALS FOR TOMORROW
                         NORMAL    RECORD    YEAR
 MAXIMUM TEMPERATURE (F)   60        82      1969
 MINIMUM TEMPERATURE (F)   44        32      1973


SUNRISE AND SUNSET
MAY 20 2019...........SUNRISE   534 AM PDT   SUNSET   856 PM PDT
MAY 21 2019...........SUNRISE   533 AM PDT   SUNSET   858 PM PDT


-  INDICATES NEGATIVE NUMBERS.
R  INDICATES RECORD WAS SET OR TIED.
MM INDICATES DATA IS MISSING.
T  INDICATES TRACE AMOUNT.




$$
