000
CDUS46 KSEW 200839
CLIUIL


CLIMATE REPORT
NATIONAL WEATHER SERVICE SEATTLE WA
139 AM PDT WED MAR 20 2019


...................................

...THE QUILLAYUTE WA AIRPORT CLIMATE SUMMARY FOR MARCH 19 2019...

CLIMATE NORMAL PERIOD 1981 TO 2010
CLIMATE RECORD PERIOD 1966 TO 2019


WEATHER ITEM   OBSERVED TIME   RECORD YEAR NORMAL DEPARTURE LAST
                VALUE   (LST)  VALUE       VALUE  FROM      YEAR
                                                  NORMAL
..................................................................
TEMPERATURE (F)
 YESTERDAY
  MAXIMUM         81R   133 PM  66    1999  52     29       49
  MINIMUM         39    703 AM  26    1971  37      2       28
  AVERAGE         60                        44     16       39

PRECIPITATION (IN)
  YESTERDAY        0.00          2.33 1997   0.35  -0.35     0.00
  MONTH TO DATE    1.03                      6.81  -5.78     1.56
  SINCE OCT 1     66.02                     70.77  -4.75    71.16
  SINCE JAN 1     22.10                     31.77  -9.67    32.94

DEGREE DAYS
 HEATING
  YESTERDAY        5                        21    -16       26
  MONTH TO DATE  443                       407     36      424
  SINCE MAR 1    443                       407     36      424
  SINCE JUL 1   4171                      4252    -81     4069

 COOLING
  YESTERDAY        0                         0      0        0
  MONTH TO DATE    0                         0      0        0
  SINCE MAR 1      0                         0      0        0
  SINCE JAN 1      0                         0      0        0
..................................................................


WIND (MPH)
  RESULTANT WIND SPEED   4   RESULTANT WIND DIRECTION   E (90)
  HIGHEST WIND SPEED    15   HIGHEST WIND DIRECTION    SE (140)
  HIGHEST GUST SPEED    24   HIGHEST GUST DIRECTION    SE (140)
  AVERAGE WIND SPEED     5.7


SKY COVER
  AVERAGE SKY COVER 0.0


WEATHER CONDITIONS
 THE FOLLOWING WEATHER WAS RECORDED YESTERDAY.
  NO SIGNIFICANT WEATHER WAS OBSERVED.


RELATIVE HUMIDITY (PERCENT)
 HIGHEST    73           100 AM
 LOWEST     12           200 PM
 AVERAGE    43

..........................................................


THE QUILLAYUTE WA AIRPORT CLIMATE NORMALS FOR TODAY
                         NORMAL    RECORD    YEAR
 MAXIMUM TEMPERATURE (F)   52        68      1968
 MINIMUM TEMPERATURE (F)   37        26      1974


SUNRISE AND SUNSET
MARCH 20 2019.........SUNRISE   721 AM PDT   SUNSET   731 PM PDT
MARCH 21 2019.........SUNRISE   719 AM PDT   SUNSET   732 PM PDT


-  INDICATES NEGATIVE NUMBERS.
R  INDICATES RECORD WAS SET OR TIED.
MM INDICATES DATA IS MISSING.
T  INDICATES TRACE AMOUNT.




$$
