684
CDUS43 KLSX 190732
CLIUIN


CLIMATE REPORT
NATIONAL WEATHER SERVICE ST LOUIS MO
231 AM CDT TUE MAR 19 2019


...................................

...THE QUINCY IL CLIMATE SUMMARY FOR MARCH 18 2019...

CLIMATE NORMAL PERIOD 1981 TO 2010
CLIMATE RECORD PERIOD 1901 TO 2019


WEATHER ITEM   OBSERVED TIME   RECORD YEAR NORMAL DEPARTURE LAST
                VALUE   (LST)  VALUE       VALUE  FROM      YEAR
                                                  NORMAL
..................................................................
TEMPERATURE (F)
 YESTERDAY
  MAXIMUM         49    407 PM  81    2012  52     -3       51
  MINIMUM         27    605 AM   6    1960  33     -6       33
  AVERAGE         38                        43     -5

PRECIPITATION (IN)
  YESTERDAY        0.00          1.24 1992   0.08  -0.08     0.00
  MONTH TO DATE    1.73                      1.37   0.36     1.38
  SINCE MAR 1      1.73                      1.37   0.36     1.38
  SINCE JAN 1      4.83                      4.77   0.06     5.50

DEGREE DAYS
 HEATING
  YESTERDAY       27                        22      5
  MONTH TO DATE  575                       463    112
  SINCE MAR 1    575                       463    112
  SINCE JUL 1   5066                      4805    261

 COOLING
  YESTERDAY        0                         0      0
  MONTH TO DATE    0                         0      0
  SINCE MAR 1      0                         0      0
  SINCE JAN 1      0                         0      0
..................................................................


WIND (MPH)
  HIGHEST WIND SPEED    13   HIGHEST WIND DIRECTION    NW (330)
  HIGHEST GUST SPEED    18   HIGHEST GUST DIRECTION    NW (330)
  AVERAGE WIND SPEED     4.9


SKY COVER
  AVERAGE SKY COVER 0.1



RELATIVE HUMIDITY (PERCENT)
 HIGHEST    92           400 AM
 LOWEST     34           400 PM
 AVERAGE    63

..........................................................


THE QUINCY IL CLIMATE NORMALS FOR TODAY
                         NORMAL    RECORD    YEAR
 MAXIMUM TEMPERATURE (F)   53        80      2012
 MINIMUM TEMPERATURE (F)   34        -2      1923


SUNRISE AND SUNSET
MARCH 19 2019.........SUNRISE   710 AM CDT   SUNSET   716 PM CDT
MARCH 20 2019.........SUNRISE   709 AM CDT   SUNSET   717 PM CDT


-  INDICATES NEGATIVE NUMBERS.
R  INDICATES RECORD WAS SET OR TIED.
MM INDICATES DATA IS MISSING.
T  INDICATES TRACE AMOUNT.




$$
