000
CDUS43 KLSX 230745
CLIUIN


CLIMATE REPORT
NATIONAL WEATHER SERVICE ST LOUIS MO
245 AM CDT THU MAY 23 2019


...................................

...THE QUINCY IL CLIMATE SUMMARY FOR MAY 22 2019...

CLIMATE NORMAL PERIOD 1981 TO 2010
CLIMATE RECORD PERIOD 1901 TO 2019


WEATHER ITEM   OBSERVED TIME   RECORD YEAR NORMAL DEPARTURE LAST
                VALUE   (LST)  VALUE       VALUE  FROM      YEAR
                                                  NORMAL
..................................................................
TEMPERATURE (F)
 YESTERDAY
  MAXIMUM         83    317 PM  94    1925  74      9       83
  MINIMUM         57    513 AM  38    1963  55      2       59
  AVERAGE         70                        65      5

PRECIPITATION (IN)
  YESTERDAY        0.11          2.58 1968   0.15  -0.04     0.00
  MONTH TO DATE    4.66                      3.14   1.52     1.41
  SINCE MAR 1     14.17                      9.29   4.88     5.42
  SINCE JAN 1     17.27                     12.69   4.58     9.54

DEGREE DAYS
 HEATING
  YESTERDAY        0                         3     -3
  MONTH TO DATE  147                       114     33
  SINCE MAR 1   1305                      1202    103
  SINCE JUL 1   5796                      5544    252

 COOLING
  YESTERDAY        5                         3      2
  MONTH TO DATE   39                        36      3
  SINCE MAR 1     49                        54     -5
  SINCE JAN 1     49                        54     -5
..................................................................


WIND (MPH)
  HIGHEST WIND SPEED    30   HIGHEST WIND DIRECTION    NW (300)
  HIGHEST GUST SPEED    44   HIGHEST GUST DIRECTION    NW (300)
  AVERAGE WIND SPEED    12.6


SKY COVER
  AVERAGE SKY COVER 0.3



RELATIVE HUMIDITY (PERCENT)
 HIGHEST    93          1200 AM
 LOWEST     46           500 PM
 AVERAGE    70

..........................................................


THE QUINCY IL CLIMATE NORMALS FOR TODAY
                         NORMAL    RECORD    YEAR
 MAXIMUM TEMPERATURE (F)   75        93      1921
 MINIMUM TEMPERATURE (F)   55        40      1963
                                             1917


SUNRISE AND SUNSET
MAY 23 2019...........SUNRISE   543 AM CDT   SUNSET   820 PM CDT
MAY 24 2019...........SUNRISE   543 AM CDT   SUNSET   821 PM CDT


-  INDICATES NEGATIVE NUMBERS.
R  INDICATES RECORD WAS SET OR TIED.
MM INDICATES DATA IS MISSING.
T  INDICATES TRACE AMOUNT.




$$
