000
CDUS43 KLSX 220740
CLIUIN


CLIMATE REPORT
NATIONAL WEATHER SERVICE ST LOUIS MO
237 AM CDT TUE MAY 22 2018


...................................

...THE QUINCY IL CLIMATE SUMMARY FOR MAY 21 2018...

CLIMATE NORMAL PERIOD 1981 TO 2010
CLIMATE RECORD PERIOD 1901 TO 2018


WEATHER ITEM   OBSERVED TIME   RECORD YEAR NORMAL DEPARTURE LAST
                VALUE   (LST)  VALUE       VALUE  FROM      YEAR
                                                  NORMAL
..................................................................
TEMPERATURE (F)
 YESTERDAY
  MAXIMUM         80    359 PM  95    1925  74      6       62
  MINIMUM         64    251 AM  38    2002  54     10       49
  AVERAGE         72                        64      8

PRECIPITATION (IN)
  YESTERDAY        0.25          1.23 1933   0.16   0.09     0.00
  MONTH TO DATE    1.41                      2.99  -1.58     3.43
  SINCE MAR 1      5.42                      9.14  -3.72    13.42
  SINCE JAN 1      9.54                     12.54  -3.00    15.47

DEGREE DAYS
 HEATING
  YESTERDAY        0                         3     -3
  MONTH TO DATE    0                       111   -111
  SINCE MAR 1   1348                      1199    149
  SINCE JUL 1   5515                      5541    -26

 COOLING
  YESTERDAY        7                         3      4
  MONTH TO DATE  121                        33     88
  SINCE MAR 1    128                        51     77
  SINCE JAN 1    128                        51     77
..................................................................


WIND (MPH)
  HIGHEST WIND SPEED    21   HIGHEST WIND DIRECTION     E (110)
  HIGHEST GUST SPEED    27   HIGHEST GUST DIRECTION     E (110)
  AVERAGE WIND SPEED     6.7


SKY COVER
  AVERAGE SKY COVER 0.9



RELATIVE HUMIDITY (PERCENT)
 HIGHEST   100           500 AM
 LOWEST     58           400 PM
 AVERAGE    79

..........................................................


THE QUINCY IL CLIMATE NORMALS FOR TODAY
                         NORMAL    RECORD    YEAR
 MAXIMUM TEMPERATURE (F)   74        94      1925
 MINIMUM TEMPERATURE (F)   55        38      1963


SUNRISE AND SUNSET
MAY 22 2018...........SUNRISE   544 AM CDT   SUNSET   820 PM CDT
MAY 23 2018...........SUNRISE   543 AM CDT   SUNSET   820 PM CDT


-  INDICATES NEGATIVE NUMBERS.
R  INDICATES RECORD WAS SET OR TIED.
MM INDICATES DATA IS MISSING.
T  INDICATES TRACE AMOUNT.




$$
