000
CDUS46 KEKA 240054
CLIUKI


CLIMATE REPORT
NATIONAL WEATHER SERVICE EUREKA CA
554 PM PDT SAT MAR 23 2019


...................................

...THE UKIAH CA CLIMATE SUMMARY FOR MARCH 23 2019...
VALID TODAY AS OF 0500 PM LOCAL TIME.

CLIMATE NORMAL PERIOD 1981 TO 2010
CLIMATE RECORD PERIOD 1903 TO 2019


WEATHER ITEM   OBSERVED RECORD YEAR NORMAL DEPARTURE LAST
                VALUE   VALUE       VALUE  FROM      YEAR
                                           NORMAL
...........................................................
TEMPERATURE (F)
 TODAY
  MAXIMUM         60     90    1926  64     -4       53
  MINIMUM         41     27    1898  40      1       37
  AVERAGE         51                 52     -1       45

PRECIPITATION (IN)
  TODAY            T      2.49 1948   0.15  -0.15     0.58
  MONTH TO DATE    3.78               4.25  -0.47     5.67
  SINCE OCT 1     37.20              31.18   6.02    18.22
  SINCE JAN 1     28.25              17.80  10.45    12.64

SNOWFALL (IN)
  TODAY           MM     MM          MM     MM       MM
  MONTH TO DATE    0.0               MM     MM        0.0
  SINCE MAR 1      0.0               MM     MM        0.0
  SINCE JUL 1      0.0               MM     MM        0.0
  SNOW DEPTH       0

...........................................................


WIND (MPH)
  HIGHEST WIND SPEED    18   HIGHEST WIND DIRECTION    NW (320)
  HIGHEST GUST SPEED    24   HIGHEST GUST DIRECTION    NW (310)
  AVERAGE WIND SPEED     3.8


SKY COVER
  AVERAGE SKY COVER 0.2


WEATHER CONDITIONS
 THE FOLLOWING WEATHER WAS RECORDED TODAY.
  LIGHT RAIN
  FOG


RELATIVE HUMIDITY (PERCENT)
 HIGHEST    96
 LOWEST     40
 AVERAGE    68

..........................................................


THE UKIAH CA CLIMATE NORMALS FOR TOMORROW
                         NORMAL    RECORD    YEAR
 MAXIMUM TEMPERATURE (F)   64        92      1926
 MINIMUM TEMPERATURE (F)   40        25      1995


SUNRISE AND SUNSET
MARCH 23 2019.........SUNRISE   712 AM PDT   SUNSET   728 PM PDT
MARCH 24 2019.........SUNRISE   710 AM PDT   SUNSET   729 PM PDT


-  INDICATES NEGATIVE NUMBERS.
R  INDICATES RECORD WAS SET OR TIED.
MM INDICATES DATA IS MISSING.
T  INDICATES TRACE AMOUNT.




$$
