000
CDUS43 KSGF 172226
CLIUNO


CLIMATE REPORT
NATIONAL WEATHER SERVICE SPRINGFIELD MO
526 PM CDT MON JUN 17 2019


...................................

...THE WEST PLAINS MO CLIMATE SUMMARY FOR JUNE 17 2019...
VALID TODAY AS OF 0500 PM LOCAL TIME.

CLIMATE NORMAL PERIOD 1981 TO 2010
CLIMATE RECORD PERIOD 1947 TO 2019


WEATHER ITEM   OBSERVED TIME   RECORD YEAR NORMAL DEPARTURE LAST
                VALUE   (LST)  VALUE       VALUE  FROM      YEAR
                                                  NORMAL
..................................................................
TEMPERATURE (F)
 TODAY
  MAXIMUM         81   1250 PM  96    1953  85     -4       91
  MINIMUM         67    453 AM  45    1961  64      3       76
  AVERAGE         74                        74      0       84

PRECIPITATION (IN)
  TODAY            1.49R         1.17 2006   0.14   1.35     0.04
  MONTH TO DATE    5.86                      2.25   3.61     0.52
  SINCE JUN 1      5.86                      2.25   3.61     0.52
  SINCE JAN 1     34.61                     21.52  13.09    23.26

DEGREE DAYS
 COOLING
  TODAY            9                         9      0       19
  MONTH TO DATE  113                       126    -13      222
  SINCE JUN 1    113                       126    -13      222
  SINCE JAN 1    277                       248     29      476
..................................................................


WIND (MPH)
  HIGHEST WIND SPEED    15   HIGHEST WIND DIRECTION    SE (120)
  HIGHEST GUST SPEED    19   HIGHEST GUST DIRECTION    SE (120)


SKY COVER
  AVERAGE SKY COVER 0.6


WEATHER CONDITIONS
 THE FOLLOWING WEATHER WAS RECORDED TODAY.
  THUNDERSTORM
  HEAVY RAIN
  LIGHT RAIN
  FOG


RELATIVE HUMIDITY (PERCENT)
 HIGHEST   100           500 AM
 LOWEST     62           100 PM
 AVERAGE    81

..........................................................


THE WEST PLAINS MO CLIMATE NORMALS FOR TOMORROW
                         NORMAL    RECORD    YEAR
 MAXIMUM TEMPERATURE (F)   85       101      1953
 MINIMUM TEMPERATURE (F)   64        49      1999


SUNRISE AND SUNSET
JUNE 17 2019..........SUNRISE   548 AM CDT   SUNSET   829 PM CDT
JUNE 18 2019..........SUNRISE   548 AM CDT   SUNSET   829 PM CDT


-  INDICATES NEGATIVE NUMBERS.
R  INDICATES RECORD WAS SET OR TIED.
MM INDICATES DATA IS MISSING.
T  INDICATES TRACE AMOUNT.




$$
