000
CDUS43 KSGF 262227
CLIUNO


CLIMATE REPORT
NATIONAL WEATHER SERVICE SPRINGFIELD MO
526 PM CDT TUE MAR 26 2019


...................................

...THE WEST PLAINS MO CLIMATE SUMMARY FOR MARCH 26 2019...
VALID TODAY AS OF 0500 PM LOCAL TIME.

CLIMATE NORMAL PERIOD 1981 TO 2010
CLIMATE RECORD PERIOD 1947 TO 2019


WEATHER ITEM   OBSERVED TIME   RECORD YEAR NORMAL DEPARTURE LAST
                VALUE   (LST)  VALUE       VALUE  FROM      YEAR
                                                  NORMAL
..................................................................
TEMPERATURE (F)
 TODAY
  MAXIMUM         61    356 PM  82    1956  63     -2       58
  MINIMUM         37    310 AM   7    1955  39     -2       41
  AVERAGE         49                        51     -2       50

PRECIPITATION (IN)
  TODAY            0.00          0.88 2002   0.15  -0.15     0.29
  MONTH TO DATE    2.78                      3.46  -0.68     1.61
  SINCE MAR 1      2.78                      3.46  -0.68     1.61
  SINCE JAN 1     12.32                      9.02   3.30    10.84

DEGREE DAYS
 COOLING
  TODAY            0                         0      0        0
  MONTH TO DATE    0                         0      0        0
  SINCE MAR 1      0                         0      0        0
  SINCE JAN 1      0                         0      0        6
..................................................................


WIND (MPH)
  HIGHEST WIND SPEED    15   HIGHEST WIND DIRECTION    NW (330)
  HIGHEST GUST SPEED    23   HIGHEST GUST DIRECTION    NW (330)


SKY COVER
  AVERAGE SKY COVER 0.4


WEATHER CONDITIONS
 THE FOLLOWING WEATHER WAS RECORDED TODAY.
  NO SIGNIFICANT WEATHER WAS OBSERVED.


RELATIVE HUMIDITY (PERCENT)
 HIGHEST    92           200 AM
 LOWEST     36           400 PM
 AVERAGE    64

..........................................................


THE WEST PLAINS MO CLIMATE NORMALS FOR TOMORROW
                         NORMAL    RECORD    YEAR
 MAXIMUM TEMPERATURE (F)   64        81      1991
 MINIMUM TEMPERATURE (F)   39        14      1955


SUNRISE AND SUNSET
MARCH 26 2019.........SUNRISE   703 AM CDT   SUNSET   725 PM CDT
MARCH 27 2019.........SUNRISE   701 AM CDT   SUNSET   726 PM CDT


-  INDICATES NEGATIVE NUMBERS.
R  INDICATES RECORD WAS SET OR TIED.
MM INDICATES DATA IS MISSING.
T  INDICATES TRACE AMOUNT.




$$
