000
CDUS43 KUNR 230843
CLIUNR


CLIMATE REPORT
NATIONAL WEATHER SERVICE RAPID CITY SD
239 AM MDT THU MAY 23 2019


...................................

...THE EAST RAPID CITY SD CLIMATE SUMMARY FOR MAY 22 2019...

CLIMATE NORMAL PERIOD 1981 TO 2010
CLIMATE RECORD PERIOD 1888 TO 2019


WEATHER ITEM   OBSERVED RECORD YEAR NORMAL DEPARTURE LAST
                VALUE   VALUE       VALUE  FROM      YEAR
                                           NORMAL
...........................................................
TEMPERATURE (F)
 YESTERDAY
  MAXIMUM         47     89    2006  68    -21       79
  MINIMUM         31     30    1963  47    -16       53
  AVERAGE         39                 58    -19       66

PRECIPITATION (IN)
  YESTERDAY        0.18   3.03 2008   0.16   0.02     0.31
  MONTH TO DATE    4.82               2.84   1.98     3.39
  SINCE MAR 1      8.26               5.93   2.33     6.65
  SINCE JAN 1      9.28               6.70   2.58     7.84

SNOWFALL (IN)
  YESTERDAY        0.5 R  0.0  2002   0.0    0.5      0.0
                               2001
                               2000
  MONTH TO DATE    6.4                1.9    4.5      0.0
  SINCE MAR 1     35.0               22.5   12.5     34.3
  SINCE JUL 1     80.2               49.2   31.0     66.4
  SNOW DEPTH       2

DEGREE DAYS
 HEATING
  YESTERDAY       26                  8     18        0
  MONTH TO DATE  427                245    182      183
  SINCE MAR 1   2105               1757    348     1890
  SINCE JUL 1   7551               6711    840     6992

 COOLING
  YESTERDAY        0                  1     -1        1
  MONTH TO DATE    3                  6     -3       15
  SINCE MAR 1      3                  7     -4       15
  SINCE JAN 1      3                  7     -4       15
...........................................................


WIND (MPH)
  HIGHEST GUST SPEED    37   HIGHEST GUST DIRECTION    NW (330)



WEATHER CONDITIONS
 THE FOLLOWING WEATHER WAS RECORDED YESTERDAY.
  LIGHT RAIN
  LIGHT SNOW


..........................................................


THE EAST RAPID CITY SD CLIMATE NORMALS FOR TODAY
                         NORMAL    RECORD    YEAR
 MAXIMUM TEMPERATURE (F)   69        88      1931
 MINIMUM TEMPERATURE (F)   47        31      2002


SUNRISE AND SUNSET
MAY 23 2019...........SUNRISE   519 AM MDT   SUNSET   821 PM MDT
MAY 24 2019...........SUNRISE   518 AM MDT   SUNSET   822 PM MDT


-  INDICATES NEGATIVE NUMBERS.
R  INDICATES RECORD WAS SET OR TIED.
MM INDICATES DATA IS MISSING.
T  INDICATES TRACE AMOUNT.




$$
