933
CDUS43 KUNR 200839
CLIUNR


CLIMATE REPORT
NATIONAL WEATHER SERVICE RAPID CITY SD
237 AM MDT WED MAR 20 2019


...................................

...THE EAST RAPID CITY SD CLIMATE SUMMARY FOR MARCH 19 2019...

CLIMATE NORMAL PERIOD 1981 TO 2010
CLIMATE RECORD PERIOD 1888 TO 2019


WEATHER ITEM   OBSERVED RECORD YEAR NORMAL DEPARTURE LAST
                VALUE   VALUE       VALUE  FROM      YEAR
                                           NORMAL
...........................................................
TEMPERATURE (F)
 YESTERDAY
  MAXIMUM         42     74    2004  48     -6       32
  MINIMUM         27     -1    1965  26      1       26
  AVERAGE         35                 37     -2       29

PRECIPITATION (IN)
  YESTERDAY        0.00   0.44 2006   0.03  -0.03      T
  MONTH TO DATE    0.91               0.49   0.42     0.98
  SINCE MAR 1      0.91               0.49   0.42     0.98
  SINCE JAN 1      1.93               1.26   0.67     2.17

SNOWFALL (IN)
  YESTERDAY        0.0    6.8  2006   0.5   -0.5       T
  MONTH TO DATE   11.8                7.0    4.8     10.5
  SINCE MAR 1     11.8                7.0    4.8     10.5
  SINCE JUL 1     57.0               33.7   23.3     42.6
  SNOW DEPTH       T

DEGREE DAYS
 HEATING
  YESTERDAY       30                 28      2       36
  MONTH TO DATE  801                588    213      621
  SINCE MAR 1    801                588    213      621
  SINCE JUL 1   6247               5542    705     5723

 COOLING
  YESTERDAY        0                  0      0        0
  MONTH TO DATE    0                  0      0        0
  SINCE MAR 1      0                  0      0        0
  SINCE JAN 1      0                  0      0        0
...........................................................


WIND (MPH)
  HIGHEST GUST SPEED    31   HIGHEST GUST DIRECTION     N (340)



WEATHER CONDITIONS
 THE FOLLOWING WEATHER WAS RECORDED YESTERDAY.
  NO SIGNIFICANT WEATHER WAS OBSERVED.


..........................................................


THE EAST RAPID CITY SD CLIMATE NORMALS FOR TODAY
                         NORMAL    RECORD    YEAR
 MAXIMUM TEMPERATURE (F)   48        79      2007
 MINIMUM TEMPERATURE (F)   26       -12      1913


SUNRISE AND SUNSET
MARCH 20 2019.........SUNRISE   656 AM MDT   SUNSET   705 PM MDT
MARCH 21 2019.........SUNRISE   655 AM MDT   SUNSET   706 PM MDT


-  INDICATES NEGATIVE NUMBERS.
R  INDICATES RECORD WAS SET OR TIED.
MM INDICATES DATA IS MISSING.
T  INDICATES TRACE AMOUNT.




$$
