078
CDUS44 KCRP 220948
CLIVCT

CLIMATE REPORT
NATIONAL WEATHER SERVICE CORPUS CHRISTI TX
446 AM CDT FRI MAR 22 2019

...THE VICTORIA CLIMATE SUMMARY FOR MARCH 21 2019...

CLIMATE NORMAL PERIOD 1981 TO 2010
CLIMATE RECORD PERIOD 1893 TO 2019


WEATHER ITEM   OBSERVED TIME   RECORD YEAR NORMAL DEPARTURE LAST
                VALUE   (LST)  VALUE       VALUE  FROM      YEAR
                                                  NORMAL
..................................................................
TEMPERATURE (F)
 YESTERDAY
  MAXIMUM         79    425 PM  90    1916  75      4       76
  MINIMUM         50    301 AM  33    1996  54     -4       44
                                      1965
  AVERAGE         65                        64      1       60

PRECIPITATION (IN)
  YESTERDAY        0.00          1.41 1979   0.09  -0.09     0.00
  MONTH TO DATE    0.04                      1.78  -1.74     0.89
  SINCE MAR 1      0.04                      1.78  -1.74     0.89
  SINCE JAN 1      4.84                      6.38  -1.54     3.07

SNOWFALL (IN)
  YESTERDAY        0.0           0.0  2001   0.0    0.0      0.0
                                      2000
  MONTH TO DATE    0.0                       0.0    0.0      0.0
  SINCE MAR 1      0.0                       0.0    0.0      0.0
  SINCE JUL 1      T                         0.1   -0.1      2.0
  SNOW DEPTH       0

DEGREE DAYS
 HEATING
  YESTERDAY        0                         3     -3        5
  MONTH TO DATE  139                        99     40       54
  SINCE MAR 1    139                        99     40       54
  SINCE JUL 1   1185                      1192     -7     1101

 COOLING
  YESTERDAY        0                         3     -3        0
  MONTH TO DATE   69                        42     27       76
  SINCE MAR 1     69                        42     27       76
  SINCE JAN 1    110                        80     30      166
..................................................................


WIND (MPH)
  HIGHEST WIND SPEED    13   HIGHEST WIND DIRECTION     S (180)
  HIGHEST GUST SPEED    15   HIGHEST GUST DIRECTION     E (70)
  AVERAGE WIND SPEED     4.9


SKY COVER
  POSSIBLE SUNSHINE  MM
  AVERAGE SKY COVER 0.3


WEATHER CONDITIONS
 THE FOLLOWING WEATHER WAS RECORDED YESTERDAY.
  FOG
  HAZE


RELATIVE HUMIDITY (PERCENT)
 HIGHEST    96           100 AM
 LOWEST     32           500 PM
 AVERAGE    64

..........................................................


THE VICTORIA CLIMATE NORMALS FOR TODAY
                         NORMAL    RECORD    YEAR
 MAXIMUM TEMPERATURE (F)   76        96      1916
 MINIMUM TEMPERATURE (F)   54        31      1915


SUNRISE AND SUNSET
MARCH 22 2019.........SUNRISE   729 AM CDT   SUNSET   740 PM CDT
MARCH 23 2019.........SUNRISE   728 AM CDT   SUNSET   741 PM CDT


-  INDICATES NEGATIVE NUMBERS.
R  INDICATES RECORD WAS SET OR TIED.
MM INDICATES DATA IS MISSING.
T  INDICATES TRACE AMOUNT.

$$

87
