000
CDUS44 KCRP 270654
CLIVCT

CLIMATE REPORT
NATIONAL WEATHER SERVICE CORPUS CHRISTI TX
154 AM CDT MON MAY 27 2019


...................................

...THE VICTORIA CLIMATE SUMMARY FOR MAY 26 2019...

CLIMATE NORMAL PERIOD 1981 TO 2010
CLIMATE RECORD PERIOD 1893 TO 2019


WEATHER ITEM   OBSERVED TIME   RECORD YEAR NORMAL DEPARTURE LAST
                VALUE   (LST)  VALUE       VALUE  FROM      YEAR
                                                  NORMAL
..................................................................
TEMPERATURE (F)
 YESTERDAY
  MAXIMUM         90    217 PM  97    1928  89      1       96
  MINIMUM         73   1028 PM  56    1913  70      3       70
  AVERAGE         82                        79      3       83

PRECIPITATION (IN)
  YESTERDAY        0.00          4.41 2007   0.18  -0.18     0.00
  MONTH TO DATE    2.46                      4.35  -1.89     0.47
  SINCE MAR 1      5.08                      9.94  -4.86     3.81
  SINCE JAN 1      9.88                     14.54  -4.66     5.99

SNOWFALL (IN)
  YESTERDAY        0.0           0.0  2002   0.0    0.0      0.0
                                      2000
  MONTH TO DATE    0.0                       0.0    0.0      0.0
  SINCE MAR 1      0.0                       0.0    0.0      0.0
  SINCE JUL 1      T                         0.1   -0.1      2.0
  SNOW DEPTH       0

DEGREE DAYS
 HEATING
  YESTERDAY        0                         0      0        0
  MONTH TO DATE    0                         0      0        0
  SINCE MAR 1    190                       155     35       86
  SINCE JUL 1   1236                      1248    -12     1133

 COOLING
  YESTERDAY       17                        14      3       18
  MONTH TO DATE  342                       297     45      373
  SINCE MAR 1    640                       548     92      654
  SINCE JAN 1    681                       586     95      744
..................................................................


WIND (MPH)
  HIGHEST WIND SPEED    22   HIGHEST WIND DIRECTION    SE (150)
  HIGHEST GUST SPEED    27   HIGHEST GUST DIRECTION     S (170)
  AVERAGE WIND SPEED    12.0


SKY COVER
  POSSIBLE SUNSHINE  MM
  AVERAGE SKY COVER 0.5


WEATHER CONDITIONS
 THE FOLLOWING WEATHER WAS RECORDED YESTERDAY.
  FOG


RELATIVE HUMIDITY (PERCENT)
 HIGHEST    93           300 AM
 LOWEST     50           200 PM
 AVERAGE    72

..........................................................


THE VICTORIA CLIMATE NORMALS FOR TODAY
                         NORMAL    RECORD    YEAR
 MAXIMUM TEMPERATURE (F)   89       102      1928
 MINIMUM TEMPERATURE (F)   70        57      1913


SUNRISE AND SUNSET
MAY 27 2019...........SUNRISE   631 AM CDT   SUNSET   819 PM CDT
MAY 28 2019...........SUNRISE   631 AM CDT   SUNSET   819 PM CDT


-  INDICATES NEGATIVE NUMBERS.
R  INDICATES RECORD WAS SET OR TIED.
MM INDICATES DATA IS MISSING.
T  INDICATES TRACE AMOUNT.




$$
