000
CDUS45 KGJT 230756
CLIVEL


CLIMATE REPORT
NATIONAL WEATHER SERVICE GRAND JUNCTION CO
155 AM MDT THU MAY 23 2019


...................................

...THE VERNAL UT CLIMATE SUMMARY FOR MAY 22 2019...

CLIMATE NORMAL PERIOD 1981 TO 2010
CLIMATE RECORD PERIOD 9999 TO 9999


WEATHER ITEM   OBSERVED TIME   RECORD YEAR NORMAL DEPARTURE LAST
                VALUE   (LST)  VALUE       VALUE  FROM      YEAR
                                                  NORMAL
..................................................................
TEMPERATURE (F)
 YESTERDAY
  MAXIMUM         58    450 PM  MM      MM  72    -14       74
  MINIMUM         40    623 AM  MM      MM  45     -5       48
  AVERAGE         49                        58     -9       61

PRECIPITATION (IN)
  YESTERDAY        0.32         MM      MM   0.03   0.29      T
  MONTH TO DATE    0.78                      0.66   0.12     0.24
  SINCE MAR 1      3.35                      2.16   1.19     1.27
  SINCE JAN 1      6.31                      3.18   3.13     2.36

SNOWFALL (IN)
  YESTERDAY       MM            MM      MM   0.0   MM       MM
  MONTH TO DATE   MM                         0.0   MM       MM
  SINCE MAR 1     MM                         1.6   MM       MM
  SINCE JUL 1     MM                        17.5   MM       MM
  SNOW DEPTH      MM

DEGREE DAYS
 HEATING
  YESTERDAY       16                         7      9        4
  MONTH TO DATE  272                       218     54       91
  SINCE MAR 1   1681                      1606     75     1298
  SINCE JUL 1   7369                      7097    272     6024

 COOLING
  YESTERDAY        0                         0      0        0
  MONTH TO DATE    1                         0      1       10
  SINCE MAR 1      1                         0      1       10
  SINCE JAN 1      1                         0      1       10
..................................................................


WIND (MPH)
  HIGHEST WIND SPEED    25   HIGHEST WIND DIRECTION    SE (120)
  HIGHEST GUST SPEED    39   HIGHEST GUST DIRECTION    SE (120)
  AVERAGE WIND SPEED    10.1


SKY COVER
  POSSIBLE SUNSHINE  MM
  AVERAGE SKY COVER 1.0


WEATHER CONDITIONS
 THE FOLLOWING WEATHER WAS RECORDED YESTERDAY.
  RAIN
  LIGHT RAIN
  FOG
  HAZE


RELATIVE HUMIDITY (PERCENT)
 HIGHEST    85           400 AM
 LOWEST     39           500 PM
 AVERAGE    62

..........................................................


THE VERNAL UT CLIMATE NORMALS FOR TODAY
                         NORMAL    RECORD    YEAR
 MAXIMUM TEMPERATURE (F)   72        MM        MM
 MINIMUM TEMPERATURE (F)   45        MM        MM


SUNRISE AND SUNSET
MAY 23 2019...........SUNRISE   555 AM MDT   SUNSET   835 PM MDT
MAY 24 2019...........SUNRISE   554 AM MDT   SUNSET   836 PM MDT


-  INDICATES NEGATIVE NUMBERS.
R  INDICATES RECORD WAS SET OR TIED.
MM INDICATES DATA IS MISSING.
T  INDICATES TRACE AMOUNT.




$$
