000
CDUS45 KVEF 240027
CLIVGT


CLIMATE REPORT
NATIONAL WEATHER SERVICE LAS VEGAS, NV
526 PM PDT SAT MAR 23 2019


...................................

...THE NORTH_LAS_VEGAS NV CLIMATE SUMMARY FOR MARCH 23 2019...
VALID TODAY AS OF 0500 PM LOCAL TIME.

CLIMATE NORMAL PERIOD 1981 TO 2010
CLIMATE RECORD PERIOD 2000 TO 2019


WEATHER ITEM   OBSERVED TIME   RECORD YEAR NORMAL DEPARTURE LAST
                VALUE   (LST)  VALUE       VALUE  FROM      YEAR
                                                  NORMAL
..................................................................
TEMPERATURE (F)
 TODAY
  MAXIMUM         72        MM  88    2004  72      0       72
  MINIMUM         50        MM  40    2011  49      1       55
  AVERAGE         61                        60      1       64

PRECIPITATION (IN)
  TODAY            0.00          0.01 2005   0.01  -0.01      T
  MONTH TO DATE    0.45                      0.48  -0.03     0.35
  SINCE OCT 1      4.47                      3.47   0.00     1.63
  SINCE JAN 1      3.84                      2.06   1.78     1.63

SNOWFALL (IN)
  TODAY            0.0          MM      MM  MM               0.0
  MONTH TO DATE    0.0                      MM               0.0
  SINCE MAR 1      0.0                      MM               0.0
  SINCE JUL 1      T                        MM               0.0

DEGREE DAYS
 HEATING
  TODAY            4                         6     -2        1
  MONTH TO DATE  166                       178    -12      171
  SINCE MAR 1    166                       178    -12      171
  SINCE JUL 1   1974                      1939     35     1431

 COOLING
  TODAY            0                         1     -1        0
  MONTH TO DATE    0                        13    -13        0
  SINCE MAR 1      0                        13    -13        0
  SINCE JAN 1      0                        13    -13        0
..................................................................


WIND (MPH)
  RESULTANT WIND SPEED   5   RESULTANT WIND DIRECTION  SW (210)
  HIGHEST WIND SPEED    22   HIGHEST WIND DIRECTION     W (250)
  HIGHEST GUST SPEED    30   HIGHEST GUST DIRECTION     W (250)


SKY COVER
  POSSIBLE SUNSHINE  MM
  AVERAGE SKY COVER 0.0


WEATHER CONDITIONS
 THE FOLLOWING WEATHER WAS RECORDED TODAY.
  NO SIGNIFICANT WEATHER WAS OBSERVED.


RELATIVE HUMIDITY (PERCENT)
 HIGHEST    59           500 AM
 LOWEST     19           100 PM
 AVERAGE    39

..........................................................


THE NORTH_LAS_VEGAS NV CLIMATE NORMALS FOR TOMORROW
                         NORMAL    RECORD    YEAR
 MAXIMUM TEMPERATURE (F)   72        84      2004
 MINIMUM TEMPERATURE (F)   49        41      2013


SUNRISE AND SUNSET
MARCH 23 2019.........SUNRISE   640 AM PDT   SUNSET   655 PM PDT
MARCH 24 2019.........SUNRISE   639 AM PDT   SUNSET   656 PM PDT


-  INDICATES NEGATIVE NUMBERS.
R  INDICATES RECORD WAS SET OR TIED.
MM INDICATES DATA IS MISSING.
T  INDICATES TRACE AMOUNT.




$$
