000
CDUS45 KVEF 210829
CLIVGT


CLIMATE REPORT
NATIONAL WEATHER SERVICE LAS VEGAS, NV
128 AM PDT TUE MAY 21 2019


...................................

...THE NORTH_LAS_VEGAS NV CLIMATE SUMMARY FOR MAY 20 2019...

CLIMATE NORMAL PERIOD 1981 TO 2010
CLIMATE RECORD PERIOD 2000 TO 2019


WEATHER ITEM   OBSERVED TIME   RECORD YEAR NORMAL DEPARTURE LAST
                VALUE   (LST)  VALUE       VALUE  FROM      YEAR
                                                  NORMAL
..................................................................
TEMPERATURE (F)
 YESTERDAY
  MAXIMUM         73    411 PM 101    2008  89    -16       91
  MINIMUM         53R   535 AM  56    2011  66    -13       67
                                      2002
  AVERAGE         63                        77    -14       79

PRECIPITATION (IN)
  YESTERDAY        0.00          0.00 2013   0.00   0.00     0.00
                                      2012
                                      2011
  MONTH TO DATE    0.54                      0.09   0.45     0.18
  SINCE OCT 1      5.57                      3.96   1.61     1.81
  SINCE JAN 1      4.94                      2.55   2.39     1.81

DEGREE DAYS
 HEATING
  YESTERDAY        2                         0      2        0
  MONTH TO DATE    3                         0      3       10
  SINCE JUL 1   2014                      2038    -24     1482

 COOLING
  YESTERDAY        0                        12    -12       14
  MONTH TO DATE  130                       192    -62      244
  SINCE JAN 1    302                       319    -17      465
..................................................................


WIND (MPH)
  HIGHEST WIND SPEED    25   HIGHEST WIND DIRECTION     N (360)
  HIGHEST GUST SPEED    32   HIGHEST GUST DIRECTION     N (350)
  AVERAGE WIND SPEED    14.4


SKY COVER
  POSSIBLE SUNSHINE  MM
  AVERAGE SKY COVER 0.2


WEATHER CONDITIONS
 THE FOLLOWING WEATHER WAS RECORDED YESTERDAY.
  NO SIGNIFICANT WEATHER WAS OBSERVED.


RELATIVE HUMIDITY (PERCENT)
 HIGHEST    43           400 AM
 LOWEST     20           800 PM
 AVERAGE    32

..........................................................


THE NORTH_LAS_VEGAS NV CLIMATE NORMALS FOR TODAY
                         NORMAL    RECORD    YEAR
 MAXIMUM TEMPERATURE (F)   89       103      2012
 MINIMUM TEMPERATURE (F)   66        55      2002


SUNRISE AND SUNSET
MAY 21 2019...........SUNRISE   530 AM PDT   SUNSET   745 PM PDT
MAY 22 2019...........SUNRISE   530 AM PDT   SUNSET   746 PM PDT


-  INDICATES NEGATIVE NUMBERS.
R  INDICATES RECORD WAS SET OR TIED.
MM INDICATES DATA IS MISSING.
T  INDICATES TRACE AMOUNT.




$$
