000
CDUS43 KSGF 262226
CLIVIH


CLIMATE REPORT
NATIONAL WEATHER SERVICE SPRINGFIELD MO
526 PM CDT SUN MAY 26 2019


...................................

...THE VICHY-ROLLA MO CLIMATE SUMMARY FOR MAY 26 2019...
VALID TODAY AS OF 0500 PM LOCAL TIME.

CLIMATE NORMAL PERIOD 1981 TO 2010
CLIMATE RECORD PERIOD 1888 TO 2019


WEATHER ITEM   OBSERVED TIME   RECORD YEAR NORMAL DEPARTURE LAST
                VALUE   (LST)  VALUE       VALUE  FROM      YEAR
                                                  NORMAL
..................................................................
TEMPERATURE (F)
 TODAY
  MAXIMUM         79    359 PM  98    2012  77      2       87
  MINIMUM         70    646 AM  37    1901  56     14       64
  AVERAGE         75                        66      9       76

PRECIPITATION (IN)
  TODAY            T             2.23 1950   0.16  -0.16     0.00
  MONTH TO DATE    4.86                      4.21   0.65     4.72
  SINCE MAR 1     15.86                     11.88   3.98    10.10
  SINCE JAN 1     19.96                     15.98   3.98    17.15

DEGREE DAYS
 COOLING
  TODAY           10                         4      6       11
  MONTH TO DATE   86                        59     27      156
  SINCE MAR 1    117                        85     32      166
  SINCE JAN 1    117                        85     32      166
..................................................................


WIND (MPH)
  HIGHEST WIND SPEED    16   HIGHEST WIND DIRECTION     W (260)
  HIGHEST GUST SPEED    21   HIGHEST GUST DIRECTION     W (260)


SKY COVER
  AVERAGE SKY COVER 0.3


WEATHER CONDITIONS
 THE FOLLOWING WEATHER WAS RECORDED TODAY.
  NO SIGNIFICANT WEATHER WAS OBSERVED.


RELATIVE HUMIDITY (PERCENT)
 HIGHEST    84          1200 AM
 LOWEST     62           400 PM
 AVERAGE    73

..........................................................


THE VICHY-ROLLA MO CLIMATE NORMALS FOR TOMORROW
                         NORMAL    RECORD    YEAR
 MAXIMUM TEMPERATURE (F)   77        95      2012
 MINIMUM TEMPERATURE (F)   56        40      1961


SUNRISE AND SUNSET
MAY 26 2019...........SUNRISE   549 AM CDT   SUNSET   820 PM CDT
MAY 27 2019...........SUNRISE   548 AM CDT   SUNSET   821 PM CDT


-  INDICATES NEGATIVE NUMBERS.
R  INDICATES RECORD WAS SET OR TIED.
MM INDICATES DATA IS MISSING.
T  INDICATES TRACE AMOUNT.




$$
