489
CDUS42 KTAE 210635
CLIVLD


CLIMATE REPORT
NATIONAL WEATHER SERVICE TALLAHASSEE FL
233 AM EDT THU MAR 21 2019

...................................

...THE VALDOSTA CLIMATE SUMMARY FOR MARCH 20 2019...

CLIMATE NORMAL PERIOD 1981 TO 2010
CLIMATE RECORD PERIOD 1948 TO 2019


WEATHER ITEM   OBSERVED TIME   NORMAL DEPARTURE LAST
                VALUE   (LST)  VALUE  FROM      YEAR
                                      NORMAL
......................................................
TEMPERATURE (F)
 YESTERDAY
  MAXIMUM         66    428 PM  74     -8       83
  MINIMUM         40   1159 PM  48     -8       57
  AVERAGE         53            61     -8       70

PRECIPITATION (IN)
  YESTERDAY        0.00          0.16  -0.16     0.00
  MONTH TO DATE    2.47          3.21  -0.74     1.40
  SINCE MAR 1      2.47          3.21  -0.74     1.40
  SINCE JAN 1      8.11         11.94  -3.83     7.27

SNOWFALL (IN)
  YESTERDAY        0.0
  MONTH TO DATE    0.0
  SINCE MAR 1      0.0
  SINCE JUL 1      0.0

DEGREE DAYS
 HEATING
  YESTERDAY       12             5      7        0
  MONTH TO DATE  134           135     -1      209
  SINCE MAR 1    134           135     -1      209
  SINCE JUL 1   1269          1515   -246     1456

 COOLING
  YESTERDAY        0             1     -1        5
  MONTH TO DATE   34            20     14       28
  SINCE MAR 1     34            20     14       28
  SINCE JAN 1     85            30     55      111
......................................................


WIND (MPH)
  HIGHEST WIND SPEED    10   HIGHEST WIND DIRECTION     N (10)
  HIGHEST GUST SPEED    MM   HIGHEST GUST DIRECTION    MM
  AVERAGE WIND SPEED     5.3




RELATIVE HUMIDITY (PERCENT)
 HIGHEST    82
 LOWEST     28
 AVERAGE    55

..........................................................




SUNRISE AND SUNSET
MARCH 21 2019.........SUNRISE   736 AM EDT   SUNSET   745 PM EDT
MARCH 22 2019.........SUNRISE   735 AM EDT   SUNSET   746 PM EDT


-  INDICATES NEGATIVE NUMBERS.
R  INDICATES RECORD WAS SET OR TIED.
MM INDICATES DATA IS MISSING.
T  INDICATES TRACE AMOUNT.

$$
