000
CDUS43 KLOT 190636
CLIVPZ


CLIMATE REPORT
NATIONAL WEATHER SERVICE CHICAGO IL
136 AM CDT SUN MAY 19 2019


...................................

...THE VALPARAISO CLIMATE SUMMARY FOR MAY 18 2019...

CLIMATE NORMAL PERIOD 1981 TO 2010
CLIMATE RECORD PERIOD 1998 TO 2019


WEATHER ITEM   OBSERVED TIME   RECORD YEAR NORMAL DEPARTURE LAST
                VALUE   (LST)  VALUE       VALUE  FROM      YEAR
                                                  NORMAL
..................................................................
TEMPERATURE (F)
 YESTERDAY
  MAXIMUM         87    202 PM  90    1998  71     16       74
  MINIMUM         47   1221 AM  35    2002  49     -2       56
  AVERAGE         67                        60      7       65

PRECIPITATION (IN)
  YESTERDAY        0.08          0.14 2018   0.13  -0.05     0.14
  MONTH TO DATE    2.39                      2.26   0.13     2.96
  SINCE MAR 1      9.73                      8.27   1.46     5.26
  SINCE JAN 1     11.80                     11.44   0.36    11.28

DEGREE DAYS
 HEATING
  YESTERDAY        0                         7     -7        0
  MONTH TO DATE  160                       156      4       33
  SINCE MAR 1   1472                      1483    -11     1541
  SINCE JUL 1   5889                      6215   -326     5843

 COOLING
  YESTERDAY        2                         1      1        0
  MONTH TO DATE    4                        14    -10       46
  SINCE MAR 1      4                        19    -15       46
  SINCE JAN 1      4                        19    -15       46
..................................................................


WIND (MPH)
  RESULTANT WIND SPEED   4   RESULTANT WIND DIRECTION  SW (210)
  HIGHEST WIND SPEED    32   HIGHEST WIND DIRECTION    NW (300)
  HIGHEST GUST SPEED    43   HIGHEST GUST DIRECTION    NW (300)
  AVERAGE WIND SPEED     9.4



WEATHER CONDITIONS
 THE FOLLOWING WEATHER WAS RECORDED YESTERDAY.
  THUNDERSTORM
  LIGHT RAIN
  FOG
  FOG W/VISIBILITY <= 1/4 MILE
  HAZE


..........................................................


THE VALPARAISO CLIMATE NORMALS FOR TODAY
                         NORMAL    RECORD    YEAR
 MAXIMUM TEMPERATURE (F)   71        90      2012
                                             1998
 MINIMUM TEMPERATURE (F)   49        36      2002


SUNRISE AND SUNSET
MAY 19 2019...........SUNRISE   526 AM CDT   SUNSET   804 PM CDT
MAY 20 2019...........SUNRISE   525 AM CDT   SUNSET   805 PM CDT


-  INDICATES NEGATIVE NUMBERS.
R  INDICATES RECORD WAS SET OR TIED.
MM INDICATES DATA IS MISSING.
T  INDICATES TRACE AMOUNT.




$$
