000
CDUS42 KMLB 202018
CLIVRB


CLIMATE REPORT
NATIONAL WEATHER SERVICE MELBOURNE FL
418 PM EDT MON MAY 20 2019


...................................

...THE VERO BEACH CLIMATE SUMMARY FOR MAY 20 2019...
VALID TODAY AS OF 0400 PM LOCAL TIME.

CLIMATE NORMAL PERIOD 1981 TO 2010
CLIMATE RECORD PERIOD 1942 TO 2019


WEATHER ITEM   OBSERVED TIME   RECORD YEAR NORMAL DEPARTURE LAST
                VALUE   (LST)  VALUE       VALUE  FROM      YEAR
                                                  NORMAL
..................................................................
TEMPERATURE (F)
 TODAY
  MAXIMUM         86    227 PM  93    1981  85      1       81
  MINIMUM         70    555 AM  57    1979  69      1       70
                                      1967
  AVERAGE         78                        77      1       76

PRECIPITATION (IN)
  TODAY            0.28          1.39 2013   0.11   0.17     0.37
  MONTH TO DATE    4.45                      1.79   2.66     6.12
  SINCE MAR 1      8.31                      8.63  -0.32    10.99
  SINCE JAN 1     14.23                     13.80   0.43    14.20

SNOWFALL (IN)
  TODAY            0.0
  MONTH TO DATE    0.0
  SINCE JUL 1      0.0

DEGREE DAYS
 HEATING
  TODAY            0                         0      0        0
  MONTH TO DATE    0                         0      0        0
  SINCE MAR 1     26                        70    -44       98
  SINCE JUL 1    287                       455   -168      365

 COOLING
  TODAY           13                        12      1       11
  MONTH TO DATE  268                       204     64      223
  SINCE MAR 1    669                       523    146      560
  SINCE JAN 1    888                       662    226      849
..................................................................


WIND (MPH)
  HIGHEST WIND SPEED    16   HIGHEST WIND DIRECTION    NE (40)
  HIGHEST GUST SPEED    23   HIGHEST GUST DIRECTION    NE (40)
  AVERAGE WIND SPEED     7.1


SKY COVER
  AVERAGE SKY COVER 0.3


WEATHER CONDITIONS
 THE FOLLOWING WEATHER WAS RECORDED TODAY.
  HEAVY RAIN
  RAIN


RELATIVE HUMIDITY (PERCENT)
 HIGHEST    97           600 AM
 LOWEST     61          1200 PM
 AVERAGE    79

..........................................................


THE VERO BEACH CLIMATE NORMALS FOR TOMORROW
                         NORMAL    RECORD    YEAR
 MAXIMUM TEMPERATURE (F)   86        95      2015
                                             1962
 MINIMUM TEMPERATURE (F)   69        60      1994
                                             1973
                                             1972


SUNRISE AND SUNSET
MAY 20 2019...........SUNRISE   630 AM EDT   SUNSET   806 PM EDT
MAY 21 2019...........SUNRISE   630 AM EDT   SUNSET   807 PM EDT


-  INDICATES NEGATIVE NUMBERS.
R  INDICATES RECORD WAS SET OR TIED.
MM INDICATES DATA IS MISSING.
T  INDICATES TRACE AMOUNT.




$$
