000
CDUS42 KMLB 200628
CLIVRB


CLIMATE REPORT
NATIONAL WEATHER SERVICE MELBOURNE FL
227 AM EDT WED MAR 20 2019


...................................

...THE VERO BEACH CLIMATE SUMMARY FOR MARCH 19 2019...

CLIMATE NORMAL PERIOD 1981 TO 2010
CLIMATE RECORD PERIOD 1942 TO 2019


WEATHER ITEM   OBSERVED TIME   RECORD YEAR NORMAL DEPARTURE LAST
                VALUE   (LST)  VALUE       VALUE  FROM      YEAR
                                                  NORMAL
..................................................................
TEMPERATURE (F)
 YESTERDAY
  MAXIMUM         67    434 PM  89    2018  78    -11       89
                                      2003
                                      1980
  MINIMUM         62   1159 PM  43    1985  58      4       61
  AVERAGE         65                        68     -3       75

PRECIPITATION (IN)
  YESTERDAY        0.99          3.35 1998   0.15   0.84     0.00
  MONTH TO DATE    1.15                      2.44  -1.29     0.07
  SINCE MAR 1      1.15                      2.44  -1.29     0.07
  SINCE JAN 1      7.07                      7.61  -0.54     3.28

SNOWFALL (IN)
  YESTERDAY        0.0
  MONTH TO DATE    0.0
  SINCE JUL 1      0.0

DEGREE DAYS
 HEATING
  YESTERDAY        0                         2     -2        0
  MONTH TO DATE   21                        43    -22       77
  SINCE MAR 1     21                        43    -22       77
  SINCE JUL 1    282                       428   -146      344

 COOLING
  YESTERDAY        0                         4     -4       10
  MONTH TO DATE  107                        76     31       30
  SINCE MAR 1    107                        76     31       30
  SINCE JAN 1    326                       215    111      319
..................................................................


WIND (MPH)
  HIGHEST WIND SPEED    20   HIGHEST WIND DIRECTION    NE (60)
  HIGHEST GUST SPEED    25   HIGHEST GUST DIRECTION     E (70)
  AVERAGE WIND SPEED     9.3


SKY COVER
  AVERAGE SKY COVER 1.0


WEATHER CONDITIONS
 THE FOLLOWING WEATHER WAS RECORDED YESTERDAY.
  RAIN
  LIGHT RAIN
  FOG


RELATIVE HUMIDITY (PERCENT)
 HIGHEST   100          1100 PM
 LOWEST     73           200 PM
 AVERAGE    87

..........................................................


THE VERO BEACH CLIMATE NORMALS FOR TODAY
                         NORMAL    RECORD    YEAR
 MAXIMUM TEMPERATURE (F)   78        93      2003
 MINIMUM TEMPERATURE (F)   58        41      1981


SUNRISE AND SUNSET
MARCH 20 2019.........SUNRISE   726 AM EDT   SUNSET   733 PM EDT
MARCH 21 2019.........SUNRISE   725 AM EDT   SUNSET   733 PM EDT


-  INDICATES NEGATIVE NUMBERS.
R  INDICATES RECORD WAS SET OR TIED.
MM INDICATES DATA IS MISSING.
T  INDICATES TRACE AMOUNT.




$$
