000
CDUS41 KBTV 220546
CLIVSF


CLIMATE REPORT
NATIONAL WEATHER SERVICE BURLINGTON VT
146 AM EDT WED MAY 22 2019


...................................

...THE SPRINGFIELD VT CLIMATE SUMMARY FOR MAY 21 2019...

CLIMATE NORMAL PERIOD 1981 TO 2010
CLIMATE RECORD PERIOD 9999 TO 9999


WEATHER ITEM   OBSERVED TIME   NORMAL DEPARTURE LAST
                VALUE   (LST)  VALUE  FROM      YEAR
                                      NORMAL
......................................................
TEMPERATURE (F)
 YESTERDAY
  MAXIMUM         63    407 PM  69     -6       77
  MINIMUM         50    646 AM  44      6       44
  AVERAGE         57            56      1       61

PRECIPITATION (IN)
  YESTERDAY        T             0.13  -0.13     0.00
  MONTH TO DATE    2.54          2.26   0.28     0.67
  SINCE MAR 1      9.14          9.18  -0.04     7.06
  SINCE JAN 1     16.08         14.79   1.29    12.80

DEGREE DAYS
 HEATING
  YESTERDAY        8             9     -1        4
  MONTH TO DATE  269           241     28      146
  SINCE MAR 1   1975          1902     73     1912
  SINCE JUL 1   7438          7347     91     7126

 COOLING
  YESTERDAY        0             0      0        0
  MONTH TO DATE    3             0      3       10
  SINCE MAR 1      3             2      1       10
  SINCE JAN 1      3             2      1       10
......................................................


WIND (MPH)
  HIGHEST WIND SPEED    24   HIGHEST WIND DIRECTION     W (280)
  HIGHEST GUST SPEED    37   HIGHEST GUST DIRECTION     W (290)
  AVERAGE WIND SPEED    12.6


SKY COVER
  AVERAGE SKY COVER 0.7


WEATHER CONDITIONS
 THE FOLLOWING WEATHER WAS RECORDED YESTERDAY.
  NO SIGNIFICANT WEATHER WAS OBSERVED.


RELATIVE HUMIDITY (PERCENT)
 HIGHEST    59           200 AM
 LOWEST     32           600 PM
 AVERAGE    46

..........................................................


THE SPRINGFIELD VT CLIMATE NORMALS FOR TODAY
                         NORMAL    RECORD    YEAR
 MAXIMUM TEMPERATURE (F)   69        83      2009
 MINIMUM TEMPERATURE (F)   44        32      2007


SUNRISE AND SUNSET
MAY 22 2019...........SUNRISE   520 AM EDT   SUNSET   814 PM EDT
MAY 23 2019...........SUNRISE   519 AM EDT   SUNSET   815 PM EDT


-  INDICATES NEGATIVE NUMBERS.
R  INDICATES RECORD WAS SET OR TIED.
MM INDICATES DATA IS MISSING.
T  INDICATES TRACE AMOUNT.




$$
