000
CDUS41 KBTV 250548
CLIVSF


CLIMATE REPORT
NATIONAL WEATHER SERVICE BURLINGTON VT
146 AM EDT WED APR 25 2018


...................................

...THE SPRINGFIELD VT CLIMATE SUMMARY FOR APRIL 24 2018...

CLIMATE NORMAL PERIOD 1981 TO 2010
CLIMATE RECORD PERIOD 9999 TO 9999


WEATHER ITEM   OBSERVED TIME   NORMAL DEPARTURE LAST
                VALUE   (LST)  VALUE  FROM      YEAR
                                      NORMAL
......................................................
TEMPERATURE (F)
 YESTERDAY
  MAXIMUM         73    249 PM  60     13       73
  MINIMUM         28    522 AM  36     -8       30
  AVERAGE         51            48      3       52

PRECIPITATION (IN)
  YESTERDAY        0.00          0.10  -0.10     0.00
  MONTH TO DATE    2.42          3.00  -0.58     3.39
  SINCE MAR 1      4.49          6.30  -1.81     6.28
  SINCE JAN 1     10.23         11.91  -1.68     9.83

DEGREE DAYS
 HEATING
  YESTERDAY       14            17     -3       13
  MONTH TO DATE  674           530    144      429
  SINCE MAR 1   1668          1565    103     1552
  SINCE JUL 1   6882          7010   -128     6429

 COOLING
  YESTERDAY        0             0      0        0
  MONTH TO DATE    0             0      0        0
  SINCE MAR 1      0             0      0        0
  SINCE JAN 1      0             0      0        0
......................................................


WIND (MPH)
  HIGHEST WIND SPEED    21   HIGHEST WIND DIRECTION     S (180)
  HIGHEST GUST SPEED    27   HIGHEST GUST DIRECTION     S (180)
  AVERAGE WIND SPEED     5.2


SKY COVER
  AVERAGE SKY COVER 0.0


WEATHER CONDITIONS
 THE FOLLOWING WEATHER WAS RECORDED YESTERDAY.
  NO SIGNIFICANT WEATHER WAS OBSERVED.


RELATIVE HUMIDITY (PERCENT)
 HIGHEST    92           600 AM
 LOWEST     15           100 PM
 AVERAGE    54

..........................................................


THE SPRINGFIELD VT CLIMATE NORMALS FOR TODAY
                         NORMAL    RECORD    YEAR
 MAXIMUM TEMPERATURE (F)   61        89      2009
 MINIMUM TEMPERATURE (F)   36        24      2003


SUNRISE AND SUNSET
APRIL 25 2018.........SUNRISE   552 AM EDT   SUNSET   745 PM EDT
APRIL 26 2018.........SUNRISE   550 AM EDT   SUNSET   746 PM EDT


-  INDICATES NEGATIVE NUMBERS.
R  INDICATES RECORD WAS SET OR TIED.
MM INDICATES DATA IS MISSING.
T  INDICATES TRACE AMOUNT.




$$
