000
CDUS41 KBTV 230612
CLIVSF


CLIMATE REPORT
NATIONAL WEATHER SERVICE BURLINGTON VT
211 AM EDT SAT MAR 23 2019


...................................

...THE SPRINGFIELD VT CLIMATE SUMMARY FOR MARCH 22 2019...

CLIMATE NORMAL PERIOD 1981 TO 2010
CLIMATE RECORD PERIOD 9999 TO 9999


WEATHER ITEM   OBSERVED TIME   NORMAL DEPARTURE LAST
                VALUE   (LST)  VALUE  FROM      YEAR
                                      NORMAL
......................................................
TEMPERATURE (F)
 YESTERDAY
  MAXIMUM         37    319 PM  44     -7       46
  MINIMUM         32    632 AM  23      9       30
  AVERAGE         35            34      1       38

PRECIPITATION (IN)
  YESTERDAY        0.50          0.14   0.36     0.00
  MONTH TO DATE    1.28          2.07  -0.79     1.81
  SINCE MAR 1      1.28          2.07  -0.79     1.81
  SINCE JAN 1      8.22          7.68   0.54     7.55

DEGREE DAYS
 HEATING
  YESTERDAY       30            31     -1       27
  MONTH TO DATE  833           770     63      735
  SINCE MAR 1    833           770     63      735
  SINCE JUL 1   6296          6215     81     5949

 COOLING
  YESTERDAY        0             0      0        0
  MONTH TO DATE    0             0      0        0
  SINCE MAR 1      0             0      0        0
  SINCE JAN 1      0             0      0        0
......................................................


WIND (MPH)
  HIGHEST WIND SPEED    21   HIGHEST WIND DIRECTION     W (280)
  HIGHEST GUST SPEED    31   HIGHEST GUST DIRECTION    NW (300)
  AVERAGE WIND SPEED     6.9


SKY COVER
  AVERAGE SKY COVER 1.0


WEATHER CONDITIONS
 THE FOLLOWING WEATHER WAS RECORDED YESTERDAY.
  LIGHT RAIN
  LIGHT SNOW
  FOG


RELATIVE HUMIDITY (PERCENT)
 HIGHEST   100          1200 AM
 LOWEST     82           400 PM
 AVERAGE    91

..........................................................


THE SPRINGFIELD VT CLIMATE NORMALS FOR TODAY
                         NORMAL    RECORD    YEAR
 MAXIMUM TEMPERATURE (F)   45        71      2012
 MINIMUM TEMPERATURE (F)   23         7      2004


SUNRISE AND SUNSET
MARCH 23 2019.........SUNRISE   648 AM EDT   SUNSET   706 PM EDT
MARCH 24 2019.........SUNRISE   647 AM EDT   SUNSET   707 PM EDT


-  INDICATES NEGATIVE NUMBERS.
R  INDICATES RECORD WAS SET OR TIED.
MM INDICATES DATA IS MISSING.
T  INDICATES TRACE AMOUNT.




$$
