000
CDUS43 KLBF 230950
CLIVTN


CLIMATE REPORT
NATIONAL WEATHER SERVICE NORTH PLATTE
449 AM CDT SAT MAR 23 2019


...................................

...THE VALENTINE NE CLIMATE SUMMARY FOR MARCH 22 2019...

CLIMATE NORMAL PERIOD 1981 TO 2010
CLIMATE RECORD PERIOD 1885 TO 2019


WEATHER ITEM   OBSERVED TIME   RECORD YEAR NORMAL DEPARTURE LAST
                VALUE   (LST)  VALUE       VALUE  FROM      YEAR
                                                  NORMAL
..................................................................
TEMPERATURE (F)
 YESTERDAY
  MAXIMUM         65    318 PM  87    1910  51     14       63
  MINIMUM         26    515 AM  -8    1899  25      1       31
  AVERAGE         46                        38      8       47

PRECIPITATION (IN)
  YESTERDAY        0.00          0.32 1924   0.04  -0.04     0.00
                                      1894
  MONTH TO DATE    1.71                      0.68   1.03     1.13
  SINCE MAR 1      1.71                      0.68   1.03     1.13
  SINCE JAN 1      2.93                      1.42   1.51     2.40

SNOWFALL (IN)
  YESTERDAY        0.0           3.2  1934   0.2   -0.2      0.0
  MONTH TO DATE    8.4                       4.8    3.6      8.6
  SINCE MAR 1      8.4                       4.8    3.6      8.6
  SINCE JUL 1     37.0                      26.9   10.1     28.3
  SNOW DEPTH       0

DEGREE DAYS
 HEATING
  YESTERDAY       19                        27     -8       18
  MONTH TO DATE  876                       664    212      647
  SINCE MAR 1    876                       664    212      647
  SINCE JUL 1   6207                      5900    307     5740

 COOLING
  YESTERDAY        0                         0      0        0
  MONTH TO DATE    0                         0      0        0
  SINCE MAR 1      0                         0      0        0
  SINCE JAN 1      0                         0      0        0
..................................................................


WIND (MPH)
  HIGHEST WIND SPEED    23   HIGHEST WIND DIRECTION    SE (140)
  HIGHEST GUST SPEED    30   HIGHEST GUST DIRECTION    SE (130)
  AVERAGE WIND SPEED     9.0


SKY COVER
  POSSIBLE SUNSHINE  MM
  AVERAGE SKY COVER 0.3


WEATHER CONDITIONS
 THE FOLLOWING WEATHER WAS RECORDED YESTERDAY.
  NO SIGNIFICANT WEATHER WAS OBSERVED.


RELATIVE HUMIDITY (PERCENT)
 HIGHEST    85          1200 AM
 LOWEST     34           300 PM
 AVERAGE    60

..........................................................


THE VALENTINE NE CLIMATE NORMALS FOR TODAY
                         NORMAL    RECORD    YEAR
 MAXIMUM TEMPERATURE (F)   52        81      1939
 MINIMUM TEMPERATURE (F)   25        -4      1965


SUNRISE AND SUNSET
MARCH 23 2019.........SUNRISE   741 AM CDT   SUNSET   758 PM CDT
MARCH 24 2019.........SUNRISE   739 AM CDT   SUNSET   759 PM CDT


-  INDICATES NEGATIVE NUMBERS.
R  INDICATES RECORD WAS SET OR TIED.
MM INDICATES DATA IS MISSING.
T  INDICATES TRACE AMOUNT.




$$
