000
CDUS43 KLBF 220937
CLIVTN


CLIMATE REPORT
NATIONAL WEATHER SERVICE NORTH PLATTE
436 AM CDT SUN APR 22 2018


...................................

...THE VALENTINE NE CLIMATE SUMMARY FOR APRIL 21 2018...

CLIMATE NORMAL PERIOD 1981 TO 2010
CLIMATE RECORD PERIOD 1885 TO 2018


WEATHER ITEM   OBSERVED TIME   RECORD YEAR NORMAL DEPARTURE LAST
                VALUE   (LST)  VALUE       VALUE  FROM      YEAR
                                                  NORMAL
..................................................................
TEMPERATURE (F)
 YESTERDAY
  MAXIMUM         51    313 PM  96    1980  63    -12       59
  MINIMUM         38   1148 PM  13    1966  35      3       36
  AVERAGE         45                        49     -4       48

PRECIPITATION (IN)
  YESTERDAY        0.05          1.95 2005   0.08  -0.03     0.00
  MONTH TO DATE    1.75                      1.42   0.33     1.23
  SINCE MAR 1      3.29                      2.49   0.80     1.99
  SINCE JAN 1      4.56                      3.23   1.33     4.06

SNOWFALL (IN)
  YESTERDAY        0.0           4.4  1912   0.2   -0.2      0.0
  MONTH TO DATE   15.7                       3.7   12.0      0.7
  SINCE MAR 1     25.8                      10.2   15.6      2.7
  SINCE JUL 1     45.5                      32.3   13.2     44.5
  SNOW DEPTH       0

DEGREE DAYS
 HEATING
  YESTERDAY       20                        16      4       17
  MONTH TO DATE  619                       423    196      280
  SINCE MAR 1   1498                      1316    182     1041
  SINCE JUL 1   6591                      6552     39     5800

 COOLING
  YESTERDAY        0                         0      0        0
  MONTH TO DATE    0                         0      0        2
  SINCE MAR 1      0                         0      0        2
  SINCE JAN 1      0                         0      0        2
..................................................................


WIND (MPH)
  HIGHEST WIND SPEED    16   HIGHEST WIND DIRECTION    SE (130)
  HIGHEST GUST SPEED    26   HIGHEST GUST DIRECTION     E (110)
  AVERAGE WIND SPEED     7.2


SKY COVER
  POSSIBLE SUNSHINE  MM
  AVERAGE SKY COVER 0.9


WEATHER CONDITIONS
 THE FOLLOWING WEATHER WAS RECORDED YESTERDAY.
  LIGHT RAIN
  FOG


RELATIVE HUMIDITY (PERCENT)
 HIGHEST    93           200 AM
 LOWEST     54           300 PM
 AVERAGE    74

..........................................................


THE VALENTINE NE CLIMATE NORMALS FOR TODAY
                         NORMAL    RECORD    YEAR
 MAXIMUM TEMPERATURE (F)   63        96      1989
 MINIMUM TEMPERATURE (F)   35        18      2013


SUNRISE AND SUNSET
APRIL 22 2018.........SUNRISE   649 AM CDT   SUNSET   833 PM CDT
APRIL 23 2018.........SUNRISE   648 AM CDT   SUNSET   834 PM CDT


-  INDICATES NEGATIVE NUMBERS.
R  INDICATES RECORD WAS SET OR TIED.
MM INDICATES DATA IS MISSING.
T  INDICATES TRACE AMOUNT.




$$
