893
CDUS43 KLBF 220937
CLIVTN


CLIMATE REPORT
NATIONAL WEATHER SERVICE NORTH PLATTE
435 AM CDT WED MAY 22 2019


...................................

...THE VALENTINE NE CLIMATE SUMMARY FOR MAY 21 2019...

CLIMATE NORMAL PERIOD 1981 TO 2010
CLIMATE RECORD PERIOD 1885 TO 2019


WEATHER ITEM   OBSERVED TIME   RECORD YEAR NORMAL DEPARTURE LAST
                VALUE   (LST)  VALUE       VALUE  FROM      YEAR
                                                  NORMAL
..................................................................
TEMPERATURE (F)
 YESTERDAY
  MAXIMUM         47    245 PM  97    1964  72    -25       78
  MINIMUM         43   1159 PM  25    1931  46     -3       42
  AVERAGE         45                        59    -14       60

PRECIPITATION (IN)
  YESTERDAY        2.17R         1.75 1977   0.10   2.07     0.00
  MONTH TO DATE    4.82                      2.03   2.79     3.39
  SINCE MAR 1      8.69                      5.32   3.37     6.75
  SINCE JAN 1      9.91                      6.06   3.85     8.02

SNOWFALL (IN)
  YESTERDAY        0.0           0.0    MM   0.0    0.0      0.0
  MONTH TO DATE    T                         0.1   -0.1      0.0
  SINCE MAR 1     17.4                      11.2    6.2     25.8
  SINCE JUL 1     46.0                      33.3   12.7     45.5
  SNOW DEPTH       0

DEGREE DAYS
 HEATING
  YESTERDAY       20                         7     13        5
  MONTH TO DATE  293                       206     87      115
  SINCE MAR 1   1896                      1653    243     1717
  SINCE JUL 1   7227                      6889    338     6810

 COOLING
  YESTERDAY        0                         1     -1        0
  MONTH TO DATE   10                        18     -8       22
  SINCE MAR 1     10                        22    -12       25
  SINCE JAN 1     10                        22    -12       25
..................................................................


WIND (MPH)
  HIGHEST WIND SPEED    26   HIGHEST WIND DIRECTION    NE (60)
  HIGHEST GUST SPEED    39   HIGHEST GUST DIRECTION     E (70)
  AVERAGE WIND SPEED    15.7


SKY COVER
  POSSIBLE SUNSHINE  MM
  AVERAGE SKY COVER 1.0


WEATHER CONDITIONS
 THE FOLLOWING WEATHER WAS RECORDED YESTERDAY.
  RAIN
  LIGHT RAIN
  FOG
  HAZE


RELATIVE HUMIDITY (PERCENT)
 HIGHEST    89          1200 AM
 LOWEST     82          1100 AM
 AVERAGE    86

..........................................................


THE VALENTINE NE CLIMATE NORMALS FOR TODAY
                         NORMAL    RECORD    YEAR
 MAXIMUM TEMPERATURE (F)   73        95      2010
 MINIMUM TEMPERATURE (F)   47        26      1963


SUNRISE AND SUNSET
MAY 22 2019...........SUNRISE   613 AM CDT   SUNSET   905 PM CDT
MAY 23 2019...........SUNRISE   612 AM CDT   SUNSET   906 PM CDT


-  INDICATES NEGATIVE NUMBERS.
R  INDICATES RECORD WAS SET OR TIED.
MM INDICATES DATA IS MISSING.
T  INDICATES TRACE AMOUNT.




$$
