000
CDUS46 KPQR 231154
CLIVUO


CLIMATE REPORT
NATIONAL WEATHER SERVICE PORTLAND OREGON
453 AM PDT SAT MAR 23 2019


...................................

...THE VANCOUVER WA CLIMATE SUMMARY FOR MARCH 22 2019...

CLIMATE NORMAL PERIOD 1981 TO 2010
CLIMATE RECORD PERIOD 1891 TO 2019


WEATHER ITEM   OBSERVED TIME   RECORD YEAR NORMAL DEPARTURE LAST
                VALUE   (LST)  VALUE       VALUE  FROM      YEAR
                                                  NORMAL
..................................................................
TEMPERATURE (F)
 YESTERDAY
  MAXIMUM         55    504 PM  78    1939  58     -3       50
  MINIMUM         35    621 AM  23    1898  40     -5       40
  AVERAGE         45                        49     -4       45

PRECIPITATION (IN)
  YESTERDAY        0.05                      0.12  -0.07     0.34
  MONTH TO DATE    0.98                      2.63  -1.65     2.10
  SINCE OCT 1     18.61                     27.91  -9.30    23.65
  SINCE JAN 1      7.89                     12.16  -4.27     9.46

DEGREE DAYS
 HEATING
  YESTERDAY       20                                        20
  MONTH TO DATE  485                                       420
  SINCE JUL 1   3612                                      3453

 COOLING
  YESTERDAY        0                                         0
  MONTH TO DATE    0                                         0
  SINCE JAN 1      0                                         0
..................................................................


WIND (MPH)
  HIGHEST WIND SPEED     9   HIGHEST WIND DIRECTION    SW (210)
  HIGHEST GUST SPEED    14   HIGHEST GUST DIRECTION    SW (210)
  AVERAGE WIND SPEED     1.8


SKY COVER
  POSSIBLE SUNSHINE  MM
  AVERAGE SKY COVER 0.6


WEATHER CONDITIONS
 THE FOLLOWING WEATHER WAS RECORDED YESTERDAY.
  LIGHT RAIN
  FOG


RELATIVE HUMIDITY (PERCENT)
 HIGHEST    93           100 AM
 LOWEST     63          1000 AM
 AVERAGE    78

..........................................................




SUNRISE AND SUNSET
MARCH 23 2019.........SUNRISE   708 AM PDT   SUNSET   727 PM PDT
MARCH 24 2019.........SUNRISE   706 AM PDT   SUNSET   728 PM PDT


-  INDICATES NEGATIVE NUMBERS.
R  INDICATES RECORD WAS SET OR TIED.
MM INDICATES DATA IS MISSING.
T  INDICATES TRACE AMOUNT.




$$
