000
CDUS41 KAKQ 182153
CLIWAL


CLIMATE REPORT
NATIONAL WEATHER SERVICE WAKEFIELD, VA
552 PM EDT MON MAR 18 2019


...................................

...THE WALLOPS ISLAND VA CLIMATE SUMMARY FOR MARCH 18 2019...
VALID TODAY AS OF 0500 PM LOCAL TIME.

CLIMATE NORMAL PERIOD 1981 TO 2010
CLIMATE RECORD PERIOD 1963 TO 2019


WEATHER ITEM   OBSERVED TIME   RECORD YEAR NORMAL DEPARTURE
                VALUE   (LST)  VALUE       VALUE  FROM
                                                  NORMAL
...............................................................
TEMPERATURE (F)
 TODAY
  MAXIMUM         50    200 PM  80    2011  54     -4
  MINIMUM         33    443 AM  20    1967  37     -4
  AVERAGE         42

PRECIPITATION (IN)
  TODAY            0.00          1.43 1998   0.13  -0.13
  MONTH TO DATE    2.93                      2.29   0.64
  SINCE MAR 1      2.93                      2.29   0.64
  SINCE JAN 1     11.44                      8.09   3.35

SNOWFALL (IN)
  TODAY            0.0           T    2013
  MONTH TO DATE    T
  SINCE NOV 1      5.7
  SINCE JUL 1      5.7
  SNOW DEPTH       0

DEGREE DAYS
 HEATING
  TODAY           23

 COOLING
  TODAY            0
...............................................................


WIND (MPH)
  HIGHEST WIND SPEED    18   HIGHEST WIND DIRECTION    NE (50)
  HIGHEST GUST SPEED    24   HIGHEST GUST DIRECTION    NE (50)




RELATIVE HUMIDITY (PERCENT)
 HIGHEST    82
 LOWEST     36
 AVERAGE    59

..........................................................


THE WALLOPS ISLAND VA CLIMATE NORMALS FOR TOMORROW
                         NORMAL    RECORD    YEAR
 MAXIMUM TEMPERATURE (F)   55        72      2012
 MINIMUM TEMPERATURE (F)   37        18      1967


SUNRISE AND SUNSET
MARCH 18 2019.........SUNRISE   709 AM EDT   SUNSET   712 PM EDT
MARCH 19 2019.........SUNRISE   707 AM EDT   SUNSET   713 PM EDT


-  INDICATES NEGATIVE NUMBERS.
R  INDICATES RECORD WAS SET OR TIED.
MM INDICATES DATA IS MISSING.
T  INDICATES TRACE AMOUNT.




$$
