000
CDUS46 KLOX 190121
CLIWJF


CLIMATE REPORT
NATIONAL WEATHER SERVICE LOS ANGELES/OXNARD CA
621 PM PDT MON MAR 18 2019


...................................

...THE LANCASTER CLIMATE SUMMARY FOR MARCH 18 2019...
VALID TODAY AS OF 0600 PM LOCAL TIME.

CLIMATE NORMAL PERIOD 1981 TO 2010
CLIMATE RECORD PERIOD 1948 TO 2019


WEATHER ITEM   OBSERVED TIME   RECORD YEAR NORMAL DEPARTURE LAST
                VALUE   (LST)  VALUE       VALUE  FROM      YEAR
                                                  NORMAL
..................................................................
TEMPERATURE (F)
 TODAY
  MAXIMUM         76    308 PM  85    2004  68      8       59
  MINIMUM         36    534 AM  22    1951  40     -4       33
  AVERAGE         56                        54      2       46

PRECIPITATION (IN)
  TODAY            0.00          0.27 1983   0.03  -0.03     0.00
  MONTH TO DATE    1.00                      0.78   0.22     0.72
  SINCE OCT 1      6.64                      6.19   0.45     1.86
  SINCE JAN 1      4.89                      4.06   0.83     1.84

SNOWFALL (IN)
  TODAY            0.0           0.0    MM   0.0             0.0
  MONTH TO DATE    0.0                       0.0             0.0
  SINCE MAR 1      0.0                       0.0             0.0
  SINCE JUL 1      0.0                       2.3             0.0
  SNOW DEPTH       0

DEGREE DAYS
 HEATING
  TODAY            9                        12     -3       19
  MONTH TO DATE  277                       230     47      248
  SINCE MAR 1    277                       230     47      248
  SINCE JUL 1   2605                      2523     82     2233

 COOLING
  TODAY            0                         0      0        0
  MONTH TO DATE    0                         0      0        0
  SINCE MAR 1      0                         0      0        0
  SINCE JAN 1      0                         0      0        0
..................................................................


WIND (MPH)
  HIGHEST WIND SPEED    13   HIGHEST WIND DIRECTION    SW (240)
  HIGHEST GUST SPEED    15   HIGHEST GUST DIRECTION     W (250)
  AVERAGE WIND SPEED     3.9


SKY COVER
  POSSIBLE SUNSHINE  MM
  AVERAGE SKY COVER 0.1


WEATHER CONDITIONS
 THE FOLLOWING WEATHER WAS RECORDED TODAY.
  NO SIGNIFICANT WEATHER WAS OBSERVED.


RELATIVE HUMIDITY (PERCENT)
 HIGHEST    85           400 AM
 LOWEST     20           500 PM
 AVERAGE    53

..........................................................


THE LANCASTER CLIMATE NORMALS FOR TOMORROW
                         NORMAL    RECORD    YEAR
 MAXIMUM TEMPERATURE (F)   68        87      2004
 MINIMUM TEMPERATURE (F)   40        24      2002


SUNRISE AND SUNSET
MARCH 18 2019.........SUNRISE   700 AM PDT   SUNSET   703 PM PDT
MARCH 19 2019.........SUNRISE   658 AM PDT   SUNSET   704 PM PDT


-  INDICATES NEGATIVE NUMBERS.
R  INDICATES RECORD WAS SET OR TIED.
MM INDICATES DATA IS MISSING.
T  INDICATES TRACE AMOUNT.




$$
