349
CDUS46 KLOX 270124
CLIWJF


CLIMATE REPORT
NATIONAL WEATHER SERVICE LOS ANGELES/OXNARD CA
624 PM PDT SUN MAY 26 2019


...................................

...THE LANCASTER CLIMATE SUMMARY FOR MAY 26 2019...
VALID TODAY AS OF 0600 PM LOCAL TIME.

CLIMATE NORMAL PERIOD 1981 TO 2010
CLIMATE RECORD PERIOD 1948 TO 2019


WEATHER ITEM   OBSERVED TIME   RECORD YEAR NORMAL DEPARTURE LAST
                VALUE   (LST)  VALUE       VALUE  FROM      YEAR
                                                  NORMAL
..................................................................
TEMPERATURE (F)
 TODAY
  MAXIMUM         59    115 PM 104    1974  85    -26       71
  MINIMUM         50    159 AM  37    1953  57     -7       51
  AVERAGE         55                        71    -16       61

PRECIPITATION (IN)
  TODAY            0.00          0.28 1950   0.00   0.00     0.00
  MONTH TO DATE    0.53                      0.08   0.45     0.00
  SINCE OCT 1      7.22                      6.98   0.24     2.76
  SINCE JAN 1      5.47                      4.85   0.62     2.74

SNOWFALL (IN)
  TODAY            0.0           0.0    MM   0.0             0.0
  MONTH TO DATE    0.0                       0.0             0.0
  SINCE MAR 1      0.0                       0.0             0.0
  SINCE JUL 1      0.0                       2.3             0.0
  SNOW DEPTH       0

DEGREE DAYS
 HEATING
  TODAY           10                         1      9        4
  MONTH TO DATE  130                        55     75       39
  SINCE MAR 1    702                       630     72      546
  SINCE JUL 1   3030                      2923    107     2531

 COOLING
  TODAY            0                         7     -7        0
  MONTH TO DATE   23                       121    -98       86
  SINCE MAR 1     67                       151    -84      134
  SINCE JAN 1     67                       151    -84      134
..................................................................


WIND (MPH)
  HIGHEST WIND SPEED    31   HIGHEST WIND DIRECTION    SW (240)
  HIGHEST GUST SPEED    42   HIGHEST GUST DIRECTION    SW (240)
  AVERAGE WIND SPEED    20.1


SKY COVER
  POSSIBLE SUNSHINE  MM
  AVERAGE SKY COVER 0.6


WEATHER CONDITIONS
 THE FOLLOWING WEATHER WAS RECORDED TODAY.
  NO SIGNIFICANT WEATHER WAS OBSERVED.


RELATIVE HUMIDITY (PERCENT)
 HIGHEST    80           200 AM
 LOWEST     57           100 PM
 AVERAGE    69

..........................................................


THE LANCASTER CLIMATE NORMALS FOR TOMORROW
                         NORMAL    RECORD    YEAR
 MAXIMUM TEMPERATURE (F)   86       101      1984
 MINIMUM TEMPERATURE (F)   57        43      1998


SUNRISE AND SUNSET
MAY 26 2019...........SUNRISE   543 AM PDT   SUNSET   757 PM PDT
MAY 27 2019...........SUNRISE   543 AM PDT   SUNSET   758 PM PDT


-  INDICATES NEGATIVE NUMBERS.
R  INDICATES RECORD WAS SET OR TIED.
MM INDICATES DATA IS MISSING.
T  INDICATES TRACE AMOUNT.




$$
