000
CDUS46 KLOX 260908
CLIWJF


CLIMATE REPORT
NATIONAL WEATHER SERVICE LOS ANGELES/OXNARD CA
208 AM PDT SAT MAY 26 2018


...................................

...THE LANCASTER FOX FIELD CA CLIMATE SUMMARY FOR MAY 25 2018...

CLIMATE NORMAL PERIOD 1981 TO 2010
CLIMATE RECORD PERIOD 1948 TO 2018


WEATHER ITEM   OBSERVED TIME   RECORD YEAR NORMAL DEPARTURE
                VALUE   (LST)  VALUE       VALUE  FROM
                                                  NORMAL
...............................................................
TEMPERATURE (F)
 YESTERDAY
  MAXIMUM         69    159 PM 105    1951  85    -16
  MINIMUM         52    525 AM  41    2010  56     -4
                                      1953
  AVERAGE         61                        71    -10

PRECIPITATION (IN)
  YESTERDAY        0.00          0.05 1987   0.00   0.00
  MONTH TO DATE    0.00                      0.08  -0.08
  SINCE OCT 1      2.76                      6.98  -4.22
  SINCE JAN 1      2.74                      4.85  -2.11

SNOWFALL (IN)
  YESTERDAY        0.0           0.0    MM
  MONTH TO DATE    0.0
  SINCE MAR 1      0.0
  SINCE JUL 1      0.0
  SNOW DEPTH       0

DEGREE DAYS
 HEATING
  YESTERDAY        4                                3
  MONTH TO DATE   35                              -19
  SINCE MAR 1    542                              -87
  SINCE JUL 1   2527                             -395

 COOLING
  YESTERDAY        0                               -7
  MONTH TO DATE   86                              -28
  SINCE MAR 1    134                              -10
  SINCE JAN 1    134                              -10
...............................................................


WIND (MPH)
  HIGHEST WIND SPEED    31   HIGHEST WIND DIRECTION    SW (240)
  HIGHEST GUST SPEED    41   HIGHEST GUST DIRECTION    SW (230)
  AVERAGE WIND SPEED    19.6




RELATIVE HUMIDITY (PERCENT)
 HIGHEST    77
 LOWEST     39
 AVERAGE    58

..........................................................


THE LANCASTER FOX FIELD CA CLIMATE NORMALS FOR TODAY
                         NORMAL    RECORD    YEAR
 MAXIMUM TEMPERATURE (F)   85       104      1974
 MINIMUM TEMPERATURE (F)   57        37      1953


SUNRISE AND SUNSET
MAY 26 2018...........SUNRISE   543 AM PDT   SUNSET   757 PM PDT
MAY 27 2018...........SUNRISE   543 AM PDT   SUNSET   758 PM PDT


-  INDICATES NEGATIVE NUMBERS.
R  INDICATES RECORD WAS SET OR TIED.
MM INDICATES DATA IS MISSING.
T  INDICATES TRACE AMOUNT.




$$
