000
CDUS45 KLKN 230930
CLIWMC


CLIMATE REPORT
NATIONAL WEATHER SERVICE ELKO NV
230 AM PDT THU MAY 23 2019


...................................

...THE WINNEMUCCA AIRPORT NV CLIMATE SUMMARY FOR MAY 22 2019...

CLIMATE NORMAL PERIOD 1981 TO 2010
CLIMATE RECORD PERIOD 1877 TO 2019


WEATHER ITEM   OBSERVED TIME   RECORD YEAR NORMAL DEPARTURE LAST
                VALUE   (LST)  VALUE       VALUE  FROM      YEAR
                                                  NORMAL
..................................................................
TEMPERATURE (F)
 YESTERDAY
  MAXIMUM         59    231 PM  95    1979  74    -15       76
  MINIMUM         39    116 AM  20    1986  39      0       43
  AVERAGE         49                        57     -8       60

PRECIPITATION (IN)
  YESTERDAY        0.04          0.47 1957   0.04   0.00      T
                                      1917
  MONTH TO DATE    1.16                      0.82   0.34     1.38
  SINCE OCT 1      9.35                      6.55   2.80     7.34
  SINCE JAN 1      6.11                      4.07   2.04     6.00

SNOWFALL (IN)
  YESTERDAY        0.0           0.0  1877   0.0    0.0      0.0
  MONTH TO DATE    0.0                       0.1   -0.1      0.0
  SINCE MAR 1      8.5                       4.9    3.6     16.9
  SINCE JUL 1     41.4                      20.9   20.5     28.1
  SNOW DEPTH       0

DEGREE DAYS
 HEATING
  YESTERDAY       16                         9      7        5
  MONTH TO DATE  264                       251     13      169
  SINCE MAR 1   1425                      1542   -117     1411
  SINCE JUL 1   5910                      6131   -221     5650

 COOLING
  YESTERDAY        0                         0      0        0
  MONTH TO DATE    0                         0      0        0
  SINCE MAR 1      0                         0      0        0
  SINCE JAN 1      0                         0      0        0
..................................................................


WIND (MPH)
  HIGHEST WIND SPEED    23   HIGHEST WIND DIRECTION     N (20)
  HIGHEST GUST SPEED    29   HIGHEST GUST DIRECTION    NE (30)
  AVERAGE WIND SPEED     8.0



WEATHER CONDITIONS
 THE FOLLOWING WEATHER WAS RECORDED YESTERDAY.
  LIGHT RAIN


RELATIVE HUMIDITY (PERCENT)
 HIGHEST    92          1200 AM
 LOWEST     51           200 PM
 AVERAGE    72

..........................................................


THE WINNEMUCCA AIRPORT NV CLIMATE NORMALS FOR TODAY
                         NORMAL    RECORD    YEAR
 MAXIMUM TEMPERATURE (F)   74        95      2001
 MINIMUM TEMPERATURE (F)   40        23      2010


SUNRISE AND SUNSET
MAY 23 2019...........SUNRISE   527 AM PDT   SUNSET   809 PM PDT
MAY 24 2019...........SUNRISE   526 AM PDT   SUNSET   810 PM PDT


-  INDICATES NEGATIVE NUMBERS.
R  INDICATES RECORD WAS SET OR TIED.
MM INDICATES DATA IS MISSING.
T  INDICATES TRACE AMOUNT.




$$
