000
CDUS45 KLKN 200931
CLIWMC


CLIMATE REPORT
NATIONAL WEATHER SERVICE ELKO NV
230 AM PDT WED MAR 20 2019


...................................

...THE WINNEMUCCA AIRPORT NV CLIMATE SUMMARY FOR MARCH 19 2019...

CLIMATE NORMAL PERIOD 1981 TO 2010
CLIMATE RECORD PERIOD 1877 TO 2019


WEATHER ITEM   OBSERVED TIME   RECORD YEAR NORMAL DEPARTURE LAST
                VALUE   (LST)  VALUE       VALUE  FROM      YEAR
                                                  NORMAL
..................................................................
TEMPERATURE (F)
 YESTERDAY
  MAXIMUM         68    149 PM  79    1997  57     11       50
  MINIMUM         37    631 AM   2    1965  27     10       24
  AVERAGE         53                        42     11       37

PRECIPITATION (IN)
  YESTERDAY        0.00          0.57 1890   0.03  -0.03     0.00
  MONTH TO DATE    0.87                      0.50   0.37     1.22
  SINCE OCT 1      6.79                      4.51   2.28     3.65
  SINCE JAN 1      3.55                      2.03   1.52     2.31

SNOWFALL (IN)
  YESTERDAY        0.0           3.8  1987   0.1   -0.1      0.0
  MONTH TO DATE    5.9                       2.1    3.8     12.6
  SINCE MAR 1      5.9                       2.1    3.8     12.6
  SINCE JUL 1     38.8                      18.1   20.7     23.8
  SNOW DEPTH       0

DEGREE DAYS
 HEATING
  YESTERDAY       12                        23    -11       28
  MONTH TO DATE  494                       471     23      512
  SINCE MAR 1    494                       471     23      512
  SINCE JUL 1   4979                      5060    -81     4751

 COOLING
  YESTERDAY        0                         0      0        0
  MONTH TO DATE    0                         0      0        0
  SINCE MAR 1      0                         0      0        0
  SINCE JAN 1      0                         0      0        0
..................................................................


WIND (MPH)
  HIGHEST WIND SPEED    23   HIGHEST WIND DIRECTION     N (20)
  HIGHEST GUST SPEED    29   HIGHEST GUST DIRECTION     N (20)
  AVERAGE WIND SPEED    10.5



WEATHER CONDITIONS
 THE FOLLOWING WEATHER WAS RECORDED YESTERDAY.
  NO SIGNIFICANT WEATHER WAS OBSERVED.


RELATIVE HUMIDITY (PERCENT)
 HIGHEST    64           300 AM
 LOWEST     18           200 PM
 AVERAGE    41

..........................................................


THE WINNEMUCCA AIRPORT NV CLIMATE NORMALS FOR TODAY
                         NORMAL    RECORD    YEAR
 MAXIMUM TEMPERATURE (F)   57        79      2004
 MINIMUM TEMPERATURE (F)   27         0      1987


SUNRISE AND SUNSET
MARCH 20 2019.........SUNRISE   655 AM PDT   SUNSET   703 PM PDT
MARCH 21 2019.........SUNRISE   653 AM PDT   SUNSET   704 PM PDT


-  INDICATES NEGATIVE NUMBERS.
R  INDICATES RECORD WAS SET OR TIED.
MM INDICATES DATA IS MISSING.
T  INDICATES TRACE AMOUNT.




$$
