000
CDUS45 KRIW 210030
CLIWRL


CLIMATE REPORT
NATIONAL WEATHER SERVICE RIVERTON WY
630 PM MDT FRI APR 20 2018


...................................

...THE WORLAND WY CLIMATE SUMMARY FOR APRIL 20 2018...
VALID TODAY AS OF 0500 PM LOCAL TIME.

CLIMATE NORMAL PERIOD 1981 TO 2010
CLIMATE RECORD PERIOD 1947 TO 2018


WEATHER ITEM   OBSERVED TIME   RECORD YEAR NORMAL DEPARTURE LAST
                VALUE   (LST)  VALUE       VALUE  FROM      YEAR
                                                  NORMAL
..................................................................
TEMPERATURE (F)
 TODAY
  MAXIMUM         66        MM  87    1980  61      5       64
  MINIMUM         38    100 AM  15    1966  32      6       31
  AVERAGE         52                        47      5       48

PRECIPITATION (IN)
  TODAY            0.00          0.67 2001   0.03  -0.03     0.00
  MONTH TO DATE    0.42                      0.46  -0.04     1.22
  SINCE MAR 1      1.08                      0.92   0.16     2.20
  SINCE JAN 1      1.40                      1.34   0.06     2.60

DEGREE DAYS
 HEATING
  TODAY           13                        18     -5       17
  MONTH TO DATE  495                       416     79      371
  SINCE MAR 1   1421                      1301    120     1041
  SINCE JUL 1   7748                      7302    446     6916

 COOLING
  TODAY            0                         0      0        0
  MONTH TO DATE    0                         0      0        0
  SINCE MAR 1      0                         0      0        0
  SINCE JAN 1      0                         0      0        0
..................................................................


WIND (MPH)
  HIGHEST WIND SPEED    14   HIGHEST WIND DIRECTION     N (10)
  HIGHEST GUST SPEED    17   HIGHEST GUST DIRECTION    NE (30)
  AVERAGE WIND SPEED     7.1


SKY COVER
  POSSIBLE SUNSHINE  MM
  AVERAGE SKY COVER 0.1


WEATHER CONDITIONS
 THE FOLLOWING WEATHER WAS RECORDED TODAY.
  NO SIGNIFICANT WEATHER WAS OBSERVED.


RELATIVE HUMIDITY (PERCENT)
 HIGHEST    82           100 AM
 LOWEST     34           200 PM
 AVERAGE    58

..........................................................


THE WORLAND WY CLIMATE NORMALS FOR TOMORROW
                         NORMAL    RECORD    YEAR
 MAXIMUM TEMPERATURE (F)   62        88      1994
 MINIMUM TEMPERATURE (F)   33        15      2008


SUNRISE AND SUNSET
APRIL 20 2018.........SUNRISE   620 AM MDT   SUNSET   802 PM MDT
APRIL 21 2018.........SUNRISE   619 AM MDT   SUNSET   803 PM MDT


-  INDICATES NEGATIVE NUMBERS.
R  INDICATES RECORD WAS SET OR TIED.
MM INDICATES DATA IS MISSING.
T  INDICATES TRACE AMOUNT.




$$
