000
CDUS45 KRIW 260033
CLIWRL


CLIMATE REPORT
NATIONAL WEATHER SERVICE RIVERTON WY
632 PM MDT MON MAR 25 2019


...................................

...THE WORLAND WY CLIMATE SUMMARY FOR MARCH 25 2019...
VALID TODAY AS OF 0500 PM LOCAL TIME.

CLIMATE NORMAL PERIOD 1981 TO 2010
CLIMATE RECORD PERIOD 1947 TO 2019


WEATHER ITEM   OBSERVED TIME   RECORD YEAR NORMAL DEPARTURE LAST
                VALUE   (LST)  VALUE       VALUE  FROM      YEAR
                                                  NORMAL
..................................................................
TEMPERATURE (F)
 TODAY
  MAXIMUM         55        MM  77    1999  54      1       48
  MINIMUM         39        MM -15    1965  26     13       33
  AVERAGE         47                        40      7       41

PRECIPITATION (IN)
  TODAY            0.30          0.57 1977   0.01   0.29      T
  MONTH TO DATE    0.55                      0.35   0.20     0.18
  SINCE MAR 1      0.55                      0.35   0.20     0.18
  SINCE JAN 1      0.67                      0.77  -0.10     0.50

DEGREE DAYS
 HEATING
  TODAY           18                        25     -7       24
  MONTH TO DATE  935                       739    196      758
  SINCE MAR 1    935                       739    196      758
  SINCE JUL 1   7303                      6740    563     7085

 COOLING
  TODAY            0                         0      0        0
  MONTH TO DATE    0                         0      0        0
  SINCE MAR 1      0                         0      0        0
  SINCE JAN 1      0                         0      0        0
..................................................................


WIND (MPH)
  HIGHEST WIND SPEED    12   HIGHEST WIND DIRECTION     E (100)
  HIGHEST GUST SPEED    18   HIGHEST GUST DIRECTION     S (160)
  AVERAGE WIND SPEED     6.0


SKY COVER
  POSSIBLE SUNSHINE  MM
  AVERAGE SKY COVER 0.7


WEATHER CONDITIONS
 THE FOLLOWING WEATHER WAS RECORDED TODAY.
  RAIN
  LIGHT RAIN
  FOG


RELATIVE HUMIDITY (PERCENT)
 HIGHEST   100           200 AM
 LOWEST     45           400 PM
 AVERAGE    73

..........................................................


THE WORLAND WY CLIMATE NORMALS FOR TOMORROW
                         NORMAL    RECORD    YEAR
 MAXIMUM TEMPERATURE (F)   54        75      1997
 MINIMUM TEMPERATURE (F)   26        -3      1965


SUNRISE AND SUNSET
MARCH 25 2019.........SUNRISE   706 AM MDT   SUNSET   730 PM MDT
MARCH 26 2019.........SUNRISE   704 AM MDT   SUNSET   731 PM MDT


-  INDICATES NEGATIVE NUMBERS.
R  INDICATES RECORD WAS SET OR TIED.
MM INDICATES DATA IS MISSING.
T  INDICATES TRACE AMOUNT.




$$
