000
CDUS45 KRIW 230047
CLIWRL


CLIMATE REPORT
NATIONAL WEATHER SERVICE RIVERTON WY
646 PM MDT WED MAY 22 2019


...................................

...THE WORLAND WY CLIMATE SUMMARY FOR MAY 22 2019...
VALID TODAY AS OF 0500 PM LOCAL TIME.

CLIMATE NORMAL PERIOD 1981 TO 2010
CLIMATE RECORD PERIOD 1947 TO 2019


WEATHER ITEM   OBSERVED TIME   RECORD YEAR NORMAL DEPARTURE LAST
                VALUE   (LST)  VALUE       VALUE  FROM      YEAR
                                                  NORMAL
..................................................................
TEMPERATURE (F)
 TODAY
  MAXIMUM         54        MM  93    1980  72    -18       77
  MINIMUM         35    200 AM  29    1974  43     -8       45
  AVERAGE         45                        57    -12       61

PRECIPITATION (IN)
  TODAY            0.12          0.65 1981   0.05   0.07     0.37
  MONTH TO DATE    2.45                      0.99   1.46     1.55
  SINCE MAR 1      3.62                      2.31   1.31     3.51
  SINCE JAN 1      3.74                      2.73   1.01     3.83

DEGREE DAYS
 HEATING
  TODAY           20                         8     12        4
  MONTH TO DATE  340                       247     93      199
  SINCE MAR 1   1952                      1713    239     1768
  SINCE JUL 1   8320                      7714    606     8095

 COOLING
  TODAY            0                         0      0        0
  MONTH TO DATE    0                         0      0        0
  SINCE MAR 1      0                         1     -1        0
  SINCE JAN 1      0                         1     -1        0
..................................................................


WIND (MPH)
  HIGHEST WIND SPEED    27   HIGHEST WIND DIRECTION     N (340)
  HIGHEST GUST SPEED    36   HIGHEST GUST DIRECTION     N (340)
  AVERAGE WIND SPEED    15.7


SKY COVER
  POSSIBLE SUNSHINE  MM
  AVERAGE SKY COVER 0.7


WEATHER CONDITIONS
 THE FOLLOWING WEATHER WAS RECORDED TODAY.
  RAIN
  LIGHT RAIN
  FOG


RELATIVE HUMIDITY (PERCENT)
 HIGHEST   100           200 AM
 LOWEST     54           200 PM
 AVERAGE    77

..........................................................


THE WORLAND WY CLIMATE NORMALS FOR TOMORROW
                         NORMAL    RECORD    YEAR
 MAXIMUM TEMPERATURE (F)   72        91      1967
 MINIMUM TEMPERATURE (F)   43        30      1966


SUNRISE AND SUNSET
MAY 22 2019...........SUNRISE   539 AM MDT   SUNSET   838 PM MDT
MAY 23 2019...........SUNRISE   538 AM MDT   SUNSET   839 PM MDT


-  INDICATES NEGATIVE NUMBERS.
R  INDICATES RECORD WAS SET OR TIED.
MM INDICATES DATA IS MISSING.
T  INDICATES TRACE AMOUNT.




$$
