000
CDAK47 PAJK 181131
CLIYAK
CLIMATE REPORT
NATIONAL WEATHER SERVICE JUNEAU, AK
330 AM AKDT MON MAR 18 2019


...................................

...THE YAKUTAT CLIMATE SUMMARY FOR MARCH 17 2019...

CLIMATE NORMAL PERIOD 1981 TO 2010
CLIMATE RECORD PERIOD 1917 TO 2019


WEATHER ITEM   OBSERVED RECORD YEAR NORMAL DEPARTURE LAST
                VALUE   VALUE       VALUE  FROM      YEAR
                                           NORMAL
...........................................................
TEMPERATURE (F)
 YESTERDAY
  MAXIMUM         48     49    1981  39      9       43
  MINIMUM         40     -2    2006  25     15       30
                               1969
  AVERAGE         44                 32     12       37

PRECIPITATION (IN)
  YESTERDAY        1.89   2.22 1928   0.35   1.54     0.00
  MONTH TO DATE    7.15               6.30   0.85     3.03
  SINCE JAN 1     18.20              30.82 -12.62    17.95

DEGREE DAYS
 HEATING
  YESTERDAY       21                 33    -12       28
  MONTH TO DATE  508                574    -66      544
...........................................................


WIND (MPH)
  HIGHEST WIND SPEED    30   HIGHEST WIND DIRECTION    SE (140)
  HIGHEST GUST SPEED    46   HIGHEST GUST DIRECTION     S (160)
  AVERAGE WIND SPEED    13.7


SKY COVER
  AVERAGE SKY COVER 1.0


WEATHER CONDITIONS
 THE FOLLOWING WEATHER WAS RECORDED YESTERDAY.
  HEAVY RAIN
  RAIN
  LIGHT RAIN
  FOG


..........................................................


THE YAKUTAT CLIMATE NORMALS FOR TODAY
                         NORMAL    RECORD    YEAR
 MAXIMUM TEMPERATURE (F)   39        59      1981
 MINIMUM TEMPERATURE (F)   25         4      1999


SUNRISE AND SUNSET
MARCH 18 2019.........SUNRISE   726 AM AKDT  SUNSET   728 PM AKDT
MARCH 19 2019.........SUNRISE   723 AM AKDT  SUNSET   731 PM AKDT


-  INDICATES NEGATIVE NUMBERS.
R  INDICATES RECORD WAS SET OR TIED.
MM INDICATES DATA IS MISSING.
T  INDICATES TRACE AMOUNT.




$$
--------------------------------------------------------------

AMOUNT OF DAYLIGHT TODAY (HOUR:MIN)......... 12 HOURS 02 MINUTES
GAIN/LOSS SINCE YESTERDAY (HOUR:MIN:SEC).... +0:05:22

$$
