000
CDUS46 KPDT 210849
CLIYKM

CLIMATE REPORT
NATIONAL WEATHER SERVICE PENDLETON OR
147 AM PDT TUE MAY 21 2019


...................................

...THE YAKIMA WA CLIMATE SUMMARY FOR MAY 20 2019...

CLIMATE NORMAL PERIOD 1981 TO 2010
CLIMATE RECORD PERIOD 1946 TO 2019


WEATHER ITEM   OBSERVED TIME   RECORD YEAR NORMAL DEPARTURE LAST
                VALUE   (LST)  VALUE       VALUE  FROM      YEAR
                                                  NORMAL
..................................................................
TEMPERATURE (F)
 YESTERDAY
  MAXIMUM         66   1041 AM  89    1958  74     -8       79
                                      1947
  MINIMUM         50    429 AM  32    1987  43      7       53
                                      1953
  AVERAGE         58                        58      0       66

PRECIPITATION (IN)
  YESTERDAY        T             0.23 1998   0.02  -0.02      T
  MONTH TO DATE    0.44                      0.35   0.09     0.13
  SINCE OCT 1      7.73                      6.56   1.17     4.64
  SINCE JAN 1      5.56                      3.44   2.12     2.35

DEGREE DAYS
 HEATING
  YESTERDAY        7                         7      0        0
  MONTH TO DATE  114                       194    -80       27
  SINCE MAR 1   1381                      1349     32     1040
  SINCE JUL 1   5893                      5876     17     4806

 COOLING
  YESTERDAY        0                         1     -1        1
  MONTH TO DATE    9                         9      0       56
  SINCE MAR 1      9                        10     -1       56
  SINCE JAN 1      9                        10     -1       56
..................................................................


WIND (MPH)
  HIGHEST WIND SPEED    12   HIGHEST WIND DIRECTION     N (10)
  HIGHEST GUST SPEED    16   HIGHEST GUST DIRECTION    NW (320)
  AVERAGE WIND SPEED     5.7


SKY COVER
  POSSIBLE SUNSHINE  MM
  AVERAGE SKY COVER 0.9


WEATHER CONDITIONS
 THE FOLLOWING WEATHER WAS RECORDED YESTERDAY.
  LIGHT RAIN


RELATIVE HUMIDITY (PERCENT)
 HIGHEST    72           700 AM
 LOWEST     31          1100 AM
 AVERAGE    52

..........................................................


THE YAKIMA WA CLIMATE NORMALS FOR TODAY
                         NORMAL    RECORD    YEAR
 MAXIMUM TEMPERATURE (F)   74        93      1958
 MINIMUM TEMPERATURE (F)   44        31      1960


SUNRISE AND SUNSET
MAY 21 2019...........SUNRISE   522 AM PDT   SUNSET   836 PM PDT
MAY 22 2019...........SUNRISE   521 AM PDT   SUNSET   838 PM PDT


-  INDICATES NEGATIVE NUMBERS.
R  INDICATES RECORD WAS SET OR TIED.
MM INDICATES DATA IS MISSING.
T  INDICATES TRACE AMOUNT.




$$
