484
CDUS46 KPDT 230940 RRC
CLIYKM

CLIMATE REPORT
NATIONAL WEATHER SERVICE PENDLETON OR
227 AM PDT SAT MAR 23 2019


...................................

...THE YAKIMA WA CLIMATE SUMMARY FOR MARCH 22 2019...

CLIMATE NORMAL PERIOD 1981 TO 2010
CLIMATE RECORD PERIOD 1946 TO 2019


WEATHER ITEM   OBSERVED TIME   RECORD YEAR NORMAL DEPARTURE LAST
                VALUE   (LST)  VALUE       VALUE  FROM      YEAR
                                                  NORMAL
..................................................................
TEMPERATURE (F)
 YESTERDAY
  MAXIMUM         67    321 PM  75    1960  58      9       54
  MINIMUM         34    414 AM  17    1994  31      3       38
  AVERAGE         51                        45      6       46

PRECIPITATION (IN)
  YESTERDAY        0.00          0.21 1971   0.02  -0.02     0.03
  MONTH TO DATE    0.30                      0.48  -0.18     0.36
  SINCE OCT 1      6.30                      5.52   0.78     3.74
  SINCE JAN 1      4.13                      2.40   1.73     1.45

DEGREE DAYS
 HEATING
  YESTERDAY       14                        20     -6       19
  MONTH TO DATE  732                       502    230      465
  SINCE MAR 1    732                       502    230      465
  SINCE JUL 1   5244                      5029    215     4231

 COOLING
  YESTERDAY        0                         0      0        0
  MONTH TO DATE    0                         0      0        0
  SINCE MAR 1      0                         0      0        0
  SINCE JAN 1      0                         0      0        0
..................................................................


WIND (MPH)
  HIGHEST WIND SPEED    22   HIGHEST WIND DIRECTION     S (190)
  HIGHEST GUST SPEED    29   HIGHEST GUST DIRECTION    SW (230)
  AVERAGE WIND SPEED     5.6


SKY COVER
  POSSIBLE SUNSHINE  MM
  AVERAGE SKY COVER 0.3


WEATHER CONDITIONS
 THE FOLLOWING WEATHER WAS RECORDED YESTERDAY.
  NO SIGNIFICANT WEATHER WAS OBSERVED.


RELATIVE HUMIDITY (PERCENT)
 HIGHEST    82           300 AM
 LOWEST     32           300 PM
 AVERAGE    57

..........................................................


THE YAKIMA WA CLIMATE NORMALS FOR TODAY
                         NORMAL    RECORD    YEAR
 MAXIMUM TEMPERATURE (F)   59        77      1960
 MINIMUM TEMPERATURE (F)   31        18      1994


SUNRISE AND SUNSET
MARCH 23 2019.........SUNRISE   659 AM PDT   SUNSET   719 PM PDT
MARCH 24 2019.........SUNRISE   657 AM PDT   SUNSET   720 PM PDT


-  INDICATES NEGATIVE NUMBERS.
R  INDICATES RECORD WAS SET OR TIED.
MM INDICATES DATA IS MISSING.
T  INDICATES TRACE AMOUNT.




$$
