000
CDUS41 KCLE 252118
CLIYNG


CLIMATE REPORT
NATIONAL WEATHER SERVICE CLEVELAND OH
514 PM EDT FRI MAY 25 2018


...................................

...THE YOUNGSTOWN OH CLIMATE SUMMARY FOR MAY 25 2018...
VALID TODAY AS OF 0500 PM LOCAL TIME.

CLIMATE NORMAL PERIOD 1981 TO 2010
CLIMATE RECORD PERIOD 1897 TO 2018


WEATHER ITEM   OBSERVED TIME   RECORD YEAR NORMAL DEPARTURE LAST
                VALUE   (LST)  VALUE       VALUE  FROM      YEAR
                                                  NORMAL
..................................................................
TEMPERATURE (F)
 TODAY
  MAXIMUM         85    345 PM  94    1932  71     14       66
  MINIMUM         50    505 AM  30    2013  49      1       55
                                      1956
  AVERAGE         68                        60      8       61

PRECIPITATION (IN)
  TODAY            0.00                      0.13  -0.13     0.79
  MONTH TO DATE    3.19                      3.02   0.17     3.64
  SINCE MAR 1     12.08                      9.32   2.76    12.52
  SINCE JAN 1     20.29                     14.02   6.27    20.40

SNOWFALL (IN)
  TODAY            0.0                       0.0    0.0      0.0
  MONTH TO DATE    0.0                       0.0    0.0      0.0
  SINCE MAR 1     23.2                      13.9    9.3     22.1
  SINCE JUL 1     81.3                      62.7   18.6     69.5
  SNOW DEPTH       0

DEGREE DAYS
 HEATING
  TODAY            0                         6     -6        4
  MONTH TO DATE   48                       220   -172      238
  SINCE MAR 1   1660                      1599     61     1419
  SINCE JUL 1   5975                      6247   -272     5203

 COOLING
  TODAY            3                         1      2        0
  MONTH TO DATE   37                        18     19       25
  SINCE MAR 1     39                        27     12       41
  SINCE JAN 1     41                        27     14       41
..................................................................


WIND (MPH)
  HIGHEST WIND SPEED    15   HIGHEST WIND DIRECTION     W (250)
  HIGHEST GUST SPEED    18   HIGHEST GUST DIRECTION     W (250)


SKY COVER
  POSSIBLE SUNSHINE  MM
  AVERAGE SKY COVER 0.2


WEATHER CONDITIONS
 THE FOLLOWING WEATHER WAS RECORDED TODAY.
  NO SIGNIFICANT WEATHER WAS OBSERVED.


RELATIVE HUMIDITY (PERCENT)
 HIGHEST    96           400 AM
 LOWEST     31           200 PM
 AVERAGE    64

..........................................................


THE YOUNGSTOWN OH CLIMATE NORMALS FOR TOMORROW
                         NORMAL    RECORD    YEAR
 MAXIMUM TEMPERATURE (F)   72        87      1939
 MINIMUM TEMPERATURE (F)   50        30      1988


SUNRISE AND SUNSET
MAY 25 2018...........SUNRISE   556 AM EDT   SUNSET   844 PM EDT
MAY 26 2018...........SUNRISE   555 AM EDT   SUNSET   845 PM EDT


-  INDICATES NEGATIVE NUMBERS.
R  INDICATES RECORD WAS SET OR TIED.
MM INDICATES DATA IS MISSING.
T  INDICATES TRACE AMOUNT.




$$
