239
CDUS41 KCLE 192117
CLIYNG


CLIMATE REPORT
NATIONAL WEATHER SERVICE CLEVELAND OH
516 PM EDT SUN MAY 19 2019


...................................

...THE YOUNGSTOWN OH CLIMATE SUMMARY FOR MAY 19 2019...
VALID TODAY AS OF 0500 PM LOCAL TIME.

CLIMATE NORMAL PERIOD 1981 TO 2010
CLIMATE RECORD PERIOD 1897 TO 2019


WEATHER ITEM   OBSERVED TIME   RECORD YEAR NORMAL DEPARTURE LAST
                VALUE   (LST)  VALUE       VALUE  FROM      YEAR
                                                  NORMAL
..................................................................
TEMPERATURE (F)
 TODAY
  MAXIMUM         87    150 PM  89    1934  70     17       78
  MINIMUM         68    548 AM  31    2002  48     20       58
  AVERAGE         78                        59     19       68

PRECIPITATION (IN)
  TODAY            0.00                      0.12  -0.12     0.24
  MONTH TO DATE    1.67                      2.23  -0.56     2.55
  SINCE MAR 1      9.25                      8.53   0.72    11.44
  SINCE JAN 1     15.81                     13.23   2.58    19.65

SNOWFALL (IN)
  TODAY            0.0                       0.0    0.0      0.0
  MONTH TO DATE    0.0                       0.0    0.0      0.0
  SINCE MAR 1      6.3                      13.9   -7.6     23.2
  SINCE JUL 1     45.6                      62.7  -17.1     81.3
  SNOW DEPTH       0

DEGREE DAYS
 HEATING
  TODAY            0                         7     -7        0
  MONTH TO DATE  133                       180    -47       46
  SINCE MAR 1   1451                      1559   -108     1658
  SINCE JUL 1   5829                      6207   -378     5973

 COOLING
  TODAY           13                         1     12        3
  MONTH TO DATE   24                        12     12       30
  SINCE MAR 1     27                        21      6       32
  SINCE JAN 1     27                        21      6       34
..................................................................


WIND (MPH)
  HIGHEST WIND SPEED    29   HIGHEST WIND DIRECTION    SW (220)
  HIGHEST GUST SPEED    41   HIGHEST GUST DIRECTION    SW (210)


SKY COVER
  POSSIBLE SUNSHINE  MM
  AVERAGE SKY COVER 0.6


WEATHER CONDITIONS
 THE FOLLOWING WEATHER WAS RECORDED TODAY.
  NO SIGNIFICANT WEATHER WAS OBSERVED.


RELATIVE HUMIDITY (PERCENT)
 HIGHEST    76           400 AM
 LOWEST     32           300 PM
 AVERAGE    54

..........................................................


THE YOUNGSTOWN OH CLIMATE NORMALS FOR TOMORROW
                         NORMAL    RECORD    YEAR
 MAXIMUM TEMPERATURE (F)   70        91      1934
 MINIMUM TEMPERATURE (F)   48        29      2002


SUNRISE AND SUNSET
MAY 19 2019...........SUNRISE   601 AM EDT   SUNSET   838 PM EDT
MAY 20 2019...........SUNRISE   600 AM EDT   SUNSET   839 PM EDT


-  INDICATES NEGATIVE NUMBERS.
R  INDICATES RECORD WAS SET OR TIED.
MM INDICATES DATA IS MISSING.
T  INDICATES TRACE AMOUNT.




$$
