663
CDUS41 KCLE 220552
CLIYNG


CLIMATE REPORT
NATIONAL WEATHER SERVICE CLEVELAND OH
151 AM EDT FRI MAR 22 2019


...................................

...THE YOUNGSTOWN OH CLIMATE SUMMARY FOR MARCH 21 2019...

CLIMATE NORMAL PERIOD 1981 TO 2010
CLIMATE RECORD PERIOD 1897 TO 2019


WEATHER ITEM   OBSERVED TIME   RECORD YEAR NORMAL DEPARTURE LAST
                VALUE   (LST)  VALUE       VALUE  FROM      YEAR
                                                  NORMAL
..................................................................
TEMPERATURE (F)
 YESTERDAY
  MAXIMUM         48    357 PM  80    2012  48      0       35
  MINIMUM         38   1159 PM   7    1988  29      9       26
  AVERAGE         43                        38      5       31

PRECIPITATION (IN)
  YESTERDAY        0.02                      0.11  -0.09     0.34
  MONTH TO DATE    1.69                      1.91  -0.22     2.63
  SINCE MAR 1      1.69                      1.91  -0.22     2.63
  SINCE JAN 1      8.25                      6.61   1.64    10.84

SNOWFALL (IN)
  YESTERDAY        0.0                       0.3   -0.3      5.2
  MONTH TO DATE    4.8                       8.2   -3.4     15.4
  SINCE MAR 1      4.8                       8.2   -3.4     15.4
  SINCE JUL 1     44.1                      57.0  -12.9     73.5
  SNOW DEPTH       0

DEGREE DAYS
 HEATING
  YESTERDAY       22                        27     -5       34
  MONTH TO DATE  666                       634     32      703
  SINCE MAR 1    666                       634     32      703
  SINCE JUL 1   5044                      5282   -238     5018

 COOLING
  YESTERDAY        0                         0      0        0
  MONTH TO DATE    0                         0      0        0
  SINCE MAR 1      0                         0      0        0
  SINCE JAN 1      0                         0      0        2
..................................................................


WIND (MPH)
  HIGHEST WIND SPEED    20   HIGHEST WIND DIRECTION    NW (300)
  HIGHEST GUST SPEED    25   HIGHEST GUST DIRECTION    NW (300)
  AVERAGE WIND SPEED     5.4


SKY COVER
  POSSIBLE SUNSHINE  MM
  AVERAGE SKY COVER 1.0


WEATHER CONDITIONS
 THE FOLLOWING WEATHER WAS RECORDED YESTERDAY.
  LIGHT RAIN
  FOG


RELATIVE HUMIDITY (PERCENT)
 HIGHEST    85          1000 PM
 LOWEST     49           800 AM
 AVERAGE    67

..........................................................


THE YOUNGSTOWN OH CLIMATE NORMALS FOR TODAY
                         NORMAL    RECORD    YEAR
 MAXIMUM TEMPERATURE (F)   48        81      2012
 MINIMUM TEMPERATURE (F)   30         6      1988


SUNRISE AND SUNSET
MARCH 22 2019.........SUNRISE   723 AM EDT   SUNSET   737 PM EDT
MARCH 23 2019.........SUNRISE   721 AM EDT   SUNSET   738 PM EDT


-  INDICATES NEGATIVE NUMBERS.
R  INDICATES RECORD WAS SET OR TIED.
MM INDICATES DATA IS MISSING.
T  INDICATES TRACE AMOUNT.




$$
