000
CDUS41 KPBZ 230704
CLIZZV


CLIMATE REPORT
NATIONAL WEATHER SERVICE PITTSBURGH PA
304 AM EDT SAT MAR 23 2019


...................................

...THE ZANESVILLE OH CLIMATE SUMMARY FOR MARCH 22 2019...

CLIMATE NORMAL PERIOD 1981 TO 2010
CLIMATE RECORD PERIOD 1895 TO 2019


WEATHER ITEM   OBSERVED TIME   RECORD YEAR NORMAL DEPARTURE LAST
                VALUE   (LST)  VALUE       VALUE  FROM      YEAR
                                                  NORMAL
..................................................................
TEMPERATURE (F)
 YESTERDAY
  MAXIMUM         43    128 PM  84    2012  54    -11       44
                                      1907
  MINIMUM         36   1159 PM  12    1965  32      4       26
  AVERAGE         40                        43     -3       35

PRECIPITATION (IN)
  YESTERDAY        0.11          1.22 1923   0.10   0.01     0.00
  MONTH TO DATE    1.94                      2.02  -0.08     1.12
  SINCE JUN 1     43.18                     29.25  13.93    31.45
  SINCE JAN 1     10.10                      6.85   3.25     8.59

DEGREE DAYS
 HEATING
  YESTERDAY       25                        22      3       30
  MONTH TO DATE  627                       568     59      649
  SINCE MAR 1    627                       568     59      649
  SINCE JUL 1   4570                      4759   -189     4598

 COOLING
  YESTERDAY        0                         0      0        0
  MONTH TO DATE    1                         0      1        0
  SINCE MAR 1      1                         0      1        0
  SINCE JAN 1      1                         0      1        5
..................................................................


WIND (MPH)
  HIGHEST WIND SPEED    25   HIGHEST WIND DIRECTION     N (340)
  HIGHEST GUST SPEED    34   HIGHEST GUST DIRECTION     N (340)
  AVERAGE WIND SPEED    12.3


SKY COVER
  POSSIBLE SUNSHINE  MM
  AVERAGE SKY COVER 0.9


WEATHER CONDITIONS
 THE FOLLOWING WEATHER WAS RECORDED YESTERDAY.
  RAIN
  LIGHT RAIN
  LIGHT SNOW
  FOG


RELATIVE HUMIDITY (PERCENT)
 HIGHEST    85          1200 PM
 LOWEST     51           800 PM
 AVERAGE    68

..........................................................


THE ZANESVILLE OH CLIMATE NORMALS FOR TODAY
                         NORMAL    RECORD    YEAR
 MAXIMUM TEMPERATURE (F)   54        83      2012
                                             1907
 MINIMUM TEMPERATURE (F)   32        11      1906


SUNRISE AND SUNSET
MARCH 23 2019.........SUNRISE   727 AM EDT   SUNSET   742 PM EDT
MARCH 24 2019.........SUNRISE   725 AM EDT   SUNSET   743 PM EDT


-  INDICATES NEGATIVE NUMBERS.
R  INDICATES RECORD WAS SET OR TIED.
MM INDICATES DATA IS MISSING.
T  INDICATES TRACE AMOUNT.




$$
