000
CDUS41 KPBZ 220703
CLIZZV


CLIMATE REPORT
NATIONAL WEATHER SERVICE PITTSBURGH PA
303 AM EDT WED MAY 22 2019


...................................

...THE ZANESVILLE OH CLIMATE SUMMARY FOR MAY 21 2019...

CLIMATE NORMAL PERIOD 1981 TO 2010
CLIMATE RECORD PERIOD 1895 TO 2019


WEATHER ITEM   OBSERVED TIME   RECORD YEAR NORMAL DEPARTURE LAST
                VALUE   (LST)  VALUE       VALUE  FROM      YEAR
                                                  NORMAL
..................................................................
TEMPERATURE (F)
 YESTERDAY
  MAXIMUM         66    454 PM  96    1934  74     -8       81
  MINIMUM         47    349 AM  33    1907  51     -4       59
  AVERAGE         57                        62     -5       70

PRECIPITATION (IN)
  YESTERDAY        0.00          1.88 1909   0.14  -0.14     0.17
  MONTH TO DATE    2.67                      2.77  -0.10     2.75
  SINCE JUN 1     51.09                     36.44  14.65    42.02
  SINCE JAN 1     18.01                     14.04   3.97    19.16

DEGREE DAYS
 HEATING
  YESTERDAY        8                         5      3        0
  MONTH TO DATE   95                       144    -49       17
  SINCE MAR 1   1214                      1310    -96     1410
  SINCE JUL 1   5157                      5501   -344     5359

 COOLING
  YESTERDAY        0                         2     -2        5
  MONTH TO DATE   36                        22     14       90
  SINCE MAR 1     42                        31     11      100
  SINCE JAN 1     42                        31     11      105
..................................................................


WIND (MPH)
  HIGHEST WIND SPEED    15   HIGHEST WIND DIRECTION     E (70)
  HIGHEST GUST SPEED    20   HIGHEST GUST DIRECTION     E (80)
  AVERAGE WIND SPEED     7.4


SKY COVER
  POSSIBLE SUNSHINE  MM
  AVERAGE SKY COVER 0.4


WEATHER CONDITIONS
 THE FOLLOWING WEATHER WAS RECORDED YESTERDAY.
  NO SIGNIFICANT WEATHER WAS OBSERVED.


RELATIVE HUMIDITY (PERCENT)
 HIGHEST    80           200 AM
 LOWEST     42           500 PM
 AVERAGE    61

..........................................................


THE ZANESVILLE OH CLIMATE NORMALS FOR TODAY
                         NORMAL    RECORD    YEAR
 MAXIMUM TEMPERATURE (F)   74        95      1941
 MINIMUM TEMPERATURE (F)   51        30      2002


SUNRISE AND SUNSET
MAY 22 2019...........SUNRISE   607 AM EDT   SUNSET   842 PM EDT
MAY 23 2019...........SUNRISE   606 AM EDT   SUNSET   843 PM EDT


-  INDICATES NEGATIVE NUMBERS.
R  INDICATES RECORD WAS SET OR TIED.
MM INDICATES DATA IS MISSING.
T  INDICATES TRACE AMOUNT.




$$
