000
CDUS41 KPBZ 212110
CLIZZV


CLIMATE REPORT
NATIONAL WEATHER SERVICE PITTSBURGH PA
510 PM EDT SAT APR 21 2018


...................................

...THE ZANESVILLE OH CLIMATE SUMMARY FOR APRIL 21 2018...
VALID TODAY AS OF 0500 PM LOCAL TIME.

CLIMATE NORMAL PERIOD 1981 TO 2010
CLIMATE RECORD PERIOD 1895 TO 2018


WEATHER ITEM   OBSERVED TIME   RECORD YEAR NORMAL DEPARTURE LAST
                VALUE   (LST)  VALUE       VALUE  FROM      YEAR
                                                  NORMAL
..................................................................
TEMPERATURE (F)
 TODAY
  MAXIMUM         61    323 PM  88    1985  65     -4       67
  MINIMUM         28    601 AM  22    1953  42    -14       50
  AVERAGE         45                        53     -8       59

PRECIPITATION (IN)
  TODAY            0.00          1.08 1928   0.12  -0.12      T
  MONTH TO DATE    4.23                      2.42   1.81     1.73
  SINCE JUN 1     37.68                     32.65   5.03    30.85
  SINCE JAN 1     14.82                     10.25   4.57    12.23

DEGREE DAYS
 HEATING
  TODAY           20                        12      8        6
  MONTH TO DATE  424                       318    106      186
  SINCE MAR 1   1277                      1071    206      887
  SINCE JUL 1   5226                      5262    -36     4239

 COOLING
  TODAY            0                         0      0        0
  MONTH TO DATE   10                         0     10       16
  SINCE MAR 1     10                         1      9       18
  SINCE JAN 1     15                         1     14       19
..................................................................


WIND (MPH)
  HIGHEST WIND SPEED     9   HIGHEST WIND DIRECTION    NW (320)
  HIGHEST GUST SPEED    12   HIGHEST GUST DIRECTION     N (10)
  AVERAGE WIND SPEED     2.6


SKY COVER
  POSSIBLE SUNSHINE  MM
  AVERAGE SKY COVER 0.0


WEATHER CONDITIONS
 THE FOLLOWING WEATHER WAS RECORDED TODAY.
  NO SIGNIFICANT WEATHER WAS OBSERVED.


RELATIVE HUMIDITY (PERCENT)
 HIGHEST    78           300 AM
 LOWEST     21           300 PM
 AVERAGE    50

..........................................................


THE ZANESVILLE OH CLIMATE NORMALS FOR TOMORROW
                         NORMAL    RECORD    YEAR
 MAXIMUM TEMPERATURE (F)   66        88      1985
 MINIMUM TEMPERATURE (F)   42        24      1950


SUNRISE AND SUNSET
APRIL 21 2018.........SUNRISE   641 AM EDT   SUNSET   812 PM EDT
APRIL 22 2018.........SUNRISE   640 AM EDT   SUNSET   813 PM EDT


-  INDICATES NEGATIVE NUMBERS.
R  INDICATES RECORD WAS SET OR TIED.
MM INDICATES DATA IS MISSING.
T  INDICATES TRACE AMOUNT.




$$
