000
CXUS52 KAKQ 011217
CLMECG


CLIMATE REPORT
NATIONAL WEATHER SERVICE WAKEFIELD, VA
813 AM EDT TUE MAY 1 2018

...................................

...THE ELIZABETH CITY NC CLIMATE SUMMARY FOR THE MONTH OF APRIL 2018...

CLIMATE NORMAL PERIOD 1981 TO 2010
CLIMATE RECORD PERIOD 1934 TO 2018

WEATHER         OBSERVED          NORMAL  DEPART  LAST YEAR`S
                 VALUE   DATE(S)  VALUE   FROM    VALUE  DATE(S)
                                          NORMAL
................................................................
TEMPERATURE (F)
RECORD
 HIGH              95   04/23/1985
                        04/22/1985
 LOW               26   04/10/1985
                        04/03/1985
HIGHEST            81   04/14        73       8       88  04/21
LOWEST             36   04/20        45      -9       35  04/08
AVG. MAXIMUM     69.0              69.5    -0.5     75.7
AVG. MINIMUM     47.2              47.9    -0.7     56.4
MEAN             58.1              58.7    -0.6     66.1
DAYS MAX >= 90      0               0.1    -0.1        0
DAYS MAX <= 32      0               0.0     0.0        0
DAYS MIN <= 32      0               0.8    -0.8        0
DAYS MIN <= 0       0               0.0     0.0        0

PRECIPITATION (INCHES)
RECORD
 MAXIMUM           MM   MM
 MINIMUM           MM   MM
TOTALS           4.11              3.14    0.97     2.52
DAILY AVG.       0.14              0.10    0.04     0.08
DAYS >= .01         9               9.4    -0.4       11
DAYS >= .10         7               5.6     1.4        6
DAYS >= .50         3               1.9     1.1        1
DAYS >= 1.00        2               0.9     1.1        1
GREATEST
 24 HR. TOTAL    1.34   04/07 TO 04/07

SNOWFALL (INCHES)
RECORDS
 TOTAL             MM   MM
TOTALS            0.0
SINCE 7/1         6.8                MM      MM      1.2
SNOWDEPTH AVG.      0                MM      MM        0
DAYS >= 1.0         0                MM      MM        0
GREATEST
 SNOW DEPTH         0   MM                             0  MM
 24 HR TOTAL      0.0   04/30 TO 04/30           04/30 TO 04/30
                                                          04/30 TO 04/30
                                                          04/30 TO 04/30

DEGREE_DAYS
HEATING TOTAL     220               224      -4       83
 SINCE 7/1       3095              3161     -66     2653
COOLING TOTAL      19                35     -16      124
 SINCE 1/1         51                42       9      134
.................................................

WIND (MPH)
AVERAGE WIND SPEED              11.2
HIGHEST WIND SPEED/DIRECTION    35/210    DATE  04/16
HIGHEST GUST SPEED/DIRECTION    45/220    DATE  04/16

SKY COVER
POSSIBLE SUNSHINE (PERCENT)   MM
AVERAGE SKY COVER           0.30

AVERAGE RH (PERCENT)     70

WEATHER CONDITIONS. NUMBER OF DAYS WITH
THUNDERSTORM              0     MIXED PRECIP               0
HEAVY RAIN                5     RAIN                       6
LIGHT RAIN               10     FREEZING RAIN              0
LT FREEZING RAIN          0     HAIL                       0
HEAVY SNOW                0     SNOW                       0
LIGHT SNOW                0     SLEET                      0
FOG                      11     FOG W/VIS <= 1/4 MILE      1
HAZE                      0

-  INDICATES NEGATIVE NUMBERS.
R  INDICATES RECORD WAS SET OR TIED.
MM INDICATES DATA IS MISSING.
T  INDICATES TRACE AMOUNT.

$$
