000
CXUS51 KCLE 061457
CLMERI


CLIMATE REPORT
NATIONAL WEATHER SERVICE CLEVELAND OH
1047 AM EDT SUN MAY 6 2018

...................................

...THE ERIE PA CLIMATE SUMMARY FOR THE MONTH OF APRIL 2018...

CLIMATE NORMAL PERIOD 1981 TO 2010
CLIMATE RECORD PERIOD 1873 TO 2018

WEATHER         OBSERVED          NORMAL  DEPART  LAST YEAR`S
                 VALUE   DATE(S)  VALUE   FROM    VALUE
                                          NORMAL
.............................................................
TEMPERATURE (F)
RECORD
 HIGH              89   04/28/1990
 LOW               12   04/08/1982
                        04/01/1954
HIGHEST            75   04/23
LOWEST             25   04/09
AVG. MAXIMUM     49.4              56.1    -6.7     62.1
AVG. MINIMUM     33.6              38.1    -4.5     42.7
MEAN             41.5              47.1    -5.6     52.4
DAYS MAX >= 90      0               0.0     0.0        0
DAYS MAX <= 32      0               0.3    -0.3        0
DAYS MIN <= 32     17               8.2     8.8        1
DAYS MIN <= 0       0               0.0     0.0        0

PRECIPITATION (INCHES)
RECORD
 MAXIMUM         8.88   1947
 MINIMUM         0.74   1915
TOTALS           3.05              3.33   -0.28     3.38
DAYS >= .01        16              13.9     2.1       13
DAYS >= .10         8               8.5    -0.5        8
DAYS >= .50         1               2.3    -1.3        2
DAYS >= 1.00        0               0.3    -0.3        1
GREATEST
 24 HR. TOTAL    0.52   04/16 TO 04/16              1.05

SNOWFALL (INCHES)
RECORDS
 TOTAL           19.3   1901
TOTALS            6.0               3.2     2.8      0.5
SINCE 7/1       198.5             100.9    97.6     78.6
DAYS >= 1.0         1               1.0     0.0        0
GREATEST
 24 HR TOTAL      4.6R  04/17 TO 04/17

DEGREE_DAYS
HEATING TOTAL     700               543     157      380
 SINCE 7/1       5901              5819      82     4780
COOLING TOTAL       0                 6      -6        9
 SINCE 1/1          2                 7      -5        9
..............................................................

WIND (MPH)
AVERAGE WIND SPEED              10.3
HIGHEST WIND SPEED/DIRECTION    39/200    DATE  04/03
HIGHEST GUST SPEED/DIRECTION    57/260    DATE  04/04

SKY COVER
AVERAGE SKY COVER           0.60

AVERAGE RH (PERCENT)     66


-  INDICATES NEGATIVE NUMBERS.
R  INDICATES RECORD WAS SET OR TIED.
MM INDICATES DATA IS MISSING.
T  INDICATES TRACE AMOUNT.

$$
