000
CXUS53 KUNR 011621
CLMGCC
CLIMATE REPORT
NATIONAL WEATHER SERVICE RAPID CITY SD
921 AM MST FRI MAR 01 2024
...................................
...THE GILLETTE AIRPORT WY CLIMATE SUMMARY FOR THE MONTH OF FEBRUARY 2024...
CLIMATE NORMAL PERIOD 1991 TO 2020
CLIMATE RECORD PERIOD 9999 TO 9999
WEATHER OBSERVED NORMAL DEPART LAST YEAR`S
VALUE DATE(S) VALUE FROM VALUE DATE(S)
NORMAL
................................................................
TEMPERATURE (F)
HIGHEST 62 02/01 47 02/04
02/25
02/13
LOWEST 1 02/27 -33 02/23
AVG. MAXIMUM 45.4 37.3 8.1 35.4
AVG. MINIMUM 22.0 14.9 7.1 14.9
MEAN 33.7 26.1 7.6 25.2
DAYS MAX >= 90 0 0
DAYS MAX <= 32 5 7
DAYS MIN <= 32 26 26
DAYS MIN <= 0 0 4
PRECIPITATION (INCHES)
TOTALS 0.44 0.43 0.01 1.18
DAILY AVG. 0.02 NAN NAN 0.04
DAYS >= .01 8 8
DAYS >= .10 2 3
DAYS >= .50 0 0
DAYS >= 1.00 0 0
GREATEST
24 HR. TOTAL 0.16 02/03 TO 02/03 0.49
DEGREE DAYS
HEATING TOTAL 899 1089 -190 1109
SINCE 7/1 4620 5434 -814 MM
COOLING TOTAL 0 0 0 0
SINCE 1/1 0 0 0 MM
................................................................
WIND (MPH)
AVERAGE WIND SPEED 12.1
HIGHEST WIND SPEED/DIRECTION 40/220 DATE 02/05
HIGHEST GUST SPEED/DIRECTION 53/220 DATE 02/05
AVERAGE RH (PERCENT) 62
WEATHER CONDITIONS. NUMBER OF DAYS WITH
THUNDERSTORM MM MIXED PRECIP MM
HEAVY RAIN MM RAIN MM
LIGHT RAIN 1 FREEZING RAIN MM
LT FREEZING RAIN MM HAIL MM
HEAVY SNOW MM SNOW 2
LIGHT SNOW 7 SLEET MM
FOG 7 FOG W/VIS <= 1/4 MILE 1
HAZE 4
- INDICATES NEGATIVE NUMBERS.
R INDICATES RECORD WAS SET OR TIED.
MM INDICATES DATA IS MISSING.
T INDICATES TRACE AMOUNT.
$$