000
CXCA52 TJSJ 010441
CLMIST


CLIMATE REPORT
NATIONAL WEATHER SERVICE SAN JUAN, PR
1241 AM AST SUN APR 1 2018

...................................

...THE CYRIL E. KING AP/ST THOMAS  CLIMATE SUMMARY FOR THE MONTH OF MARCH 2018...

CLIMATE NORMAL PERIOD 1981 TO 2010
CLIMATE RECORD PERIOD 1953 TO 2018

WEATHER         OBSERVED          NORMAL  DEPART  LAST YEAR`S
                 VALUE   DATE(S)  VALUE   FROM    VALUE  DATE(S)
                                          NORMAL
................................................................
TEMPERATURE (F)
RECORD
 HIGH              94   03/27/1994
                        03/26/1994
                        03/21/1994
 LOW               60   03/30/1972
                        03/01/1972
HIGHEST            82   03/10        86      -4       87  03/18
                        03/09                             03/01
LOWEST             65   03/03        73      -8       70  03/25
                                                          03/07
AVG. MAXIMUM     80.2              85.9    -5.7     83.0
AVG. MINIMUM     71.0              72.8    -1.8     73.2
MEAN             75.5              79.4    -3.9     78.1
DAYS MAX >= 90      0               3.0    -3.0        0
DAYS MAX <= 32      0               0.0     0.0        0
DAYS MIN <= 32      0               0.0     0.0        0
DAYS MIN <= 0       0               0.0     0.0        0

PRECIPITATION (INCHES)
RECORD
 MAXIMUM         6.23   2004
 MINIMUM         0.01   2008
TOTALS           2.26              1.42    0.84     5.83
DAILY AVG.       0.07              0.05    0.02     0.19
DAYS >= .01         8               9.1    -1.1       15
DAYS >= .10         4               3.5     0.5        6
DAYS >= .50         1               0.7     0.3        5
DAYS >= 1.00        1               0.2     0.8        2
GREATEST
 24 HR. TOTAL    1.51   03/27 TO 03/27

SNOWFALL (INCHES)
TOTALS            0.0               0.0     0.0      0.0

DEGREE_DAYS
HEATING TOTAL       0                 0       0        0
COOLING TOTAL     139               445    -306      411
.................................................................

WIND (MPH)
AVERAGE WIND SPEED              9.9
HIGHEST WIND SPEED/DIRECTION    25/320    DATE  03/04
HIGHEST GUST SPEED/DIRECTION    36/060    DATE  03/30

SKY COVER
AVERAGE SKY COVER           0.20

AVERAGE RH (PERCENT)     86

WEATHER CONDITIONS. NUMBER OF DAYS WITH
  0
  2
  0
  0
  0
  0
  0
HAZE                      0

-  INDICATES NEGATIVE NUMBERS.
R  INDICATES RECORD WAS SET OR TIED.
MM INDICATES DATA IS MISSING.
T  INDICATES TRACE AMOUNT.

$$
