000
CXUS54 KMEG 012246
CLMJBR


CLIMATE REPORT
NATIONAL WEATHER SERVICE MEMPHIS TN
543 PM CDT SUN APR 1 2018

...................................

...THE JONESBORO CLIMATE SUMMARY FOR THE MONTH OF MARCH 2018...

CLIMATE NORMAL PERIOD 1981 TO 2010
CLIMATE RECORD PERIOD 1897 TO 2018

WEATHER         OBSERVED          NORMAL  DEPART  LAST YEAR`S
                 VALUE   DATE(S)  VALUE   FROM    VALUE  DATE(S)
                                          NORMAL
................................................................
TEMPERATURE (F)
RECORD
 HIGH              95   03/24/1929
 LOW                1   03/06/1899
HIGHEST            75   03/24        60      15       79  03/29
                                                          03/20
LOWEST             29   03/08        40     -11       24  03/15
AVG. MAXIMUM     61.5              60.4     1.1     62.9
AVG. MINIMUM     42.5              40.0     2.5     43.5
MEAN             52.0              50.2     1.8     53.2
DAYS MAX >= 90      0               0.0     0.0        0
DAYS MAX <= 32      0               0.0     0.0        0
DAYS MIN <= 32      2               6.3    -4.3        6
DAYS MIN <= 0       0               0.0     0.0        0

PRECIPITATION (INCHES)
RECORD
 MAXIMUM        13.22   2016
 MINIMUM         0.32   1966
TOTALS           3.87              4.50   -0.63     6.27
DAILY AVG.       0.12              0.15   -0.03     0.20
DAYS >= .01        10                MM      MM       13
DAYS >= .10         7                MM      MM        9
DAYS >= .50         4                MM      MM        3
DAYS >= 1.00        0                MM      MM        2
GREATEST
 24 HR. TOTAL    0.87   03/28 TO 03/28

SNOWFALL (INCHES)
RECORDS
 TOTAL           21.0   1965
TOTALS            0.0               0.7    -0.7      0.0
SINCE 7/1         1.0               4.8    -3.8        T
SNOWDEPTH AVG.      0                MM      MM        0
DAYS >= 1.0         0                MM      MM        0
GREATEST
 SNOW DEPTH         0   MM                             0  MM
 24 HR TOTAL      0.0   03/31 TO 03/31

DEGREE_DAYS
HEATING TOTAL     398               464     -66      364
 SINCE 7/1       3181              3420    -239     2497
COOLING TOTAL       2                 6      -4        6
 SINCE 1/1          7                 6       1       10
.................................................................

WIND (MPH)
AVERAGE WIND SPEED              9.6
HIGHEST WIND SPEED/DIRECTION    31/280    DATE  03/06
HIGHEST GUST SPEED/DIRECTION    45/280    DATE  03/06

SKY COVER
POSSIBLE SUNSHINE (PERCENT)   MM
AVERAGE SKY COVER           0.50
NUMBER OF DAYS FAIR           11
NUMBER OF DAYS PC             12
NUMBER OF DAYS CLOUDY          8

AVERAGE RH (PERCENT)     71

WEATHER CONDITIONS. NUMBER OF DAYS WITH
  0
  6
  0
  0
  0
  0
  1
HAZE                      1

-  INDICATES NEGATIVE NUMBERS.
R  INDICATES RECORD WAS SET OR TIED.
MM INDICATES DATA IS MISSING.
T  INDICATES TRACE AMOUNT.

$$
