000
CXUS55 KVEF 041447
CLMLAS


CLIMATE REPORT
NATIONAL WEATHER SERVICE LAS VEGAS, NV
747 AM PDT WED APR 4 2018

...................................

...THE LAS VEGAS NV CLIMATE SUMMARY FOR THE MONTH OF MARCH 2018...

CLIMATE NORMAL PERIOD 1981 TO 2010
CLIMATE RECORD PERIOD 1937 TO 2018

WEATHER         OBSERVED          NORMAL  DEPART  LAST YEAR`S
                 VALUE   DATE(S)  VALUE   FROM    VALUE  DATE(S)
                                          NORMAL
................................................................
TEMPERATURE (F)
RECORD
 HIGH              92   03/21/2004
 LOW               19   03/02/1939
HIGHEST            88   03/31        84       4       90  03/19
                                                          03/18
LOWEST             39   03/05        37       2       40  03/01
AVG. MAXIMUM     69.5              70.3    -0.8     77.3
AVG. MINIMUM     50.3              49.4     0.9     53.9
MEAN             59.9              59.9     0.0     65.6
DAYS MAX >= 90      0               0.2    -0.2        2
DAYS MAX <= 32      0               0.0     0.0        0
DAYS MIN <= 32      0               0.0     0.0        0
DAYS MIN <= 0       0               0.0     0.0        0

PRECIPITATION (INCHES)
RECORD
 MAXIMUM         4.80   1992
 MINIMUM         0.00   2014
                        1972
TOTALS           0.26              0.44   -0.18     0.01
DAILY AVG.       0.01              0.01    0.00     0.00
DAYS >= .01         4               2.9     1.1        1
DAYS >= .10         2               1.2     0.8        0
DAYS >= .50         0               0.3    -0.3        0
DAYS >= 1.00        0               0.0     0.0        0
GREATEST
 24 HR. TOTAL    0.12   03/10 TO 03/10

SNOWFALL (INCHES)
RECORDS
 TOTAL            0.1   1976
 24 HR TOTAL        T
TOTALS            0.0               0.0     0.0      0.0
SINCE 7/1         0.0
SNOWDEPTH AVG.      0
DAYS >= TRACE       0
DAYS >= 1.0         0
GREATEST
 SNOW DEPTH         0
 24 HR TOTAL      0.0   03/31 TO 03/31
 STORM TOTAL       MM
 (MM/DD(HH))

DEGREE_DAYS
HEATING TOTAL     171               189     -18       82
 SINCE 7/1       1290              1880    -590     1454
COOLING TOTAL      19                30     -11      108
 SINCE 1/1         19                31     -12      111

FREEZE DATES
RECORD
 EARLIEST     10/21/1949
 LATEST       04/12/1967
EARLIEST                        11/25
LATEST                          02/28
.................................................................

WIND (MPH)
AVERAGE WIND SPEED              8.2
HIGHEST WIND SPEED/DIRECTION    29/010    DATE  03/26
HIGHEST GUST SPEED/DIRECTION    40/230    DATE  03/14

SKY COVER
POSSIBLE SUNSHINE (PERCENT)   MM
AVERAGE SKY COVER           0.50
NUMBER OF DAYS FAIR            8
NUMBER OF DAYS PC             17
NUMBER OF DAYS CLOUDY          6

AVERAGE RH (PERCENT)     33

WEATHER CONDITIONS. NUMBER OF DAYS WITH
THUNDERSTORM              0     MIXED PRECIP               0
HEAVY RAIN                0     RAIN                       0
LIGHT RAIN                6     FREEZING RAIN              0
LT FREEZING RAIN          0     HAIL                       0
HEAVY SNOW                0     SNOW                       0
LIGHT SNOW                0     SLEET                      0
FOG                       1     FOG W/VIS <= 1/4 MILE      0
HAZE                      0

-  INDICATES NEGATIVE NUMBERS.
R  INDICATES RECORD WAS SET OR TIED.
MM INDICATES DATA IS MISSING.
T  INDICATES TRACE AMOUNT.

$$
