000
CXUS53 KILX 011511
CLMLWV


CLIMATE REPORT
NATIONAL WEATHER SERVICE LINCOLN IL
956 AM CDT SUN APR 1 2018

...................................

...THE LAWRENCEVILLE IL AIRPORT CLIMATE SUMMARY FOR THE MONTH OF MARCH 2018...

CLIMATE NORMAL PERIOD 1981 TO 2010
CLIMATE RECORD PERIOD 9999 TO 9999

WEATHER         OBSERVED          NORMAL  DEPART  LAST YEAR`S
                 VALUE   DATE(S)  VALUE   FROM    VALUE
                                          NORMAL
.............................................................
TEMPERATURE (F)
RECORD
 HIGH              MM   MM
 LOW               MM   MM
HIGHEST            65   03/19        MM      MM       76
LOWEST             22   03/14        MM      MM       17
AVG. MAXIMUM     51.6              55.3    -3.7     56.7
AVG. MINIMUM     34.1              34.7    -0.6     36.5
MEAN             42.8              45.0    -2.2     46.6
DAYS MAX >= 90      0               0.0     0.0        0
DAYS MAX <= 32      0               0.5    -0.5        0
DAYS MIN <= 32     11              12.4    -1.4       13
DAYS MIN <= 0       0               0.0     0.0        0

PRECIPITATION (INCHES)
RECORD
 MAXIMUM           MM   MM
 MINIMUM           MM   MM
TOTALS           5.16              3.43    1.73     2.83
DAILY AVG.       0.17              0.11    0.06     0.09
DAYS >= .01        15                MM      MM       10
DAYS >= .10        10                MM      MM        6
DAYS >= .50         4                MM      MM        3
DAYS >= 1.00        3                MM      MM        0
GREATEST
 24 HR. TOTAL    1.29   03/29 TO 03/29              0.93

DEGREE_DAYS
HEATING TOTAL     681               622      59      565
 SINCE 7/1       4295              4297      -2     3620
COOLING TOTAL       0                 2      -2        2
 SINCE 1/1          1                 2      -1        2
..............................................................

WIND (MPH)
AVERAGE WIND SPEED              11.0
HIGHEST WIND SPEED/DIRECTION    37/230    DATE  03/06
HIGHEST GUST SPEED/DIRECTION    42/230    DATE  03/06

SKY COVER
POSSIBLE SUNSHINE (PERCENT)   MM
AVERAGE SKY COVER           0.50
NUMBER OF DAYS FAIR           12
NUMBER OF DAYS PC              8
NUMBER OF DAYS CLOUDY         11

AVERAGE RH (PERCENT)     67



-  INDICATES NEGATIVE NUMBERS.
R  INDICATES RECORD WAS SET OR TIED.
MM INDICATES DATA IS MISSING.
T  INDICATES TRACE AMOUNT.

$$

JRP
