000
CXUS53 KILX 020359 CCA
CLMPIA

CLIMATE REPORT...CORRECTED
NATIONAL WEATHER SERVICE LINCOLN IL
1059 PM CDT TUE MAY 1 2018

UPDATED RECORD LISTING AT THE END

...................................

...THE PEORIA IL CLIMATE SUMMARY FOR THE MONTH OF APRIL 2018...

CLIMATE NORMAL PERIOD 1981 TO 2010
CLIMATE RECORD PERIOD 1883 TO 2018

WEATHER         OBSERVED          NORMAL  DEPART  LAST YEAR`S
                 VALUE   DATE(S)  VALUE   FROM    VALUE
                                          NORMAL
.............................................................
TEMPERATURE (F)
RECORD
 HIGH              92   04/25/1986
                        04/10/1930
                        04/29/1899
 LOW               14   04/02/2018
                        04/07/1982
                        04/06/1982
HIGHEST            81   04/30        62      19       82
LOWEST             14R  04/02        41     -27       35
AVG. MAXIMUM     56.2              63.0    -6.8     66.9
AVG. MINIMUM     34.1              41.7    -7.6     46.9
MEAN             45.1              52.3    -7.2     56.9
DAYS MAX >= 90      0               0.0     0.0        0
DAYS MAX <= 32      1               0.1     0.9        0
DAYS MIN <= 32     14               4.0    10.0        0
DAYS MIN <= 0       0               0.0     0.0        0

PRECIPITATION (INCHES)
RECORD
 MAXIMUM         8.66   1947
 MINIMUM         0.71   1971
TOTALS           1.73              3.63   -1.90     8.18
DAILY AVG.       0.06              0.12   -0.06     0.27
DAYS >= .01        11              11.4    -0.4       12
DAYS >= .10         6               7.2    -1.2       11
DAYS >= .50         1               2.4    -1.4        5
DAYS >= 1.00        0               0.7    -0.7        2
GREATEST
 24 HR. TOTAL    0.87   04/14 TO 04/14              3.21

SNOWFALL (INCHES)
RECORDS
 TOTAL           13.4   1982
TOTALS            2.5               0.6     1.9      0.0
SINCE 7/1        32.1              24.6     7.5     13.9
DAYS >= 1.0         1               0.1     0.9        0
GREATEST
 SNOW DEPTH         2   04/09                          0
 24 HR TOTAL      1.1   04/08 TO 04/08               0.0

DEGREE_DAYS
HEATING TOTAL     591               393     198      252
 SINCE 7/1       5762              5665      97     4551
COOLING TOTAL       2                13     -11       18
 SINCE 1/1          2                14     -12       18
..............................................................

WIND (MPH)
AVERAGE WIND SPEED              8.8
HIGHEST WIND SPEED/DIRECTION    29/200    DATE  04/13
HIGHEST GUST SPEED/DIRECTION    43/290    DATE  04/04

AVERAGE RH (PERCENT)     61

WEATHER CONDITIONS. NUMBER OF DAYS WITH
THUNDERSTORM              1     MIXED PRECIP               0
HEAVY RAIN                1     RAIN                       2
LIGHT RAIN               10     FREEZING RAIN              0
LT FREEZING RAIN          0     HAIL                       0
HEAVY SNOW                0     SNOW                       2
LIGHT SNOW                7     SLEET                      0
FOG                      13     FOG W/VIS <= 1/4 MILE      1
HAZE                      5

-  INDICATES NEGATIVE NUMBERS.
R  INDICATES RECORD WAS SET OR TIED.
MM INDICATES DATA IS MISSING.
T  INDICATES TRACE AMOUNT.

RECORDS FOR THE MONTH OF APRIL 2018:
-6TH COLDEST APRIL ON RECORD AT 45.1 DEGREES
-TIED RECORD LOW TEMPERATURE OF 17 DEGREES ON 1ST
-TIED RECORD COLD HIGH TEMPERATURE OF 32 DEGREES ON 1ST
-RECORD LOW TEMPERATURE OF 14 DEGREES ON 2ND
-TIED MONTHLY RECORD LOW TEMPERATURE OF 14 DEGREES ON 2ND
-RECORD DAILY SNOWFALL OF 0.8 INCHES ON 9TH
-TIED RECORD COLD HIGH TEMPERATURE OF 42 DEGREES ON 18TH
-TIED RECORD LOW TEMPERATURE OF 28 DEGREES ON 20TH

$$

GEELHART
