000
CXUS52 KMLB 011517
CLMVRB
CLIMATE REPORT
NATIONAL WEATHER SERVICE MELBOURNE FL
1117 AM EDT MON APR 01 2024
...................................
...THE VERO BEACH CLIMATE SUMMARY FOR THE MONTH OF MARCH 2024...
CLIMATE NORMAL PERIOD 1991 TO 2020
CLIMATE RECORD PERIOD 1942 TO 2024
WEATHER OBSERVED NORMAL DEPART LAST YEAR`S
VALUE DATE(S) VALUE FROM VALUE
NORMAL
..............................................................
TEMPERATURE (F)
MONTHLY RECORD
WARMEST 74.0 1997
COOLEST 61.2 2010
DAILY RECORD
HIGH 93 03/31/2020
03/20/2003
LOW 26 03/03/1980
MARCH 2024
HIGHEST 90 03/09 91
LOWEST 45 03/20 47
AVG. MAXIMUM 81.4 78.4 3.0 82.7
AVG. MINIMUM 60.9 57.7 3.2 60.5
MEAN 71.2 68.0 3.2 71.6
DAYS MAX >= 90 1 0.6 0.4 3
DAYS MAX <= 32 0 0.0 0.0 0
DAYS MIN <= 32 0 0.0 0.0 0
DAYS MIN <= 0 0 0.0 0.0 0
PRECIPITATION (INCHES)
MONTHLY RECORD
MAXIMUM 12.78 1993
MINIMUM 0.02 2020
DAILY RECORD
MAXIMUM 6.80 03/21/1993
MARCH 2024
TOTALS 0.59 3.44 -2.85 0.63
DAYS >= .01 6 7.5 -1.5 6
DAYS >= .10 3 4.4 -1.4 2
DAYS >= .50 0 2.1 -2.1 0
DAYS >= 1.00 0 0.9 -0.9 0
GREATEST
24 HR. TOTAL 0.30 03/06 TO 03/06
SNOWFALL (INCHES)
TOTALS 0.0 0.0 0.0 0.0
SINCE 7/1 0.0 0.0 0.0 MM
DAYS >= TRACE 0 0
DEGREE DAYS
HEATING TOTAL 8 48 -40 11
SINCE 7/1 249 390 -141 MM
COOLING TOTAL 208 143 65 222
SINCE 1/1 353 297 56 MM
..............................................................
WIND (MPH)
AVERAGE WIND SPEED 8.9
HIGHEST WIND SPEED/DIRECTION 38/130 DATE 03/22
HIGHEST GUST SPEED/DIRECTION 52/130 DATE 03/22
SKY COVER
POSSIBLE SUNSHINE (PERCENT) MM
AVERAGE SKY COVER 0.29
NUMBER OF DAYS FAIR 19
NUMBER OF DAYS PC 10
NUMBER OF DAYS CLOUDY 1
AVERAGE RH (PERCENT) 73
WEATHER CONDITIONS. NUMBER OF DAYS WITH
THUNDERSTORM 0 MIXED PRECIP 0
HEAVY RAIN 0 RAIN 1
LIGHT RAIN 9 LT FREEZING RAIN 0
HAIL 0 LIGHT SNOW 0
SLEET 0 FOG 16
FOG W/VIS <= 1/4 MILE 6 HAZE 3
- INDICATES NEGATIVE NUMBERS.
R INDICATES RECORD WAS SET OR TIED.
MM INDICATES DATA IS MISSING.
T INDICATES TRACE AMOUNT.
$$