000
CXUS51 KALY 020114
CLSALB

CLIMATE REPORT
NATIONAL WEATHER SERVICE ALBANY NY
801 PM EST FRI MAR 1 2019

...................................

...THE ALBANY NY CLIMATE SUMMARY FOR THE SEASON, FROM
12/1/2018 TO 2/28/2019...

CLIMATE NORMAL PERIOD 1981 TO 2010
CLIMATE RECORD PERIOD 1874 TO 2019

WEATHER         OBSERVED          NORMAL  DEPART  LAST YEAR`S
                 VALUE   DATE(S)  VALUE   FROM    VALUE  DATE(S)
                                          NORMAL
................................................................
TEMPERATURE (F)
RECORD
 HIGH              74   02/24/2017
 LOW              -28   01/19/1971
HIGHEST            62   12/21                         73  02/21
LOWEST             -8   02/01                        -10  01/01
AVG. MAXIMUM     35.8              33.6     2.2     35.2
AVG. MINIMUM     19.7              17.7     2.0     18.5
MEAN             27.8              25.6     2.2     26.9
DAYS MAX >= 90      0               0.0     0.0        0
DAYS MAX <= 32     31              37.9    -6.9       37
DAYS MIN <= 32     82              80.2     1.8       81
DAYS MIN <= 0       6               7.3    -1.3        9

PRECIPITATION (INCHES)
RECORD
 MAXIMUM        13.45   1870
 MINIMUM         2.25   1980
TOTALS          10.01              7.72    2.29     7.40
DAILY AVG.       0.11              0.09    0.02     0.08
DAYS >= .01        39              35.1     3.9       36
DAYS >= .10        23              17.6     5.4       21
DAYS >= .50         7               5.3     1.7        4
DAYS >= 1.00        2               1.0     1.0        0
GREATEST
 24 HR. TOTAL    1.25   01/20 TO 01/20

SNOWFALL (INCHES)
RECORDS
 24 HR TOTAL     23.5   02/14/1914 TO 02/14/1914
 SNOW DEPTH        36   01/01/1970
                        12/29/1969
                        12/28/1969
TOTALS           36.3              43.8    -7.5     38.9
SNOWDEPTH AVG.      2
DAYS >= TRACE      57              25.3    31.7
DAYS >= 1.0         8              10.8    -2.8
GREATEST
 SNOW DEPTH        11   01/21                          7  02/08
                        01/20
 24 HR TOTAL     10.4   01/20 TO 01/20

DEGREE_DAYS
HEATING TOTAL    3332              3541    -209
 SINCE 7/1       4708              4944    -236
COOLING TOTAL       0                 0       0
 SINCE 1/1          0                 0       0

FREEZE DATES
RECORD
 EARLIEST     09/24/1963
 LATEST       05/27/1969
EARLIEST                        10/10
LATEST                          04/28
.................................................................

WIND (MPH)
AVERAGE WIND SPEED              8.5
HIGHEST WIND SPEED/DIRECTION    47/280    DATE  02/25
HIGHEST GUST SPEED/DIRECTION    61/300    DATE  02/25


WEATHER CONDITIONS. NUMBER OF DAYS WITH
THUNDERSTORM              1     MIXED PRECIP               0
HEAVY RAIN                0     RAIN                       9
LIGHT RAIN               26     FREEZING RAIN              1
LT FREEZING RAIN          9     HAIL                       0
HEAVY SNOW                4     SNOW                      13
LIGHT SNOW               50     SLEET                     12
FOG                      32     FOG W/VIS <= 1/4 MILE      7
HAZE                      4

-  INDICATES NEGATIVE NUMBERS.
R  INDICATES RECORD WAS SET OR TIED.
MM INDICATES DATA IS MISSING.
T  INDICATES TRACE AMOUNT.

$$
