000
CXUS53 KGRB 031449 RRA
CLSAUW

CLIMATE REPORT
NATIONAL WEATHER SERVICE GREEN BAY
850 AM CST SUN MAR 3 2019

...THE WAUSAU WI WINTER CLIMATE SUMMARY FROM 12/1/2018 TO
2/28/2019...

...TIED 18TH COLDEST WINTER ON RECORD...
...9TH WETTEST AND 3RD SNOWIEST WINTER ON RECORD...

CLIMATE NORMAL PERIOD 1981 TO 2010
CLIMATE RECORD PERIOD 1896 TO 2019

WEATHER         OBSERVED          NORMAL  DEPART  LAST YEAR`S
                 VALUE   DATE(S)  VALUE   FROM    VALUE  DATE(S)
                                          NORMAL
................................................................
TEMPERATURE (F)
RECORD
 HIGH              61   12/05/2001
                        12/02/1982
 LOW              -40   01/30/1951
                        01/18/1948
                        02/10/1899
HIGHEST            44   01/05        49      -5       55  12/04
LOWEST            -27   01/31       -22      -5      -17  01/01
                        01/30
AVG. MAXIMUM     20.5              25.9    -5.4     23.8
AVG. MINIMUM      5.1               9.1    -4.0      7.9
MEAN             12.8              17.5    -4.7     15.8
DAYS MAX >= 90      0               0.0     0.0        0
DAYS MAX <= 32     51              63.0   -12.0       64
DAYS MIN <= 32     59              87.8   -28.8       89
DAYS MIN <= 0      21              24.1    -3.1       28

PRECIPITATION (INCHES)
RECORD
 MAXIMUM         6.60   2017
                        1937
 MINIMUM         1.07   1963
TOTALS           5.29              3.30    1.99     3.63
DAILY AVG.       0.09              0.04    0.05     0.04
DAYS >= .01        24              27.5    -3.5       33
DAYS >= .10        12               9.9     2.1       12
DAYS >= .50         3               1.0     2.0        2
DAYS >= 1.00        0               0.2    -0.2        0

SNOWFALL (INCHES)
RECORDS
 TOTAL           64.5   2014
 24 HR TOTAL       MM
TOTALS           63.0              37.0    26.0     34.2
SINCE 7/1        69.6              45.3    24.3     42.5
DAYS >= TRACE      33              27.7     5.3       49
DAYS >= 1.0        12              12.0     0.0       12
GREATEST
 SNOW DEPTH        28   02/24                         11  02/25
 24 HR TOTAL     15.7   02/12

DEGREE_DAYS
HEATING TOTAL    3067              4278   -1211     4403
 SINCE 7/1       6351              6136     215     6088
COOLING TOTAL       0                 0       0        0
 SINCE 1/1          0                 0       0        0

FREEZE DATES
RECORD
 EARLIEST     08/30/1915
 LATEST       06/12/1903
EARLIEST                        10/02
LATEST                          05/05
.................................................................

WIND (MPH)
AVERAGE WIND SPEED              7.9
RESULTANT WIND SPEED/DIRECTION   2/310
HIGHEST WIND SPEED/DIRECTION    39/280    DATE  02/24
HIGHEST GUST SPEED/DIRECTION    57/290    DATE  02/24

SKY COVER
POSSIBLE SUNSHINE (PERCENT)   MM
AVERAGE SKY COVER           0.60
NUMBER OF DAYS FAIR           20
NUMBER OF DAYS PC             10
NUMBER OF DAYS CLOUDY         26

AVERAGE RH (PERCENT)     74

WEATHER CONDITIONS. NUMBER OF DAYS WITH
THUNDERSTORM              0     MIXED PRECIP               0
HEAVY RAIN                1     RAIN                       1
LIGHT RAIN                3     FREEZING RAIN              2
LT FREEZING RAIN          5     HAIL                       0
HEAVY SNOW                4     SNOW                       8
LIGHT SNOW               30     SLEET                      0
FOG                      31     FOG W/VIS <= 1/4 MILE      9
HAZE                     25

-  INDICATES NEGATIVE NUMBERS.
R  INDICATES RECORD WAS SET OR TIED.
MM INDICATES DATA IS MISSING.
T  INDICATES TRACE AMOUNT.

$$
ECKBERG
