000
CXUS51 KBGM 011640
CLSAVP


CLIMATE REPORT
NATIONAL WEATHER SERVICE BINGHAMTON NY
1127 AM EST FRI MAR 1 2019

...................................

...THE AVOCA PA CLIMATE SUMMARY FOR THE SEASON, FROM
12/1/2018 TO 2/28/2019...

CLIMATE NORMAL PERIOD 1981 TO 2010
CLIMATE RECORD PERIOD 1901 TO 2019

WEATHER         OBSERVED          NORMAL  DEPART  LAST YEAR`S
                 VALUE   DATE(S)  VALUE   FROM    VALUE  DATE(S)
                                          NORMAL
................................................................
TEMPERATURE (F)
RECORD
 HIGH              76   02/21/2018
                        02/24/2017
                        02/24/2017
 LOW              -21   01/21/1994
HIGHEST            65   12/21        34      31       76  02/21
LOWEST             -5   02/01        20     -25       -5  01/07
                        01/31
AVG. MAXIMUM     37.8              35.8     2.0     37.7
AVG. MINIMUM     23.3              21.0     2.3     22.2
MEAN             30.6              28.4     2.2     29.9
DAYS MAX >= 90      0               0.0     0.0        0
DAYS MAX <= 32     25              32.2    -7.2       31
DAYS MIN <= 32     72              76.6    -4.6       72
DAYS MIN <= 0       5               2.9     2.1        2

PRECIPITATION (INCHES)
RECORD
 MAXIMUM        12.47   2008
 MINIMUM         2.78   1979
TOTALS           9.13              7.08    2.05     8.69
DAILY AVG.       0.10              0.08    0.02     0.10
DAYS >= .01        41              34.5     6.5       42
DAYS >= .10        23              16.7     6.3       20
DAYS >= .50         7               4.0     3.0        7
DAYS >= 1.00        2               1.0     1.0        0
GREATEST
 24 HR. TOTAL    1.50   01/19 TO 01/20

SNOWFALL (INCHES)
RECORDS
 TOTAL           64.5   1993
 24 HR TOTAL     18.3   01/13/1964 TO 01/13/1964
TOTALS           15.4              30.9   -15.5     27.0
SINCE 7/1        26.7              33.9    -7.2     27.1
DAYS >= TRACE      45              24.1    20.9       35
DAYS >= 1.0         5               8.7    -3.7       11
GREATEST
 24 HR TOTAL      5.0   01/19 TO 01/19

DEGREE_DAYS
HEATING TOTAL    3072              3293    -221     3151
 SINCE 7/1       4362              4606    -244     4191
COOLING TOTAL       0                 0       0        0
 SINCE 1/1          0                 0       0        0

FREEZE DATES
RECORD
 EARLIEST     09/21/1956
 LATEST       05/25/1956
EARLIEST                        10/15
LATEST                          04/26
.................................................................

WIND (MPH)
AVERAGE WIND SPEED              7.0
RESULTANT WIND SPEED/DIRECTION   3/290
HIGHEST WIND SPEED/DIRECTION    37/250    DATE  01/30
HIGHEST GUST SPEED/DIRECTION    47/300    DATE  02/25

SKY COVER
POSSIBLE SUNSHINE (PERCENT)   MM
AVERAGE SKY COVER           0.60
NUMBER OF DAYS FAIR           19
NUMBER OF DAYS PC             32
NUMBER OF DAYS CLOUDY         39

AVERAGE RH (PERCENT)     69

WEATHER CONDITIONS. NUMBER OF DAYS WITH
THUNDERSTORM              0     MIXED PRECIP                0
HEAVY RAIN                8     RAIN                       15
LIGHT RAIN               29     FREEZING RAIN               3
LT FREEZING RAIN          8     HAIL                        0
HEAVY SNOW                5     SNOW                        7
LIGHT SNOW               37     SLEET                       0
FOG                      53     FOG W/VIS <= 1/4 MILE       7
HAZE                     33

-  INDICATES NEGATIVE NUMBERS.
R  INDICATES RECORD WAS SET OR TIED.
MM INDICATES DATA IS MISSING.
T  INDICATES TRACE AMOUNT.

$$
